66.249.68.33 - - [25/Nov/2024:11:30:28 -0500] "GET /333702453.shtml HTTP/1.1" 404 11630 "-" "Mozilla/5.0 (Linux; Android 6.0.1; Nexus 5X Build/MMB29P) AppleWebKit/537.36 (KHTML, like Gecko) Chrome/131.0.6778.69 Mobile Safari/537.36 (compatible; Googlebot/2.1; +http://www.google.com/bot.html)"
192.64.117.91 - - [25/Nov/2024:11:31:32 -0500] "POST /wp-cron.php?doing_wp_cron=1732552292.6893219947814941406250 HTTP/1.1" 200 0 "-" "WordPress/6.7.1; https://pethavenspot.com"
66.249.68.35 - - [25/Nov/2024:11:31:32 -0500] "GET /height=323/img/x/product/details/20210804/sd1_000b0689c8635598dacff186c35cfde50bb0fe78.jpg HTTP/1.1" 301 0 "-" "Googlebot-Image/1.0"
192.64.117.91 - - [25/Nov/2024:11:31:32 -0500] "POST /wp-admin/admin-ajax.php?action=async_litespeed&nonce=4gHNz6XPKSwl8UlwdGM33vCFwexseia2&litespeed_type=imgoptm HTTP/1.1" 200 21 "-" "WordPress/6.7.1; https://pethavenspot.com"
66.249.68.39 - - [25/Nov/2024:11:31:33 -0500] "GET /height=323/img/x/product/details/20210804/sd1_000b0689c8635598dacff186c35cfde50bb0fe78.jpg HTTP/1.1" 404 11632 "-" "Googlebot-Image/1.0"
192.64.117.91 - - [25/Nov/2024:11:32:17 -0500] "POST /wp-cron.php?doing_wp_cron=1732552337.9398601055145263671875 HTTP/1.1" 200 0 "-" "WordPress/6.7.1; https://pethavenspot.com"
66.249.68.34 - - [25/Nov/2024:11:32:17 -0500] "GET /239480818.shtml HTTP/1.1" 301 0 "-" "Mozilla/5.0 (Linux; Android 6.0.1; Nexus 5X Build/MMB29P) AppleWebKit/537.36 (KHTML, like Gecko) Chrome/131.0.6778.69 Mobile Safari/537.36 (compatible; Googlebot/2.1; +http://www.google.com/bot.html)"
192.64.117.91 - - [25/Nov/2024:11:32:18 -0500] "POST /wp-admin/admin-ajax.php?action=async_litespeed&nonce=WKlOKmQSEUssvOGt1LOGtpd8Y3uvHTMJ&litespeed_type=imgoptm HTTP/1.1" 200 21 "-" "WordPress/6.7.1; https://pethavenspot.com"
66.249.68.32 - - [25/Nov/2024:11:32:19 -0500] "GET /239480818.shtml HTTP/1.1" 404 11630 "-" "Mozilla/5.0 (Linux; Android 6.0.1; Nexus 5X Build/MMB29P) AppleWebKit/537.36 (KHTML, like Gecko) Chrome/131.0.6778.69 Mobile Safari/537.36 (compatible; Googlebot/2.1; +http://www.google.com/bot.html)"
192.64.117.91 - - [25/Nov/2024:11:34:19 -0500] "POST /wp-cron.php?doing_wp_cron=1732552459.5856609344482421875000 HTTP/1.1" 200 0 "-" "WordPress/6.7.1; https://pethavenspot.com"
66.249.68.33 - - [25/Nov/2024:11:34:18 -0500] "GET /354602230.shtml HTTP/1.1" 301 0 "-" "Mozilla/5.0 (Linux; Android 6.0.1; Nexus 5X Build/MMB29P) AppleWebKit/537.36 (KHTML, like Gecko) Chrome/131.0.6778.69 Mobile Safari/537.36 (compatible; Googlebot/2.1; +http://www.google.com/bot.html)"
192.64.117.91 - - [25/Nov/2024:11:34:20 -0500] "POST /wp-admin/admin-ajax.php?action=async_litespeed&nonce=bcPIgpb4dN7GNnBuqGJndJfcRezEmcQS&litespeed_type=imgoptm HTTP/1.1" 200 21 "-" "WordPress/6.7.1; https://pethavenspot.com"
66.249.68.33 - - [25/Nov/2024:11:34:21 -0500] "GET /354602230.shtml HTTP/1.1" 404 11630 "-" "Mozilla/5.0 (Linux; Android 6.0.1; Nexus 5X Build/MMB29P) AppleWebKit/537.36 (KHTML, like Gecko) Chrome/131.0.6778.69 Mobile Safari/537.36 (compatible; Googlebot/2.1; +http://www.google.com/bot.html)"
192.64.117.91 - - [25/Nov/2024:11:36:18 -0500] "POST /wp-cron.php?doing_wp_cron=1732552578.3386418819427490234375 HTTP/1.1" 200 0 "-" "WordPress/6.7.1; https://pethavenspot.com"
66.249.68.33 - - [25/Nov/2024:11:36:17 -0500] "GET /72090374.shtml HTTP/1.1" 301 0 "-" "Mozilla/5.0 (Linux; Android 6.0.1; Nexus 5X Build/MMB29P) AppleWebKit/537.36 (KHTML, like Gecko) Chrome/131.0.6778.69 Mobile Safari/537.36 (compatible; Googlebot/2.1; +http://www.google.com/bot.html)"
192.64.117.91 - - [25/Nov/2024:11:36:18 -0500] "POST /wp-admin/admin-ajax.php?action=async_litespeed&nonce=nwYoCcYmvqjRBTkDcOw3WJxWsCNrbrrv&litespeed_type=imgoptm HTTP/1.1" 200 21 "-" "WordPress/6.7.1; https://pethavenspot.com"
66.249.68.33 - - [25/Nov/2024:11:36:19 -0500] "GET /72090374.shtml HTTP/1.1" 404 11630 "-" "Mozilla/5.0 (Linux; Android 6.0.1; Nexus 5X Build/MMB29P) AppleWebKit/537.36 (KHTML, like Gecko) Chrome/131.0.6778.69 Mobile Safari/537.36 (compatible; Googlebot/2.1; +http://www.google.com/bot.html)"
66.249.68.33 - - [25/Nov/2024:11:37:05 -0500] "GET /height=323/img/x/product/details/20230620/sd1_3ed4523f72d2c545b73d4b0c7c96793d97a061a1.jpg HTTP/1.1" 404 11630 "-" "Googlebot-Image/1.0"
192.64.117.91 - - [25/Nov/2024:11:38:17 -0500] "POST /wp-cron.php?doing_wp_cron=1732552697.4692230224609375000000 HTTP/1.1" 200 0 "-" "WordPress/6.7.1; https://pethavenspot.com"
66.249.68.33 - - [25/Nov/2024:11:38:17 -0500] "GET /151668906.shtml HTTP/1.1" 301 0 "-" "Mozilla/5.0 (Linux; Android 6.0.1; Nexus 5X Build/MMB29P) AppleWebKit/537.36 (KHTML, like Gecko) Chrome/131.0.6778.69 Mobile Safari/537.36 (compatible; Googlebot/2.1; +http://www.google.com/bot.html)"
192.64.117.91 - - [25/Nov/2024:11:38:17 -0500] "POST /wp-admin/admin-ajax.php?action=async_litespeed&nonce=r4YP24qJdEceNjFg23kb5e2ZFFZZy2Ug&litespeed_type=imgoptm HTTP/1.1" 200 21 "-" "WordPress/6.7.1; https://pethavenspot.com"
66.249.68.32 - - [25/Nov/2024:11:38:17 -0500] "GET /151668906.shtml HTTP/1.1" 404 11630 "-" "Mozilla/5.0 (Linux; Android 6.0.1; Nexus 5X Build/MMB29P) AppleWebKit/537.36 (KHTML, like Gecko) Chrome/131.0.6778.69 Mobile Safari/537.36 (compatible; Googlebot/2.1; +http://www.google.com/bot.html)"
192.64.117.91 - - [25/Nov/2024:11:39:10 -0500] "POST /wp-cron.php?doing_wp_cron=1732552750.5221519470214843750000 HTTP/1.1" 200 0 "-" "WordPress/6.7.1; https://pethavenspot.com"
66.249.68.35 - - [25/Nov/2024:11:39:10 -0500] "GET /341325181.shtml HTTP/1.1" 301 0 "-" "Mozilla/5.0 (Linux; Android 6.0.1; Nexus 5X Build/MMB29P) AppleWebKit/537.36 (KHTML, like Gecko) Chrome/131.0.6778.85 Mobile Safari/537.36 (compatible; Googlebot/2.1; +http://www.google.com/bot.html)"
66.249.68.39 - - [25/Nov/2024:11:39:10 -0500] "GET /341325181.shtml HTTP/1.1" 404 11630 "-" "Mozilla/5.0 (Linux; Android 6.0.1; Nexus 5X Build/MMB29P) AppleWebKit/537.36 (KHTML, like Gecko) Chrome/131.0.6778.85 Mobile Safari/537.36 (compatible; Googlebot/2.1; +http://www.google.com/bot.html)"
192.64.117.91 - - [25/Nov/2024:11:39:10 -0500] "POST /wp-admin/admin-ajax.php?action=async_litespeed&nonce=tYGSwND78MJWqvnUD23xjK14e6AJBOI9&litespeed_type=imgoptm HTTP/1.1" 200 21 "-" "WordPress/6.7.1; https://pethavenspot.com"
192.64.117.91 - - [25/Nov/2024:11:40:22 -0500] "POST /wp-cron.php?doing_wp_cron=1732552822.2237689495086669921875 HTTP/1.1" 200 0 "-" "WordPress/6.7.1; https://pethavenspot.com"
66.249.68.34 - - [25/Nov/2024:11:40:22 -0500] "GET /236969695.shtml HTTP/1.1" 301 0 "-" "Mozilla/5.0 (Linux; Android 6.0.1; Nexus 5X Build/MMB29P) AppleWebKit/537.36 (KHTML, like Gecko) Chrome/131.0.6778.69 Mobile Safari/537.36 (compatible; Googlebot/2.1; +http://www.google.com/bot.html)"
192.64.117.91 - - [25/Nov/2024:11:40:22 -0500] "POST /wp-admin/admin-ajax.php?action=async_litespeed&nonce=easarKsl5rBcLwag4jgFM7KJIfxaLTot&litespeed_type=imgoptm HTTP/1.1" 200 21 "-" "WordPress/6.7.1; https://pethavenspot.com"
66.249.68.39 - - [25/Nov/2024:11:40:25 -0500] "GET /236969695.shtml HTTP/1.1" 404 11630 "-" "Mozilla/5.0 (Linux; Android 6.0.1; Nexus 5X Build/MMB29P) AppleWebKit/537.36 (KHTML, like Gecko) Chrome/131.0.6778.69 Mobile Safari/537.36 (compatible; Googlebot/2.1; +http://www.google.com/bot.html)"
54.36.148.248 - - [25/Nov/2024:11:41:42 -0500] "GET /robots.txt HTTP/1.1" 200 100 "-" "Mozilla/5.0 (compatible; AhrefsBot/7.0; +http://ahrefs.com/robot/)"
51.222.253.5 - - [25/Nov/2024:11:41:44 -0500] "GET / HTTP/1.1" 200 17418 "-" "Mozilla/5.0 (compatible; AhrefsBot/7.0; +http://ahrefs.com/robot/)"
192.64.117.91 - - [25/Nov/2024:11:42:00 -0500] "POST /wp-cron.php?doing_wp_cron=1732552920.8512918949127197265625 HTTP/1.1" 200 0 "-" "WordPress/6.7.1; https://pethavenspot.com"
66.249.68.33 - - [25/Nov/2024:11:41:59 -0500] "GET /395800782.shtml HTTP/1.1" 301 0 "-" "Mozilla/5.0 (Linux; Android 6.0.1; Nexus 5X Build/MMB29P) AppleWebKit/537.36 (KHTML, like Gecko) Chrome/131.0.6778.69 Mobile Safari/537.36 (compatible; Googlebot/2.1; +http://www.google.com/bot.html)"
192.64.117.91 - - [25/Nov/2024:11:42:01 -0500] "POST /wp-admin/admin-ajax.php?action=async_litespeed&nonce=XawJ2LcyNGlZFug7MdNBnm5zYVgVepIh&litespeed_type=imgoptm HTTP/1.1" 200 21 "-" "WordPress/6.7.1; https://pethavenspot.com"
192.64.117.91 - - [25/Nov/2024:11:42:14 -0500] "POST /wp-cron.php?doing_wp_cron=1732552934.2730441093444824218750 HTTP/1.1" 200 0 "-" "WordPress/6.7.1; https://pethavenspot.com"
66.249.68.32 - - [25/Nov/2024:11:42:13 -0500] "GET /395800782.shtml HTTP/1.1" 404 11630 "-" "Mozilla/5.0 (Linux; Android 6.0.1; Nexus 5X Build/MMB29P) AppleWebKit/537.36 (KHTML, like Gecko) Chrome/131.0.6778.69 Mobile Safari/537.36 (compatible; Googlebot/2.1; +http://www.google.com/bot.html)"
192.64.117.91 - - [25/Nov/2024:11:42:14 -0500] "POST /wp-admin/admin-ajax.php?action=async_litespeed&nonce=Wjh1xjWW2c4vmJKXQmy9X2oSPX6wWp8s&litespeed_type=imgoptm HTTP/1.1" 200 21 "-" "WordPress/6.7.1; https://pethavenspot.com"
66.249.68.33 - - [25/Nov/2024:11:42:22 -0500] "GET /19222077.shtml HTTP/1.1" 301 0 "-" "Mozilla/5.0 (Linux; Android 6.0.1; Nexus 5X Build/MMB29P) AppleWebKit/537.36 (KHTML, like Gecko) Chrome/131.0.6778.69 Mobile Safari/537.36 (compatible; Googlebot/2.1; +http://www.google.com/bot.html)"
66.249.68.33 - - [25/Nov/2024:11:42:26 -0500] "GET /544619029.shtml HTTP/1.1" 301 0 "-" "Mozilla/5.0 (Linux; Android 6.0.1; Nexus 5X Build/MMB29P) AppleWebKit/537.36 (KHTML, like Gecko) Chrome/131.0.6778.69 Mobile Safari/537.36 (compatible; Googlebot/2.1; +http://www.google.com/bot.html)"
66.249.68.33 - - [25/Nov/2024:11:42:29 -0500] "GET /267527578.shtml HTTP/1.1" 301 0 "-" "Mozilla/5.0 (Linux; Android 6.0.1; Nexus 5X Build/MMB29P) AppleWebKit/537.36 (KHTML, like Gecko) Chrome/131.0.6778.69 Mobile Safari/537.36 (compatible; Googlebot/2.1; +http://www.google.com/bot.html)"
66.249.68.39 - - [25/Nov/2024:11:42:37 -0500] "GET /19222077.shtml HTTP/1.1" 404 11630 "-" "Mozilla/5.0 (Linux; Android 6.0.1; Nexus 5X Build/MMB29P) AppleWebKit/537.36 (KHTML, like Gecko) Chrome/131.0.6778.69 Mobile Safari/537.36 (compatible; Googlebot/2.1; +http://www.google.com/bot.html)"
66.249.68.39 - - [25/Nov/2024:11:42:42 -0500] "GET /544619029.shtml HTTP/1.1" 404 11630 "-" "Mozilla/5.0 (Linux; Android 6.0.1; Nexus 5X Build/MMB29P) AppleWebKit/537.36 (KHTML, like Gecko) Chrome/131.0.6778.69 Mobile Safari/537.36 (compatible; Googlebot/2.1; +http://www.google.com/bot.html)"
66.249.68.39 - - [25/Nov/2024:11:42:48 -0500] "GET /267527578.shtml HTTP/1.1" 404 11630 "-" "Mozilla/5.0 (Linux; Android 6.0.1; Nexus 5X Build/MMB29P) AppleWebKit/537.36 (KHTML, like Gecko) Chrome/131.0.6778.69 Mobile Safari/537.36 (compatible; Googlebot/2.1; +http://www.google.com/bot.html)"
66.249.68.33 - - [25/Nov/2024:11:42:51 -0500] "GET /158498211.shtml HTTP/1.1" 301 0 "-" "Mozilla/5.0 (Linux; Android 6.0.1; Nexus 5X Build/MMB29P) AppleWebKit/537.36 (KHTML, like Gecko) Chrome/131.0.6778.69 Mobile Safari/537.36 (compatible; Googlebot/2.1; +http://www.google.com/bot.html)"
66.249.68.33 - - [25/Nov/2024:11:42:57 -0500] "GET /90229286.shtml HTTP/1.1" 301 0 "-" "Mozilla/5.0 (Linux; Android 6.0.1; Nexus 5X Build/MMB29P) AppleWebKit/537.36 (KHTML, like Gecko) Chrome/131.0.6778.69 Mobile Safari/537.36 (compatible; Googlebot/2.1; +http://www.google.com/bot.html)"
66.249.68.33 - - [25/Nov/2024:11:43:05 -0500] "GET /158498211.shtml HTTP/1.1" 404 11630 "-" "Mozilla/5.0 (Linux; Android 6.0.1; Nexus 5X Build/MMB29P) AppleWebKit/537.36 (KHTML, like Gecko) Chrome/131.0.6778.69 Mobile Safari/537.36 (compatible; Googlebot/2.1; +http://www.google.com/bot.html)"
192.64.117.91 - - [25/Nov/2024:11:43:13 -0500] "POST /wp-cron.php?doing_wp_cron=1732552993.1162528991699218750000 HTTP/1.1" 200 0 "-" "WordPress/6.7.1; https://pethavenspot.com"
66.249.68.32 - - [25/Nov/2024:11:43:13 -0500] "GET /90229286.shtml HTTP/1.1" 404 11630 "-" "Mozilla/5.0 (Linux; Android 6.0.1; Nexus 5X Build/MMB29P) AppleWebKit/537.36 (KHTML, like Gecko) Chrome/131.0.6778.69 Mobile Safari/537.36 (compatible; Googlebot/2.1; +http://www.google.com/bot.html)"
192.64.117.91 - - [25/Nov/2024:11:43:13 -0500] "POST /wp-admin/admin-ajax.php?action=async_litespeed&nonce=Z4jeDfkuTPXU8Z5Bzh7xkaWqiOOSi8Jp&litespeed_type=imgoptm HTTP/1.1" 200 21 "-" "WordPress/6.7.1; https://pethavenspot.com"
66.249.68.33 - - [25/Nov/2024:11:43:25 -0500] "GET /73187193.shtml HTTP/1.1" 301 0 "-" "Mozilla/5.0 (Linux; Android 6.0.1; Nexus 5X Build/MMB29P) AppleWebKit/537.36 (KHTML, like Gecko) Chrome/131.0.6778.69 Mobile Safari/537.36 (compatible; Googlebot/2.1; +http://www.google.com/bot.html)"
66.249.68.39 - - [25/Nov/2024:11:43:38 -0500] "GET /73187193.shtml HTTP/1.1" 404 11630 "-" "Mozilla/5.0 (Linux; Android 6.0.1; Nexus 5X Build/MMB29P) AppleWebKit/537.36 (KHTML, like Gecko) Chrome/131.0.6778.69 Mobile Safari/537.36 (compatible; Googlebot/2.1; +http://www.google.com/bot.html)"
192.64.117.91 - - [25/Nov/2024:11:44:28 -0500] "POST /wp-cron.php?doing_wp_cron=1732553068.5163938999176025390625 HTTP/1.1" 200 0 "-" "WordPress/6.7.1; https://pethavenspot.com"
66.249.68.35 - - [25/Nov/2024:11:44:28 -0500] "GET /339733896.shtml HTTP/1.1" 301 0 "-" "Mozilla/5.0 (Linux; Android 6.0.1; Nexus 5X Build/MMB29P) AppleWebKit/537.36 (KHTML, like Gecko) Chrome/131.0.6778.69 Mobile Safari/537.36 (compatible; Googlebot/2.1; +http://www.google.com/bot.html)"
192.64.117.91 - - [25/Nov/2024:11:44:28 -0500] "POST /wp-admin/admin-ajax.php?action=async_litespeed&nonce=kBsxEgjZAFkAag5x8dIOH1ubzLXjjpqK&litespeed_type=imgoptm HTTP/1.1" 200 21 "-" "WordPress/6.7.1; https://pethavenspot.com"
66.249.68.33 - - [25/Nov/2024:11:44:37 -0500] "GET /339733896.shtml HTTP/1.1" 404 11630 "-" "Mozilla/5.0 (Linux; Android 6.0.1; Nexus 5X Build/MMB29P) AppleWebKit/537.36 (KHTML, like Gecko) Chrome/131.0.6778.69 Mobile Safari/537.36 (compatible; Googlebot/2.1; +http://www.google.com/bot.html)"
192.64.117.91 - - [25/Nov/2024:11:46:28 -0500] "POST /wp-cron.php?doing_wp_cron=1732553188.5912060737609863281250 HTTP/1.1" 200 0 "-" "WordPress/6.7.1; https://pethavenspot.com"
66.249.68.34 - - [25/Nov/2024:11:46:27 -0500] "GET /99234280.shtml HTTP/1.1" 301 0 "-" "Mozilla/5.0 (Linux; Android 6.0.1; Nexus 5X Build/MMB29P) AppleWebKit/537.36 (KHTML, like Gecko) Chrome/131.0.6778.69 Mobile Safari/537.36 (compatible; Googlebot/2.1; +http://www.google.com/bot.html)"
192.64.117.91 - - [25/Nov/2024:11:46:28 -0500] "POST /wp-admin/admin-ajax.php?action=async_litespeed&nonce=mjJ7F6eFZQQqw0rfBMM7LoktO516UUVM&litespeed_type=imgoptm HTTP/1.1" 200 21 "-" "WordPress/6.7.1; https://pethavenspot.com"
66.249.68.39 - - [25/Nov/2024:11:46:37 -0500] "GET /99234280.shtml HTTP/1.1" 404 11630 "-" "Mozilla/5.0 (Linux; Android 6.0.1; Nexus 5X Build/MMB29P) AppleWebKit/537.36 (KHTML, like Gecko) Chrome/131.0.6778.69 Mobile Safari/537.36 (compatible; Googlebot/2.1; +http://www.google.com/bot.html)"
192.64.117.91 - - [25/Nov/2024:11:47:49 -0500] "POST /wp-cron.php?doing_wp_cron=1732553269.8927490711212158203125 HTTP/1.1" 200 0 "-" "WordPress/6.7.1; https://pethavenspot.com"
52.167.144.193 - - [25/Nov/2024:11:47:49 -0500] "GET /239762405.shtml HTTP/1.1" 301 0 "-" "Mozilla/5.0 AppleWebKit/537.36 (KHTML, like Gecko; compatible; bingbot/2.0; +http://www.bing.com/bingbot.htm) Chrome/116.0.1938.76 Safari/537.36"
192.64.117.91 - - [25/Nov/2024:11:47:50 -0500] "POST /wp-admin/admin-ajax.php?action=async_litespeed&nonce=cY7ix3SgBD3ED51s5F44pP3Wy5IOjo79&litespeed_type=imgoptm HTTP/1.1" 200 21 "-" "WordPress/6.7.1; https://pethavenspot.com"
192.64.117.91 - - [25/Nov/2024:11:48:22 -0500] "POST /wp-cron.php?doing_wp_cron=1732553302.6710729598999023437500 HTTP/1.1" 200 0 "-" "WordPress/6.7.1; https://pethavenspot.com"
66.249.68.33 - - [25/Nov/2024:11:48:22 -0500] "GET /300308435.shtml HTTP/1.1" 301 0 "-" "Mozilla/5.0 (Linux; Android 6.0.1; Nexus 5X Build/MMB29P) AppleWebKit/537.36 (KHTML, like Gecko) Chrome/131.0.6778.69 Mobile Safari/537.36 (compatible; Googlebot/2.1; +http://www.google.com/bot.html)"
192.64.117.91 - - [25/Nov/2024:11:48:22 -0500] "POST /wp-admin/admin-ajax.php?action=async_litespeed&nonce=kDwe0bQ2j8ZnZKYKhAI8n3pdn16SDceC&litespeed_type=imgoptm HTTP/1.1" 200 21 "-" "WordPress/6.7.1; https://pethavenspot.com"
66.249.68.32 - - [25/Nov/2024:11:48:29 -0500] "GET /300308435.shtml HTTP/1.1" 404 11630 "-" "Mozilla/5.0 (Linux; Android 6.0.1; Nexus 5X Build/MMB29P) AppleWebKit/537.36 (KHTML, like Gecko) Chrome/131.0.6778.69 Mobile Safari/537.36 (compatible; Googlebot/2.1; +http://www.google.com/bot.html)"
192.64.117.91 - - [25/Nov/2024:11:50:20 -0500] "POST /wp-cron.php?doing_wp_cron=1732553420.6620829105377197265625 HTTP/1.1" 200 0 "-" "WordPress/6.7.1; https://pethavenspot.com"
66.249.68.33 - - [25/Nov/2024:11:50:19 -0500] "GET /394632939.shtml HTTP/1.1" 301 0 "-" "Mozilla/5.0 (Linux; Android 6.0.1; Nexus 5X Build/MMB29P) AppleWebKit/537.36 (KHTML, like Gecko) Chrome/131.0.6778.69 Mobile Safari/537.36 (compatible; Googlebot/2.1; +http://www.google.com/bot.html)"
192.64.117.91 - - [25/Nov/2024:11:50:20 -0500] "POST /wp-admin/admin-ajax.php?action=async_litespeed&nonce=I0eSKmBNDvkNOneLO0NyMjmdzGHIfjhE&litespeed_type=imgoptm HTTP/1.1" 200 21 "-" "WordPress/6.7.1; https://pethavenspot.com"
66.249.68.32 - - [25/Nov/2024:11:50:23 -0500] "GET /394632939.shtml HTTP/1.1" 404 11630 "-" "Mozilla/5.0 (Linux; Android 6.0.1; Nexus 5X Build/MMB29P) AppleWebKit/537.36 (KHTML, like Gecko) Chrome/131.0.6778.69 Mobile Safari/537.36 (compatible; Googlebot/2.1; +http://www.google.com/bot.html)"
66.249.68.33 - - [25/Nov/2024:11:50:55 -0500] "GET /height=323/img/x/product/details/20201208/sd1_d05495915565e6943383edc4b44a3d5d6a9c8c10.jpg HTTP/1.1" 301 0 "-" "Googlebot-Image/1.0"
66.249.68.32 - - [25/Nov/2024:11:50:57 -0500] "GET /height=323/img/x/product/details/20201208/sd1_d05495915565e6943383edc4b44a3d5d6a9c8c10.jpg HTTP/1.1" 404 11630 "-" "Googlebot-Image/1.0"
192.64.117.91 - - [25/Nov/2024:11:52:18 -0500] "POST /wp-cron.php?doing_wp_cron=1732553538.0757029056549072265625 HTTP/1.1" 200 0 "-" "WordPress/6.7.1; https://pethavenspot.com"
66.249.68.35 - - [25/Nov/2024:11:52:17 -0500] "GET /157135824.shtml HTTP/1.1" 301 0 "-" "Mozilla/5.0 (Linux; Android 6.0.1; Nexus 5X Build/MMB29P) AppleWebKit/537.36 (KHTML, like Gecko) Chrome/131.0.6778.69 Mobile Safari/537.36 (compatible; Googlebot/2.1; +http://www.google.com/bot.html)"
192.64.117.91 - - [25/Nov/2024:11:52:18 -0500] "POST /wp-admin/admin-ajax.php?action=async_litespeed&nonce=8fz5kY6D89rJRQbhYLltbHGSj136hpb0&litespeed_type=imgoptm HTTP/1.1" 200 21 "-" "WordPress/6.7.1; https://pethavenspot.com"
66.249.68.39 - - [25/Nov/2024:11:52:18 -0500] "GET /157135824.shtml HTTP/1.1" 404 11630 "-" "Mozilla/5.0 (Linux; Android 6.0.1; Nexus 5X Build/MMB29P) AppleWebKit/537.36 (KHTML, like Gecko) Chrome/131.0.6778.69 Mobile Safari/537.36 (compatible; Googlebot/2.1; +http://www.google.com/bot.html)"
192.64.117.91 - - [25/Nov/2024:11:54:18 -0500] "POST /wp-cron.php?doing_wp_cron=1732553658.9463980197906494140625 HTTP/1.1" 200 0 "-" "WordPress/6.7.1; https://pethavenspot.com"
66.249.68.35 - - [25/Nov/2024:11:54:17 -0500] "GET /54578326.shtml HTTP/1.1" 301 0 "-" "Mozilla/5.0 (Linux; Android 6.0.1; Nexus 5X Build/MMB29P) AppleWebKit/537.36 (KHTML, like Gecko) Chrome/131.0.6778.69 Mobile Safari/537.36 (compatible; Googlebot/2.1; +http://www.google.com/bot.html)"
192.64.117.91 - - [25/Nov/2024:11:54:19 -0500] "POST /wp-admin/admin-ajax.php?action=async_litespeed&nonce=JDh0qeffY5FcP6AO9qAolvbGsbhGfTFV&litespeed_type=imgoptm HTTP/1.1" 200 21 "-" "WordPress/6.7.1; https://pethavenspot.com"
66.249.68.39 - - [25/Nov/2024:11:54:19 -0500] "GET /54578326.shtml HTTP/1.1" 404 11630 "-" "Mozilla/5.0 (Linux; Android 6.0.1; Nexus 5X Build/MMB29P) AppleWebKit/537.36 (KHTML, like Gecko) Chrome/131.0.6778.69 Mobile Safari/537.36 (compatible; Googlebot/2.1; +http://www.google.com/bot.html)"
192.64.117.91 - - [25/Nov/2024:11:56:18 -0500] "POST /wp-cron.php?doing_wp_cron=1732553778.3855130672454833984375 HTTP/1.1" 200 0 "-" "WordPress/6.7.1; https://pethavenspot.com"
66.249.68.35 - - [25/Nov/2024:11:56:17 -0500] "GET /523947571.shtml HTTP/1.1" 301 0 "-" "Mozilla/5.0 (Linux; Android 6.0.1; Nexus 5X Build/MMB29P) AppleWebKit/537.36 (KHTML, like Gecko) Chrome/131.0.6778.69 Mobile Safari/537.36 (compatible; Googlebot/2.1; +http://www.google.com/bot.html)"
192.64.117.91 - - [25/Nov/2024:11:56:18 -0500] "POST /wp-admin/admin-ajax.php?action=async_litespeed&nonce=amyVnF0ACvD7Eb4JYvuxCzUOqLJtpVbw&litespeed_type=imgoptm HTTP/1.1" 200 21 "-" "WordPress/6.7.1; https://pethavenspot.com"
66.249.68.33 - - [25/Nov/2024:11:56:19 -0500] "GET /523947571.shtml HTTP/1.1" 404 11630 "-" "Mozilla/5.0 (Linux; Android 6.0.1; Nexus 5X Build/MMB29P) AppleWebKit/537.36 (KHTML, like Gecko) Chrome/131.0.6778.69 Mobile Safari/537.36 (compatible; Googlebot/2.1; +http://www.google.com/bot.html)"
66.249.68.34 - - [25/Nov/2024:11:56:28 -0500] "GET /height=323/img/x/product/details/20200402/sd1_6b9d3cfe12ff4397f281cc6b3e5f220c6aceed48.png HTTP/1.1" 301 0 "-" "Googlebot-Image/1.0"
66.249.68.39 - - [25/Nov/2024:11:56:31 -0500] "GET /height=323/img/x/product/details/20200402/sd1_6b9d3cfe12ff4397f281cc6b3e5f220c6aceed48.png HTTP/1.1" 404 11630 "-" "Googlebot-Image/1.0"
192.64.117.91 - - [25/Nov/2024:11:58:23 -0500] "POST /wp-cron.php?doing_wp_cron=1732553903.1017239093780517578125 HTTP/1.1" 200 0 "-" "WordPress/6.7.1; https://pethavenspot.com"
66.249.68.34 - - [25/Nov/2024:11:58:21 -0500] "GET /449343228.shtml HTTP/1.1" 301 0 "-" "Mozilla/5.0 (Linux; Android 6.0.1; Nexus 5X Build/MMB29P) AppleWebKit/537.36 (KHTML, like Gecko) Chrome/131.0.6778.69 Mobile Safari/537.36 (compatible; Googlebot/2.1; +http://www.google.com/bot.html)"
192.64.117.91 - - [25/Nov/2024:11:58:23 -0500] "POST /wp-admin/admin-ajax.php?action=async_litespeed&nonce=vnEwCUB1uSNrt5N6lo6HHA0CG9vc1tRe&litespeed_type=imgoptm HTTP/1.1" 200 21 "-" "WordPress/6.7.1; https://pethavenspot.com"
66.249.68.32 - - [25/Nov/2024:11:58:30 -0500] "GET /449343228.shtml HTTP/1.1" 404 11630 "-" "Mozilla/5.0 (Linux; Android 6.0.1; Nexus 5X Build/MMB29P) AppleWebKit/537.36 (KHTML, like Gecko) Chrome/131.0.6778.69 Mobile Safari/537.36 (compatible; Googlebot/2.1; +http://www.google.com/bot.html)"
192.64.117.91 - - [25/Nov/2024:11:59:14 -0500] "POST /wp-cron.php?doing_wp_cron=1732553954.4085879325866699218750 HTTP/1.1" 200 0 "-" "WordPress/6.7.1; https://pethavenspot.com"
66.249.68.34 - - [25/Nov/2024:11:59:14 -0500] "GET /height=323/img/x/product/details/20230202/sd1_43442fbfe4199021b0ceb07a387a2a2959e96603.png HTTP/1.1" 301 0 "-" "Googlebot-Image/1.0"
192.64.117.91 - - [25/Nov/2024:11:59:14 -0500] "POST /wp-admin/admin-ajax.php?action=async_litespeed&nonce=OBL9NzUsMGmuyQ1qWS60DkCFSMRYeE6o&litespeed_type=imgoptm HTTP/1.1" 200 21 "-" "WordPress/6.7.1; https://pethavenspot.com"
66.249.68.32 - - [25/Nov/2024:11:59:15 -0500] "GET /height=323/img/x/product/details/20230202/sd1_43442fbfe4199021b0ceb07a387a2a2959e96603.png HTTP/1.1" 404 11630 "-" "Googlebot-Image/1.0"
192.64.117.91 - - [25/Nov/2024:12:00:17 -0500] "POST /wp-cron.php?doing_wp_cron=1732554017.6990859508514404296875 HTTP/1.1" 200 0 "-" "WordPress/6.7.1; https://pethavenspot.com"
66.249.68.33 - - [25/Nov/2024:12:00:17 -0500] "GET /371702802.shtml HTTP/1.1" 301 0 "-" "Mozilla/5.0 (Linux; Android 6.0.1; Nexus 5X Build/MMB29P) AppleWebKit/537.36 (KHTML, like Gecko) Chrome/131.0.6778.69 Mobile Safari/537.36 (compatible; Googlebot/2.1; +http://www.google.com/bot.html)"
192.64.117.91 - - [25/Nov/2024:12:00:17 -0500] "POST /wp-admin/admin-ajax.php?action=async_litespeed&nonce=ALSt4EPyeyU8JyuwankfdsI2KXUf2csH&litespeed_type=imgoptm HTTP/1.1" 200 21 "-" "WordPress/6.7.1; https://pethavenspot.com"
66.249.68.39 - - [25/Nov/2024:12:00:19 -0500] "GET /371702802.shtml HTTP/1.1" 404 11630 "-" "Mozilla/5.0 (Linux; Android 6.0.1; Nexus 5X Build/MMB29P) AppleWebKit/537.36 (KHTML, like Gecko) Chrome/131.0.6778.69 Mobile Safari/537.36 (compatible; Googlebot/2.1; +http://www.google.com/bot.html)"
192.64.117.91 - - [25/Nov/2024:12:02:02 -0500] "POST /wp-cron.php?doing_wp_cron=1732554121.9837129116058349609375 HTTP/1.1" 200 0 "-" "WordPress/6.7.1; https://pethavenspot.com"
66.249.68.34 - - [25/Nov/2024:12:02:01 -0500] "GET /height=323/img/x/product/details/20240628/sd1_a60aaa048e52749377c43b5ae87bcb376dc27cd2.jpg HTTP/1.1" 301 0 "-" "Googlebot-Image/1.0"
192.64.117.91 - - [25/Nov/2024:12:02:02 -0500] "POST /wp-admin/admin-ajax.php?action=async_litespeed&nonce=AiZnRfQRwuGQcz8XAfdGInqczgoKjC32&litespeed_type=imgoptm HTTP/1.1" 200 21 "-" "WordPress/6.7.1; https://pethavenspot.com"
66.249.68.32 - - [25/Nov/2024:12:02:05 -0500] "GET /height=323/img/x/product/details/20240628/sd1_a60aaa048e52749377c43b5ae87bcb376dc27cd2.jpg HTTP/1.1" 404 11630 "-" "Googlebot-Image/1.0"
192.64.117.91 - - [25/Nov/2024:12:02:18 -0500] "POST /wp-cron.php?doing_wp_cron=1732554138.0700080394744873046875 HTTP/1.1" 200 0 "-" "WordPress/6.7.1; https://pethavenspot.com"
66.249.68.34 - - [25/Nov/2024:12:02:17 -0500] "GET /367105156.shtml HTTP/1.1" 301 0 "-" "Mozilla/5.0 (Linux; Android 6.0.1; Nexus 5X Build/MMB29P) AppleWebKit/537.36 (KHTML, like Gecko) Chrome/131.0.6778.69 Mobile Safari/537.36 (compatible; Googlebot/2.1; +http://www.google.com/bot.html)"
192.64.117.91 - - [25/Nov/2024:12:02:18 -0500] "POST /wp-admin/admin-ajax.php?action=async_litespeed&nonce=hCvSs8OYCd2TATuXlZDFHn5CZucl5Ka9&litespeed_type=imgoptm HTTP/1.1" 200 21 "-" "WordPress/6.7.1; https://pethavenspot.com"
66.249.68.32 - - [25/Nov/2024:12:02:19 -0500] "GET /367105156.shtml HTTP/1.1" 404 11630 "-" "Mozilla/5.0 (Linux; Android 6.0.1; Nexus 5X Build/MMB29P) AppleWebKit/537.36 (KHTML, like Gecko) Chrome/131.0.6778.69 Mobile Safari/537.36 (compatible; Googlebot/2.1; +http://www.google.com/bot.html)"
192.64.117.91 - - [25/Nov/2024:12:04:29 -0500] "POST /wp-cron.php?doing_wp_cron=1732554269.1403079032897949218750 HTTP/1.1" 200 0 "-" "WordPress/6.7.1; https://pethavenspot.com"
66.249.68.35 - - [25/Nov/2024:12:04:28 -0500] "GET /524102357.shtml HTTP/1.1" 301 0 "-" "Mozilla/5.0 (Linux; Android 6.0.1; Nexus 5X Build/MMB29P) AppleWebKit/537.36 (KHTML, like Gecko) Chrome/131.0.6778.69 Mobile Safari/537.36 (compatible; Googlebot/2.1; +http://www.google.com/bot.html)"
192.64.117.91 - - [25/Nov/2024:12:04:29 -0500] "POST /wp-admin/admin-ajax.php?action=async_litespeed&nonce=ZxzYYh6kvMi1LyxZEY7zKUHpas5GzXJq&litespeed_type=imgoptm HTTP/1.1" 200 21 "-" "WordPress/6.7.1; https://pethavenspot.com"
66.249.68.39 - - [25/Nov/2024:12:04:39 -0500] "GET /524102357.shtml HTTP/1.1" 404 11630 "-" "Mozilla/5.0 (Linux; Android 6.0.1; Nexus 5X Build/MMB29P) AppleWebKit/537.36 (KHTML, like Gecko) Chrome/131.0.6778.69 Mobile Safari/537.36 (compatible; Googlebot/2.1; +http://www.google.com/bot.html)"
66.249.68.39 - - [25/Nov/2024:12:04:46 -0500] "GET /height=323/img/x/product/details/20240312/sd1_fa2a4b45357f4a1a4299e7a4af1ec1995b020b49.jpg HTTP/1.1" 404 11632 "-" "Googlebot-Image/1.0"
192.64.117.91 - - [25/Nov/2024:12:05:44 -0500] "POST /wp-cron.php?doing_wp_cron=1732554344.1151530742645263671875 HTTP/1.1" 200 0 "-" "WordPress/6.7.1; https://pethavenspot.com"
51.222.253.14 - - [25/Nov/2024:12:05:43 -0500] "GET /tag/dangerous-snakes/feed/ HTTP/1.1" 200 4764 "-" "Mozilla/5.0 (compatible; AhrefsBot/7.0; +http://ahrefs.com/robot/)"
192.64.117.91 - - [25/Nov/2024:12:05:44 -0500] "POST /wp-admin/admin-ajax.php?action=async_litespeed&nonce=qgFXlSjGG6HcPjGvLBL5s1bW3Q6fk9u8&litespeed_type=imgoptm HTTP/1.1" 200 21 "-" "WordPress/6.7.1; https://pethavenspot.com"
192.64.117.91 - - [25/Nov/2024:12:06:24 -0500] "POST /wp-cron.php?doing_wp_cron=1732554384.8054029941558837890625 HTTP/1.1" 200 0 "-" "WordPress/6.7.1; https://pethavenspot.com"
66.249.68.33 - - [25/Nov/2024:12:06:24 -0500] "GET /42515054.shtml HTTP/1.1" 301 0 "-" "Mozilla/5.0 (Linux; Android 6.0.1; Nexus 5X Build/MMB29P) AppleWebKit/537.36 (KHTML, like Gecko) Chrome/131.0.6778.69 Mobile Safari/537.36 (compatible; Googlebot/2.1; +http://www.google.com/bot.html)"
192.64.117.91 - - [25/Nov/2024:12:06:24 -0500] "POST /wp-admin/admin-ajax.php?action=async_litespeed&nonce=E0Zl4czrvRB0IAGH7rVnoYDiyt1BEVN9&litespeed_type=imgoptm HTTP/1.1" 200 21 "-" "WordPress/6.7.1; https://pethavenspot.com"
66.249.68.32 - - [25/Nov/2024:12:06:36 -0500] "GET /42515054.shtml HTTP/1.1" 404 11630 "-" "Mozilla/5.0 (Linux; Android 6.0.1; Nexus 5X Build/MMB29P) AppleWebKit/537.36 (KHTML, like Gecko) Chrome/131.0.6778.69 Mobile Safari/537.36 (compatible; Googlebot/2.1; +http://www.google.com/bot.html)"
192.64.117.91 - - [25/Nov/2024:12:07:33 -0500] "POST /wp-cron.php?doing_wp_cron=1732554453.2213580608367919921875 HTTP/1.1" 200 0 "-" "WordPress/6.7.1; https://pethavenspot.com"
66.249.68.33 - - [25/Nov/2024:12:07:33 -0500] "GET /height=323/img/x/product/details/20221226/sd1_e319178c59b516cc68d9d18bab4b98342bb5a25a.jpg HTTP/1.1" 301 0 "-" "Googlebot-Image/1.0"
192.64.117.91 - - [25/Nov/2024:12:07:33 -0500] "POST /wp-admin/admin-ajax.php?action=async_litespeed&nonce=44bi7zPgRohUScR86r9D06rFhs7PTwZx&litespeed_type=imgoptm HTTP/1.1" 200 21 "-" "WordPress/6.7.1; https://pethavenspot.com"
66.249.68.33 - - [25/Nov/2024:12:07:34 -0500] "GET /height=323/img/x/product/details/20221226/sd1_e319178c59b516cc68d9d18bab4b98342bb5a25a.jpg HTTP/1.1" 404 11630 "-" "Googlebot-Image/1.0"
66.249.68.33 - - [25/Nov/2024:12:07:55 -0500] "GET /299254462.shtml HTTP/1.1" 301 0 "-" "Mozilla/5.0 (Linux; Android 6.0.1; Nexus 5X Build/MMB29P) AppleWebKit/537.36 (KHTML, like Gecko) Chrome/131.0.6778.69 Mobile Safari/537.36 (compatible; Googlebot/2.1; +http://www.google.com/bot.html)"
192.64.117.91 - - [25/Nov/2024:12:08:14 -0500] "POST /wp-cron.php?doing_wp_cron=1732554494.2218399047851562500000 HTTP/1.1" 200 0 "-" "WordPress/6.7.1; https://pethavenspot.com"
66.249.68.32 - - [25/Nov/2024:12:08:14 -0500] "GET /299254462.shtml HTTP/1.1" 404 11630 "-" "Mozilla/5.0 (Linux; Android 6.0.1; Nexus 5X Build/MMB29P) AppleWebKit/537.36 (KHTML, like Gecko) Chrome/131.0.6778.69 Mobile Safari/537.36 (compatible; Googlebot/2.1; +http://www.google.com/bot.html)"
192.64.117.91 - - [25/Nov/2024:12:08:14 -0500] "POST /wp-admin/admin-ajax.php?action=async_litespeed&nonce=R8z8BRbKFoF2yedEgPWRYdYSLClCTfwx&litespeed_type=imgoptm HTTP/1.1" 200 21 "-" "WordPress/6.7.1; https://pethavenspot.com"
66.249.68.32 - - [25/Nov/2024:12:08:14 -0500] "GET /24538007.shtml HTTP/1.1" 404 11630 "-" "Mozilla/5.0 (Linux; Android 6.0.1; Nexus 5X Build/MMB29P) AppleWebKit/537.36 (KHTML, like Gecko) Chrome/131.0.6778.69 Mobile Safari/537.36 (compatible; Googlebot/2.1; +http://www.google.com/bot.html)"
66.249.68.33 - - [25/Nov/2024:12:08:34 -0500] "GET /490086686.shtml HTTP/1.1" 301 0 "-" "Mozilla/5.0 (Linux; Android 6.0.1; Nexus 5X Build/MMB29P) AppleWebKit/537.36 (KHTML, like Gecko) Chrome/131.0.6778.69 Mobile Safari/537.36 (compatible; Googlebot/2.1; +http://www.google.com/bot.html)"
66.249.68.34 - - [25/Nov/2024:12:08:38 -0500] "GET /382192352.shtml HTTP/1.1" 301 0 "-" "Mozilla/5.0 (Linux; Android 6.0.1; Nexus 5X Build/MMB29P) AppleWebKit/537.36 (KHTML, like Gecko) Chrome/131.0.6778.69 Mobile Safari/537.36 (compatible; Googlebot/2.1; +http://www.google.com/bot.html)"
66.249.68.32 - - [25/Nov/2024:12:08:42 -0500] "GET /14055059.shtml HTTP/1.1" 404 11630 "-" "Mozilla/5.0 (Linux; Android 6.0.1; Nexus 5X Build/MMB29P) AppleWebKit/537.36 (KHTML, like Gecko) Chrome/131.0.6778.69 Mobile Safari/537.36 (compatible; Googlebot/2.1; +http://www.google.com/bot.html)"
66.249.68.33 - - [25/Nov/2024:12:08:54 -0500] "GET /324836419.shtml HTTP/1.1" 301 0 "-" "Mozilla/5.0 (Linux; Android 6.0.1; Nexus 5X Build/MMB29P) AppleWebKit/537.36 (KHTML, like Gecko) Chrome/131.0.6778.69 Mobile Safari/537.36 (compatible; Googlebot/2.1; +http://www.google.com/bot.html)"
66.249.68.39 - - [25/Nov/2024:12:08:56 -0500] "GET /490086686.shtml HTTP/1.1" 404 11630 "-" "Mozilla/5.0 (Linux; Android 6.0.1; Nexus 5X Build/MMB29P) AppleWebKit/537.36 (KHTML, like Gecko) Chrome/131.0.6778.69 Mobile Safari/537.36 (compatible; Googlebot/2.1; +http://www.google.com/bot.html)"
66.249.68.39 - - [25/Nov/2024:12:08:59 -0500] "GET /30984833.shtml HTTP/1.1" 404 11630 "-" "Mozilla/5.0 (Linux; Android 6.0.1; Nexus 5X Build/MMB29P) AppleWebKit/537.36 (KHTML, like Gecko) Chrome/131.0.6778.69 Mobile Safari/537.36 (compatible; Googlebot/2.1; +http://www.google.com/bot.html)"
66.249.68.33 - - [25/Nov/2024:12:09:01 -0500] "GET /382192352.shtml HTTP/1.1" 404 11630 "-" "Mozilla/5.0 (Linux; Android 6.0.1; Nexus 5X Build/MMB29P) AppleWebKit/537.36 (KHTML, like Gecko) Chrome/131.0.6778.69 Mobile Safari/537.36 (compatible; Googlebot/2.1; +http://www.google.com/bot.html)"
192.64.117.91 - - [25/Nov/2024:12:09:17 -0500] "POST /wp-cron.php?doing_wp_cron=1732554557.1338911056518554687500 HTTP/1.1" 200 0 "-" "WordPress/6.7.1; https://pethavenspot.com"
66.249.68.39 - - [25/Nov/2024:12:09:17 -0500] "GET /324836419.shtml HTTP/1.1" 404 11630 "-" "Mozilla/5.0 (Linux; Android 6.0.1; Nexus 5X Build/MMB29P) AppleWebKit/537.36 (KHTML, like Gecko) Chrome/131.0.6778.69 Mobile Safari/537.36 (compatible; Googlebot/2.1; +http://www.google.com/bot.html)"
192.64.117.91 - - [25/Nov/2024:12:09:17 -0500] "POST /wp-admin/admin-ajax.php?action=async_litespeed&nonce=k0x8FE1oMQD73Z19zyOGbZQLaFlrVaGd&litespeed_type=imgoptm HTTP/1.1" 200 21 "-" "WordPress/6.7.1; https://pethavenspot.com"
66.249.68.34 - - [25/Nov/2024:12:09:23 -0500] "GET /401094386.shtml HTTP/1.1" 301 0 "-" "Mozilla/5.0 (Linux; Android 6.0.1; Nexus 5X Build/MMB29P) AppleWebKit/537.36 (KHTML, like Gecko) Chrome/131.0.6778.69 Mobile Safari/537.36 (compatible; Googlebot/2.1; +http://www.google.com/bot.html)"
66.249.68.34 - - [25/Nov/2024:12:09:35 -0500] "GET /509413706.shtml HTTP/1.1" 301 0 "-" "Mozilla/5.0 (Linux; Android 6.0.1; Nexus 5X Build/MMB29P) AppleWebKit/537.36 (KHTML, like Gecko) Chrome/131.0.6778.69 Mobile Safari/537.36 (compatible; Googlebot/2.1; +http://www.google.com/bot.html)"
66.249.68.39 - - [25/Nov/2024:12:09:42 -0500] "GET /401094386.shtml HTTP/1.1" 404 11630 "-" "Mozilla/5.0 (Linux; Android 6.0.1; Nexus 5X Build/MMB29P) AppleWebKit/537.36 (KHTML, like Gecko) Chrome/131.0.6778.69 Mobile Safari/537.36 (compatible; Googlebot/2.1; +http://www.google.com/bot.html)"
66.249.68.39 - - [25/Nov/2024:12:09:56 -0500] "GET /509413706.shtml HTTP/1.1" 404 11630 "-" "Mozilla/5.0 (Linux; Android 6.0.1; Nexus 5X Build/MMB29P) AppleWebKit/537.36 (KHTML, like Gecko) Chrome/131.0.6778.69 Mobile Safari/537.36 (compatible; Googlebot/2.1; +http://www.google.com/bot.html)"
192.64.117.91 - - [25/Nov/2024:12:10:35 -0500] "POST /wp-cron.php?doing_wp_cron=1732554635.7044379711151123046875 HTTP/1.1" 200 0 "-" "WordPress/6.7.1; https://pethavenspot.com"
66.249.68.35 - - [25/Nov/2024:12:10:35 -0500] "GET /239153876.shtml HTTP/1.1" 301 0 "-" "Mozilla/5.0 (Linux; Android 6.0.1; Nexus 5X Build/MMB29P) AppleWebKit/537.36 (KHTML, like Gecko) Chrome/131.0.6778.69 Mobile Safari/537.36 (compatible; Googlebot/2.1; +http://www.google.com/bot.html)"
192.64.117.91 - - [25/Nov/2024:12:10:35 -0500] "POST /wp-admin/admin-ajax.php?action=async_litespeed&nonce=2HauNOhLZD4yVryETDV6swG7FzuhFyIz&litespeed_type=imgoptm HTTP/1.1" 200 21 "-" "WordPress/6.7.1; https://pethavenspot.com"
66.249.68.33 - - [25/Nov/2024:12:10:44 -0500] "GET /556794820.shtml HTTP/1.1" 301 0 "-" "Mozilla/5.0 (Linux; Android 6.0.1; Nexus 5X Build/MMB29P) AppleWebKit/537.36 (KHTML, like Gecko) Chrome/131.0.6778.69 Mobile Safari/537.36 (compatible; Googlebot/2.1; +http://www.google.com/bot.html)"
66.249.68.33 - - [25/Nov/2024:12:10:53 -0500] "GET /239153876.shtml HTTP/1.1" 404 11630 "-" "Mozilla/5.0 (Linux; Android 6.0.1; Nexus 5X Build/MMB29P) AppleWebKit/537.36 (KHTML, like Gecko) Chrome/131.0.6778.69 Mobile Safari/537.36 (compatible; Googlebot/2.1; +http://www.google.com/bot.html)"
66.249.68.32 - - [25/Nov/2024:12:10:59 -0500] "GET /556794820.shtml HTTP/1.1" 404 11630 "-" "Mozilla/5.0 (Linux; Android 6.0.1; Nexus 5X Build/MMB29P) AppleWebKit/537.36 (KHTML, like Gecko) Chrome/131.0.6778.69 Mobile Safari/537.36 (compatible; Googlebot/2.1; +http://www.google.com/bot.html)"
192.64.117.91 - - [25/Nov/2024:12:11:11 -0500] "POST /wp-cron.php?doing_wp_cron=1732554671.6416299343109130859375 HTTP/1.1" 200 0 "-" "WordPress/6.7.1; https://pethavenspot.com"
66.249.68.35 - - [25/Nov/2024:12:11:11 -0500] "GET /136700212.shtml HTTP/1.1" 301 0 "-" "Mozilla/5.0 (Linux; Android 6.0.1; Nexus 5X Build/MMB29P) AppleWebKit/537.36 (KHTML, like Gecko) Chrome/131.0.6778.69 Mobile Safari/537.36 (compatible; Googlebot/2.1; +http://www.google.com/bot.html)"
192.64.117.91 - - [25/Nov/2024:12:11:11 -0500] "POST /wp-admin/admin-ajax.php?action=async_litespeed&nonce=x3Jzw0y7rdditcU9B0ftPoxb3rTeIK2e&litespeed_type=imgoptm HTTP/1.1" 200 21 "-" "WordPress/6.7.1; https://pethavenspot.com"
66.249.68.34 - - [25/Nov/2024:12:11:13 -0500] "GET /284083697.shtml HTTP/1.1" 301 0 "-" "Mozilla/5.0 (Linux; Android 6.0.1; Nexus 5X Build/MMB29P) AppleWebKit/537.36 (KHTML, like Gecko) Chrome/131.0.6778.69 Mobile Safari/537.36 (compatible; Googlebot/2.1; +http://www.google.com/bot.html)"
66.249.68.33 - - [25/Nov/2024:12:11:28 -0500] "GET /136700212.shtml HTTP/1.1" 404 11630 "-" "Mozilla/5.0 (Linux; Android 6.0.1; Nexus 5X Build/MMB29P) AppleWebKit/537.36 (KHTML, like Gecko) Chrome/131.0.6778.69 Mobile Safari/537.36 (compatible; Googlebot/2.1; +http://www.google.com/bot.html)"
66.249.68.33 - - [25/Nov/2024:12:11:28 -0500] "GET /284083697.shtml HTTP/1.1" 404 11630 "-" "Mozilla/5.0 (Linux; Android 6.0.1; Nexus 5X Build/MMB29P) AppleWebKit/537.36 (KHTML, like Gecko) Chrome/131.0.6778.69 Mobile Safari/537.36 (compatible; Googlebot/2.1; +http://www.google.com/bot.html)"
66.249.68.33 - - [25/Nov/2024:12:11:29 -0500] "GET /348030194.shtml HTTP/1.1" 301 0 "-" "Mozilla/5.0 (Linux; Android 6.0.1; Nexus 5X Build/MMB29P) AppleWebKit/537.36 (KHTML, like Gecko) Chrome/131.0.6778.69 Mobile Safari/537.36 (compatible; Googlebot/2.1; +http://www.google.com/bot.html)"
66.249.68.39 - - [25/Nov/2024:12:11:45 -0500] "GET /348030194.shtml HTTP/1.1" 404 11630 "-" "Mozilla/5.0 (Linux; Android 6.0.1; Nexus 5X Build/MMB29P) AppleWebKit/537.36 (KHTML, like Gecko) Chrome/131.0.6778.69 Mobile Safari/537.36 (compatible; Googlebot/2.1; +http://www.google.com/bot.html)"
85.208.96.202 - - [25/Nov/2024:12:11:54 -0500] "GET /robots.txt HTTP/1.1" 200 137 "-" "Mozilla/5.0 (compatible; SemrushBot/7~bl; +http://www.semrush.com/bot.html)"
85.208.96.205 - - [25/Nov/2024:12:11:54 -0500] "GET /tag/bengal-house-cat/ HTTP/1.1" 200 15732 "-" "Mozilla/5.0 (compatible; SemrushBot/7~bl; +http://www.semrush.com/bot.html)"
66.249.68.35 - - [25/Nov/2024:12:12:01 -0500] "GET /196914861.shtml HTTP/1.1" 301 0 "-" "Mozilla/5.0 (Linux; Android 6.0.1; Nexus 5X Build/MMB29P) AppleWebKit/537.36 (KHTML, like Gecko) Chrome/131.0.6778.69 Mobile Safari/537.36 (compatible; Googlebot/2.1; +http://www.google.com/bot.html)"
192.64.117.91 - - [25/Nov/2024:12:12:17 -0500] "POST /wp-cron.php?doing_wp_cron=1732554737.3389248847961425781250 HTTP/1.1" 200 0 "-" "WordPress/6.7.1; https://pethavenspot.com"
66.249.68.32 - - [25/Nov/2024:12:12:17 -0500] "GET /196914861.shtml HTTP/1.1" 404 11630 "-" "Mozilla/5.0 (Linux; Android 6.0.1; Nexus 5X Build/MMB29P) AppleWebKit/537.36 (KHTML, like Gecko) Chrome/131.0.6778.69 Mobile Safari/537.36 (compatible; Googlebot/2.1; +http://www.google.com/bot.html)"
192.64.117.91 - - [25/Nov/2024:12:12:17 -0500] "POST /wp-admin/admin-ajax.php?action=async_litespeed&nonce=ANAeKcqkRq72oZfaXAHPC6gh5bMGeMo0&litespeed_type=imgoptm HTTP/1.1" 200 21 "-" "WordPress/6.7.1; https://pethavenspot.com"
66.249.68.33 - - [25/Nov/2024:12:12:28 -0500] "GET /451653631.shtml HTTP/1.1" 301 0 "-" "Mozilla/5.0 (Linux; Android 6.0.1; Nexus 5X Build/MMB29P) AppleWebKit/537.36 (KHTML, like Gecko) Chrome/131.0.6778.69 Mobile Safari/537.36 (compatible; Googlebot/2.1; +http://www.google.com/bot.html)"
66.249.68.33 - - [25/Nov/2024:12:12:30 -0500] "GET /305427760.shtml HTTP/1.1" 301 0 "-" "Mozilla/5.0 (Linux; Android 6.0.1; Nexus 5X Build/MMB29P) AppleWebKit/537.36 (KHTML, like Gecko) Chrome/131.0.6778.69 Mobile Safari/537.36 (compatible; Googlebot/2.1; +http://www.google.com/bot.html)"
66.249.68.39 - - [25/Nov/2024:12:12:42 -0500] "GET /451653631.shtml HTTP/1.1" 404 11630 "-" "Mozilla/5.0 (Linux; Android 6.0.1; Nexus 5X Build/MMB29P) AppleWebKit/537.36 (KHTML, like Gecko) Chrome/131.0.6778.69 Mobile Safari/537.36 (compatible; Googlebot/2.1; +http://www.google.com/bot.html)"
66.249.68.32 - - [25/Nov/2024:12:12:44 -0500] "GET /305427760.shtml HTTP/1.1" 404 11630 "-" "Mozilla/5.0 (Linux; Android 6.0.1; Nexus 5X Build/MMB29P) AppleWebKit/537.36 (KHTML, like Gecko) Chrome/131.0.6778.69 Mobile Safari/537.36 (compatible; Googlebot/2.1; +http://www.google.com/bot.html)"
66.249.68.33 - - [25/Nov/2024:12:12:49 -0500] "GET /476030303.shtml HTTP/1.1" 301 0 "-" "Mozilla/5.0 (Linux; Android 6.0.1; Nexus 5X Build/MMB29P) AppleWebKit/537.36 (KHTML, like Gecko) Chrome/131.0.6778.69 Mobile Safari/537.36 (compatible; Googlebot/2.1; +http://www.google.com/bot.html)"
66.249.68.33 - - [25/Nov/2024:12:13:02 -0500] "GET /476030303.shtml HTTP/1.1" 404 11630 "-" "Mozilla/5.0 (Linux; Android 6.0.1; Nexus 5X Build/MMB29P) AppleWebKit/537.36 (KHTML, like Gecko) Chrome/131.0.6778.69 Mobile Safari/537.36 (compatible; Googlebot/2.1; +http://www.google.com/bot.html)"
80.85.245.37 - - [25/Nov/2024:12:16:55 -0500] "GET / HTTP/1.1" 200 21161 "-" "Mozilla/5.0 (Windows NT 10.0; Win64; x64) AppleWebKit/537.36 (KHTML, like Gecko) Chrome/120.0.0.0 Safari/537.36"
80.85.245.37 - - [25/Nov/2024:12:16:56 -0500] "GET /comments/feed/ HTTP/1.1" 200 419 "-" "Mozilla/5.0 (Windows NT 10.0; Win64; x64) AppleWebKit/537.36 (KHTML, like Gecko) Chrome/120.0.0.0 Safari/537.36"
192.64.117.91 - - [25/Nov/2024:12:17:49 -0500] "POST /wp-cron.php?doing_wp_cron=1732555069.2683749198913574218750 HTTP/1.1" 200 0 "-" "WordPress/6.7.1; https://pethavenspot.com"
85.208.96.196 - - [25/Nov/2024:12:17:48 -0500] "GET /tag/obedience/ HTTP/1.1" 200 15744 "-" "Mozilla/5.0 (compatible; SemrushBot/7~bl; +http://www.semrush.com/bot.html)"
192.64.117.91 - - [25/Nov/2024:12:17:49 -0500] "POST /wp-admin/admin-ajax.php?action=async_litespeed&nonce=IgArssjtRr0TOlQF324KK70JscCshPUU&litespeed_type=imgoptm HTTP/1.1" 200 21 "-" "WordPress/6.7.1; https://pethavenspot.com"
192.64.117.91 - - [25/Nov/2024:12:18:20 -0500] "POST /wp-cron.php?doing_wp_cron=1732555100.2804589271545410156250 HTTP/1.1" 200 0 "-" "WordPress/6.7.1; https://pethavenspot.com"
66.249.68.35 - - [25/Nov/2024:12:18:20 -0500] "GET /335621838.shtml HTTP/1.1" 301 0 "-" "Mozilla/5.0 (Linux; Android 6.0.1; Nexus 5X Build/MMB29P) AppleWebKit/537.36 (KHTML, like Gecko) Chrome/131.0.6778.69 Mobile Safari/537.36 (compatible; Googlebot/2.1; +http://www.google.com/bot.html)"
192.64.117.91 - - [25/Nov/2024:12:18:20 -0500] "POST /wp-admin/admin-ajax.php?action=async_litespeed&nonce=Nfwhc8lhrIl4SHZSe58iOaQDAbAfATTC&litespeed_type=imgoptm HTTP/1.1" 200 21 "-" "WordPress/6.7.1; https://pethavenspot.com"
66.249.68.33 - - [25/Nov/2024:12:18:22 -0500] "GET /335621838.shtml HTTP/1.1" 404 11630 "-" "Mozilla/5.0 (Linux; Android 6.0.1; Nexus 5X Build/MMB29P) AppleWebKit/537.36 (KHTML, like Gecko) Chrome/131.0.6778.69 Mobile Safari/537.36 (compatible; Googlebot/2.1; +http://www.google.com/bot.html)"
66.249.68.33 - - [25/Nov/2024:12:18:37 -0500] "GET /height=323/img/x/product/details/20240219/sd1_cb1f599761e682eb4be966473994190f1b5d76e9.jpg HTTP/1.1" 301 0 "-" "Googlebot-Image/1.0"
66.249.68.39 - - [25/Nov/2024:12:18:38 -0500] "GET /height=323/img/x/product/details/20240219/sd1_cb1f599761e682eb4be966473994190f1b5d76e9.jpg HTTP/1.1" 404 11630 "-" "Googlebot-Image/1.0"
192.64.117.91 - - [25/Nov/2024:12:20:20 -0500] "POST /wp-cron.php?doing_wp_cron=1732555220.5019369125366210937500 HTTP/1.1" 200 0 "-" "WordPress/6.7.1; https://pethavenspot.com"
66.249.68.34 - - [25/Nov/2024:12:20:19 -0500] "GET /517902811.shtml HTTP/1.1" 301 0 "-" "Mozilla/5.0 (Linux; Android 6.0.1; Nexus 5X Build/MMB29P) AppleWebKit/537.36 (KHTML, like Gecko) Chrome/131.0.6778.69 Mobile Safari/537.36 (compatible; Googlebot/2.1; +http://www.google.com/bot.html)"
192.64.117.91 - - [25/Nov/2024:12:20:20 -0500] "POST /wp-admin/admin-ajax.php?action=async_litespeed&nonce=b61jv0JPIIraXgxdY90PcdW88zdxAuDY&litespeed_type=imgoptm HTTP/1.1" 200 21 "-" "WordPress/6.7.1; https://pethavenspot.com"
66.249.68.39 - - [25/Nov/2024:12:20:22 -0500] "GET /517902811.shtml HTTP/1.1" 404 11632 "-" "Mozilla/5.0 (Linux; Android 6.0.1; Nexus 5X Build/MMB29P) AppleWebKit/537.36 (KHTML, like Gecko) Chrome/131.0.6778.69 Mobile Safari/537.36 (compatible; Googlebot/2.1; +http://www.google.com/bot.html)"
192.64.117.91 - - [25/Nov/2024:12:22:19 -0500] "POST /wp-cron.php?doing_wp_cron=1732555339.3502209186553955078125 HTTP/1.1" 200 0 "-" "WordPress/6.7.1; https://pethavenspot.com"
66.249.68.35 - - [25/Nov/2024:12:22:18 -0500] "GET /299693730.shtml HTTP/1.1" 301 0 "-" "Mozilla/5.0 (Linux; Android 6.0.1; Nexus 5X Build/MMB29P) AppleWebKit/537.36 (KHTML, like Gecko) Chrome/131.0.6778.69 Mobile Safari/537.36 (compatible; Googlebot/2.1; +http://www.google.com/bot.html)"
192.64.117.91 - - [25/Nov/2024:12:22:19 -0500] "POST /wp-admin/admin-ajax.php?action=async_litespeed&nonce=WhglT3w5KgIrKxER1pqzMnhncniFMT8E&litespeed_type=imgoptm HTTP/1.1" 200 21 "-" "WordPress/6.7.1; https://pethavenspot.com"
66.249.68.39 - - [25/Nov/2024:12:22:20 -0500] "GET /299693730.shtml HTTP/1.1" 404 11630 "-" "Mozilla/5.0 (Linux; Android 6.0.1; Nexus 5X Build/MMB29P) AppleWebKit/537.36 (KHTML, like Gecko) Chrome/131.0.6778.69 Mobile Safari/537.36 (compatible; Googlebot/2.1; +http://www.google.com/bot.html)"
192.64.117.91 - - [25/Nov/2024:12:24:10 -0500] "POST /wp-cron.php?doing_wp_cron=1732555450.6687309741973876953125 HTTP/1.1" 200 0 "-" "WordPress/6.7.1; https://pethavenspot.com"
66.249.68.33 - - [25/Nov/2024:12:24:09 -0500] "GET /height=323/img/x/product/details/20240418/sd1_172294d460c6587b8d6438fd7ee194e8458eab3e.jpg HTTP/1.1" 301 0 "-" "Googlebot-Image/1.0"
192.64.117.91 - - [25/Nov/2024:12:24:10 -0500] "POST /wp-admin/admin-ajax.php?action=async_litespeed&nonce=HL5Y5S33Ca4U6o5SB16NTTclAWC7keWy&litespeed_type=imgoptm HTTP/1.1" 200 21 "-" "WordPress/6.7.1; https://pethavenspot.com"
66.249.68.32 - - [25/Nov/2024:12:24:15 -0500] "GET /height=323/img/x/product/details/20240418/sd1_172294d460c6587b8d6438fd7ee194e8458eab3e.jpg HTTP/1.1" 404 11630 "-" "Googlebot-Image/1.0"
66.249.68.33 - - [25/Nov/2024:12:24:22 -0500] "GET /215485707.shtml HTTP/1.1" 301 0 "-" "Mozilla/5.0 (Linux; Android 6.0.1; Nexus 5X Build/MMB29P) AppleWebKit/537.36 (KHTML, like Gecko) Chrome/131.0.6778.69 Mobile Safari/537.36 (compatible; Googlebot/2.1; +http://www.google.com/bot.html)"
66.249.68.39 - - [25/Nov/2024:12:24:28 -0500] "GET /215485707.shtml HTTP/1.1" 404 11630 "-" "Mozilla/5.0 (Linux; Android 6.0.1; Nexus 5X Build/MMB29P) AppleWebKit/537.36 (KHTML, like Gecko) Chrome/131.0.6778.69 Mobile Safari/537.36 (compatible; Googlebot/2.1; +http://www.google.com/bot.html)"
192.64.117.91 - - [25/Nov/2024:12:26:24 -0500] "POST /wp-cron.php?doing_wp_cron=1732555584.8987579345703125000000 HTTP/1.1" 200 0 "-" "WordPress/6.7.1; https://pethavenspot.com"
66.249.68.33 - - [25/Nov/2024:12:26:23 -0500] "GET /145070043.shtml HTTP/1.1" 301 0 "-" "Mozilla/5.0 (Linux; Android 6.0.1; Nexus 5X Build/MMB29P) AppleWebKit/537.36 (KHTML, like Gecko) Chrome/131.0.6778.69 Mobile Safari/537.36 (compatible; Googlebot/2.1; +http://www.google.com/bot.html)"
192.64.117.91 - - [25/Nov/2024:12:26:25 -0500] "POST /wp-admin/admin-ajax.php?action=async_litespeed&nonce=2r0bkJxSfkAxyNz3Th6WnjswU32NFq5a&litespeed_type=imgoptm HTTP/1.1" 200 21 "-" "WordPress/6.7.1; https://pethavenspot.com"
66.249.68.33 - - [25/Nov/2024:12:26:32 -0500] "GET /145070043.shtml HTTP/1.1" 404 11630 "-" "Mozilla/5.0 (Linux; Android 6.0.1; Nexus 5X Build/MMB29P) AppleWebKit/537.36 (KHTML, like Gecko) Chrome/131.0.6778.69 Mobile Safari/537.36 (compatible; Googlebot/2.1; +http://www.google.com/bot.html)"
192.64.117.91 - - [25/Nov/2024:12:28:30 -0500] "POST /wp-cron.php?doing_wp_cron=1732555710.0819239616394042968750 HTTP/1.1" 200 0 "-" "WordPress/6.7.1; https://pethavenspot.com"
66.249.68.34 - - [25/Nov/2024:12:28:28 -0500] "GET /185889350.shtml HTTP/1.1" 301 0 "-" "Mozilla/5.0 (Linux; Android 6.0.1; Nexus 5X Build/MMB29P) AppleWebKit/537.36 (KHTML, like Gecko) Chrome/131.0.6778.69 Mobile Safari/537.36 (compatible; Googlebot/2.1; +http://www.google.com/bot.html)"
192.64.117.91 - - [25/Nov/2024:12:28:30 -0500] "POST /wp-admin/admin-ajax.php?action=async_litespeed&nonce=1byYcaUCiS2wfSnfuxIXDHa2NqNjGRFd&litespeed_type=imgoptm HTTP/1.1" 200 21 "-" "WordPress/6.7.1; https://pethavenspot.com"
66.249.68.33 - - [25/Nov/2024:12:28:44 -0500] "GET /185889350.shtml HTTP/1.1" 404 11630 "-" "Mozilla/5.0 (Linux; Android 6.0.1; Nexus 5X Build/MMB29P) AppleWebKit/537.36 (KHTML, like Gecko) Chrome/131.0.6778.69 Mobile Safari/537.36 (compatible; Googlebot/2.1; +http://www.google.com/bot.html)"
192.64.117.91 - - [25/Nov/2024:12:30:28 -0500] "POST /wp-cron.php?doing_wp_cron=1732555828.3104939460754394531250 HTTP/1.1" 200 0 "-" "WordPress/6.7.1; https://pethavenspot.com"
66.249.68.34 - - [25/Nov/2024:12:30:26 -0500] "GET /97822485.shtml HTTP/1.1" 301 0 "-" "Mozilla/5.0 (Linux; Android 6.0.1; Nexus 5X Build/MMB29P) AppleWebKit/537.36 (KHTML, like Gecko) Chrome/131.0.6778.69 Mobile Safari/537.36 (compatible; Googlebot/2.1; +http://www.google.com/bot.html)"
192.64.117.91 - - [25/Nov/2024:12:30:28 -0500] "POST /wp-admin/admin-ajax.php?action=async_litespeed&nonce=6ejy6D0WXBouOEFuq0v9RKwTjOJwwiVK&litespeed_type=imgoptm HTTP/1.1" 200 21 "-" "WordPress/6.7.1; https://pethavenspot.com"
66.249.68.32 - - [25/Nov/2024:12:30:39 -0500] "GET /97822485.shtml HTTP/1.1" 404 11630 "-" "Mozilla/5.0 (Linux; Android 6.0.1; Nexus 5X Build/MMB29P) AppleWebKit/537.36 (KHTML, like Gecko) Chrome/131.0.6778.69 Mobile Safari/537.36 (compatible; Googlebot/2.1; +http://www.google.com/bot.html)"
