Graybyt3 Was Here
Linux business121.web-hosting.com 4.18.0-513.11.1.lve.el8.x86_64 #1 SMP Thu Jan 18 16:21:02 UTC 2024 x86_64
LiteSpeed
192.64.117.91
/
proc
/
self
/
root
/
home
/
insiaiqb
/
access-logs
[ HOME ]
Exec
Submit
File Name : pethavenspot.com.insiderbez.com-ssl_log
192.64.117.91 - - [25/Nov/2024:07:08:37 -0500] "POST /wp-cron.php?doing_wp_cron=1732536517.7247691154479980468750 HTTP/1.1" 200 0 "-" "WordPress/6.7.1; https://pethavenspot.com"
34.75.65.218 - - [25/Nov/2024:07:08:36 -0500] "POST /wp-login.php HTTP/1.1" 200 2051 "-" "Mozilla/5.0 (Windows NT 10.0; Win64; x64) AppleWebKit/537.36 (KHTML, like Gecko) Chrome/73.0.3683.75 Safari/537.36"
192.64.117.91 - - [25/Nov/2024:07:08:38 -0500] "POST /wp-admin/admin-ajax.php?action=async_litespeed&nonce=vDDQm8u2SfKSY5jTxZKOzaS0FKIzMROC&litespeed_type=imgoptm HTTP/1.1" 200 0 "-" "WordPress/6.7.1; https://pethavenspot.com"
192.64.117.91 - - [25/Nov/2024:07:10:48 -0500] "POST /wp-cron.php?doing_wp_cron=1732536648.6983680725097656250000 HTTP/1.1" 200 0 "-" "WordPress/6.7.1; https://pethavenspot.com"
51.222.253.20 - - [25/Nov/2024:07:10:47 -0500] "GET /tag/bengal-cat-pros-and-cons/ HTTP/1.1" 200 13455 "-" "Mozilla/5.0 (compatible; AhrefsBot/7.0; +http://ahrefs.com/robot/)"
192.64.117.91 - - [25/Nov/2024:07:10:48 -0500] "POST /wp-admin/admin-ajax.php?action=async_litespeed&nonce=n1DMyKXjg10JvRlGdY54fj7jgA1kYS9v&litespeed_type=imgoptm HTTP/1.1" 200 21 "-" "WordPress/6.7.1; https://pethavenspot.com"
192.64.117.91 - - [25/Nov/2024:07:11:22 -0500] "POST /wp-cron.php?doing_wp_cron=1732536682.2463719844818115234375 HTTP/1.1" 200 0 "-" "WordPress/6.7.1; https://pethavenspot.com"
66.249.68.35 - - [25/Nov/2024:07:11:22 -0500] "GET /48736988.shtml HTTP/1.1" 301 0 "-" "Mozilla/5.0 (Linux; Android 6.0.1; Nexus 5X Build/MMB29P) AppleWebKit/537.36 (KHTML, like Gecko) Chrome/131.0.6778.69 Mobile Safari/537.36 (compatible; Googlebot/2.1; +http://www.google.com/bot.html)"
192.64.117.91 - - [25/Nov/2024:07:11:22 -0500] "POST /wp-admin/admin-ajax.php?action=async_litespeed&nonce=7sKXAKh7Re1dpt6IuzYpiSt7T8gDJkvE&litespeed_type=imgoptm HTTP/1.1" 200 21 "-" "WordPress/6.7.1; https://pethavenspot.com"
66.249.68.33 - - [25/Nov/2024:07:11:22 -0500] "GET /48736988.shtml HTTP/1.1" 404 11630 "-" "Mozilla/5.0 (Linux; Android 6.0.1; Nexus 5X Build/MMB29P) AppleWebKit/537.36 (KHTML, like Gecko) Chrome/131.0.6778.69 Mobile Safari/537.36 (compatible; Googlebot/2.1; +http://www.google.com/bot.html)"
192.64.117.91 - - [25/Nov/2024:07:12:22 -0500] "POST /wp-cron.php?doing_wp_cron=1732536742.9212229251861572265625 HTTP/1.1" 200 0 "-" "WordPress/6.7.1; https://pethavenspot.com"
66.249.68.34 - - [25/Nov/2024:07:12:22 -0500] "GET /178952544.shtml HTTP/1.1" 301 0 "-" "Mozilla/5.0 (Linux; Android 6.0.1; Nexus 5X Build/MMB29P) AppleWebKit/537.36 (KHTML, like Gecko) Chrome/131.0.6778.69 Mobile Safari/537.36 (compatible; Googlebot/2.1; +http://www.google.com/bot.html)"
192.64.117.91 - - [25/Nov/2024:07:12:23 -0500] "POST /wp-admin/admin-ajax.php?action=async_litespeed&nonce=DEnBAt0iblo8GdfCZbPkfSw9b0zg8gZT&litespeed_type=imgoptm HTTP/1.1" 200 21 "-" "WordPress/6.7.1; https://pethavenspot.com"
66.249.68.39 - - [25/Nov/2024:07:12:23 -0500] "GET /178952544.shtml HTTP/1.1" 404 11630 "-" "Mozilla/5.0 (Linux; Android 6.0.1; Nexus 5X Build/MMB29P) AppleWebKit/537.36 (KHTML, like Gecko) Chrome/131.0.6778.69 Mobile Safari/537.36 (compatible; Googlebot/2.1; +http://www.google.com/bot.html)"
192.64.117.91 - - [25/Nov/2024:07:13:45 -0500] "POST /wp-cron.php?doing_wp_cron=1732536825.2401399612426757812500 HTTP/1.1" 200 0 "-" "WordPress/6.7.1; https://pethavenspot.com"
66.249.68.39 - - [25/Nov/2024:07:13:45 -0500] "GET /24288095.shtml HTTP/1.1" 404 11630 "-" "Mozilla/5.0 (Linux; Android 6.0.1; Nexus 5X Build/MMB29P) AppleWebKit/537.36 (KHTML, like Gecko) Chrome/131.0.6778.69 Mobile Safari/537.36 (compatible; Googlebot/2.1; +http://www.google.com/bot.html)"
192.64.117.91 - - [25/Nov/2024:07:13:45 -0500] "POST /wp-admin/admin-ajax.php?action=async_litespeed&nonce=cW3cYxaSFn0uR5A8s9T6UnkCA0Lo7Q7t&litespeed_type=imgoptm HTTP/1.1" 200 21 "-" "WordPress/6.7.1; https://pethavenspot.com"
41.210.146.202 - - [25/Nov/2024:07:16:38 -0500] "GET /wp-content/uploads/2024/01/Top-7-Biggest-Snakes-in-the-World.webp HTTP/1.1" 200 51458 "https://www.google.com/" "Mozilla/5.0 (Linux; Android 8.0.0; Infinix X608 Build/OPR1.170623.032; wv) AppleWebKit/537.36 (KHTML, like Gecko) Version/4.0 Chrome/66.0.3359.126 Mobile Safari/537.36 GSA/8.5.15.21.arm64"
185.196.220.26 - - [25/Nov/2024:07:18:27 -0500] "GET / HTTP/1.1" 200 21161 "http://pethavenspot.com/" "Mozilla/5.0 (compatible; Googlebot/2.1; +http://www.google.com/bot.html)"
87.247.158.120 - - [25/Nov/2024:07:19:39 -0500] "GET /wp-json/?rest_route=/wp/v2/USERS HTTP/1.1" 403 1242 "-" "Mozilla/5.0 (Windows NT 10.0; Win64; x64) AppleWebKit/537.36 (KHTML, like Gecko) Chrome/124.0.0.0 Safari/537.36"
87.247.158.120 - - [25/Nov/2024:07:19:39 -0500] "GET /wp-json/?rest_route=/wp/v2/USERS HTTP/1.1" 403 1242 "-" "Mozilla/5.0 (Windows NT 10.0; Win64; x64) AppleWebKit/537.36 (KHTML, like Gecko) Chrome/124.0.0.0 Safari/537.36"
192.64.117.91 - - [25/Nov/2024:07:24:49 -0500] "POST /wp-cron.php?doing_wp_cron=1732537488.9802689552307128906250 HTTP/1.1" 200 0 "-" "WordPress/6.7.1; https://pethavenspot.com"
91.218.64.199 - - [25/Nov/2024:07:24:44 -0500] "POST /wp-login.php HTTP/1.1" 200 2052 "-" "Mozilla/5.0 (Windows NT 5.1) AppleWebKit/537.36 (KHTML, like Gecko) Chrome/47.0.2526.106 Safari/537.36"
192.64.117.91 - - [25/Nov/2024:07:24:49 -0500] "POST /wp-admin/admin-ajax.php?action=async_litespeed&nonce=tsye59jLinbigxMpCQxgwwc5ZGLgQjDj&litespeed_type=imgoptm HTTP/1.1" 200 21 "-" "WordPress/6.7.1; https://pethavenspot.com"
192.64.117.91 - - [25/Nov/2024:07:37:25 -0500] "POST /wp-cron.php?doing_wp_cron=1732538245.6079080104827880859375 HTTP/1.1" 200 0 "-" "WordPress/6.7.1; https://pethavenspot.com"
66.249.68.34 - - [25/Nov/2024:07:37:22 -0500] "GET /575520066.shtml HTTP/1.1" 301 0 "-" "Mozilla/5.0 (Linux; Android 6.0.1; Nexus 5X Build/MMB29P) AppleWebKit/537.36 (KHTML, like Gecko) Chrome/131.0.6778.69 Mobile Safari/537.36 (compatible; Googlebot/2.1; +http://www.google.com/bot.html)"
192.64.117.91 - - [25/Nov/2024:07:37:25 -0500] "POST /wp-admin/admin-ajax.php?action=async_litespeed&nonce=u2NVa7NReEJm8jI936ut98zNve4jy60z&litespeed_type=imgoptm HTTP/1.1" 200 21 "-" "WordPress/6.7.1; https://pethavenspot.com"
66.249.68.33 - - [25/Nov/2024:07:37:26 -0500] "GET /575520066.shtml HTTP/1.1" 404 11630 "-" "Mozilla/5.0 (Linux; Android 6.0.1; Nexus 5X Build/MMB29P) AppleWebKit/537.36 (KHTML, like Gecko) Chrome/131.0.6778.69 Mobile Safari/537.36 (compatible; Googlebot/2.1; +http://www.google.com/bot.html)"
192.64.117.91 - - [25/Nov/2024:07:38:54 -0500] "POST /wp-cron.php?doing_wp_cron=1732538334.6397759914398193359375 HTTP/1.1" 200 0 "-" "WordPress/6.7.1; https://pethavenspot.com"
66.249.68.33 - - [25/Nov/2024:07:38:53 -0500] "GET /518942116.shtml HTTP/1.1" 301 0 "-" "Mozilla/5.0 (Linux; Android 6.0.1; Nexus 5X Build/MMB29P) AppleWebKit/537.36 (KHTML, like Gecko) Chrome/131.0.6778.69 Mobile Safari/537.36 (compatible; Googlebot/2.1; +http://www.google.com/bot.html)"
192.64.117.91 - - [25/Nov/2024:07:38:54 -0500] "POST /wp-admin/admin-ajax.php?action=async_litespeed&nonce=CSSgdhOgfy2KYgvyW2zbcOxyEALRQMqK&litespeed_type=imgoptm HTTP/1.1" 200 21 "-" "WordPress/6.7.1; https://pethavenspot.com"
66.249.68.39 - - [25/Nov/2024:07:38:55 -0500] "GET /518942116.shtml HTTP/1.1" 404 11630 "-" "Mozilla/5.0 (Linux; Android 6.0.1; Nexus 5X Build/MMB29P) AppleWebKit/537.36 (KHTML, like Gecko) Chrome/131.0.6778.69 Mobile Safari/537.36 (compatible; Googlebot/2.1; +http://www.google.com/bot.html)"
192.64.117.91 - - [25/Nov/2024:07:40:53 -0500] "POST /wp-cron.php?doing_wp_cron=1732538452.5734229087829589843750 HTTP/1.1" 200 0 "-" "WordPress/6.7.1; https://pethavenspot.com"
45.119.84.18 - - [25/Nov/2024:07:40:50 -0500] "POST /wp-login.php HTTP/1.1" 200 2052 "-" "Mozilla/5.0 (Windows NT 10.0; Win64; x64) AppleWebKit/537.36 (KHTML, like Gecko) Chrome/64.0.3282.140 Safari/537.36"
192.64.117.91 - - [25/Nov/2024:07:40:54 -0500] "POST /wp-admin/admin-ajax.php?action=async_litespeed&nonce=ciPmhDOLgrNEbOx1WFLeKNdW4FVKEMFR&litespeed_type=imgoptm HTTP/1.1" 200 0 "-" "WordPress/6.7.1; https://pethavenspot.com"
188.143.169.41 - - [25/Nov/2024:07:48:40 -0500] "GET / HTTP/1.1" 200 21161 "-" "Mozilla/5.0 X11; Ubuntu; Linux x86_64; rv:126.0 Gecko/20100101 Firefox/126.0"
192.64.117.91 - - [25/Nov/2024:07:50:46 -0500] "POST /wp-cron.php?doing_wp_cron=1732539046.5388419628143310546875 HTTP/1.1" 200 0 "-" "WordPress/6.7.1; https://pethavenspot.com"
40.77.167.65 - - [25/Nov/2024:07:50:40 -0500] "GET /545495828.shtml HTTP/1.1" 301 0 "-" "Mozilla/5.0 AppleWebKit/537.36 (KHTML, like Gecko; compatible; bingbot/2.0; +http://www.bing.com/bingbot.htm) Chrome/116.0.1938.76 Safari/537.36"
192.64.117.91 - - [25/Nov/2024:07:50:48 -0500] "POST /wp-admin/admin-ajax.php?action=async_litespeed&nonce=FBCyQFmcam1fHMzu9VANrgZAqgbtIOSg&litespeed_type=imgoptm HTTP/1.1" 200 0 "-" "WordPress/6.7.1; https://pethavenspot.com"
192.64.117.91 - - [25/Nov/2024:07:56:57 -0500] "POST /wp-cron.php?doing_wp_cron=1732539417.3423440456390380859375 HTTP/1.1" 200 0 "-" "WordPress/6.7.1; https://pethavenspot.com"
35.219.54.159 - - [25/Nov/2024:07:56:55 -0500] "POST /wp-login.php HTTP/1.1" 200 2052 "-" "Mozilla/5.0 (Windows NT 10.0; Win64; x64) AppleWebKit/537.36 (KHTML, like Gecko) Chrome/87.0.4280.88 Safari/537.36"
192.64.117.91 - - [25/Nov/2024:07:56:58 -0500] "POST /wp-admin/admin-ajax.php?action=async_litespeed&nonce=G8gtiE1coto5vyojQR7qt4LEonZSgwJh&litespeed_type=imgoptm HTTP/1.1" 200 21 "-" "WordPress/6.7.1; https://pethavenspot.com"
192.64.117.91 - - [25/Nov/2024:08:06:33 -0500] "POST /wp-cron.php?doing_wp_cron=1732539993.4061849117279052734375 HTTP/1.1" 200 0 "-" "WordPress/6.7.1; https://pethavenspot.com"
66.249.68.35 - - [25/Nov/2024:08:06:32 -0500] "GET /49562063.shtml HTTP/1.1" 301 0 "-" "Mozilla/5.0 (Linux; Android 6.0.1; Nexus 5X Build/MMB29P) AppleWebKit/537.36 (KHTML, like Gecko) Chrome/131.0.6778.69 Mobile Safari/537.36 (compatible; Googlebot/2.1; +http://www.google.com/bot.html)"
192.64.117.91 - - [25/Nov/2024:08:06:33 -0500] "POST /wp-admin/admin-ajax.php?action=async_litespeed&nonce=Z4Ozw2IWFhOzNfRCpXuoZhgJUQRITctY&litespeed_type=imgoptm HTTP/1.1" 200 21 "-" "WordPress/6.7.1; https://pethavenspot.com"
66.249.68.39 - - [25/Nov/2024:08:06:34 -0500] "GET /49562063.shtml HTTP/1.1" 404 11630 "-" "Mozilla/5.0 (Linux; Android 6.0.1; Nexus 5X Build/MMB29P) AppleWebKit/537.36 (KHTML, like Gecko) Chrome/131.0.6778.69 Mobile Safari/537.36 (compatible; Googlebot/2.1; +http://www.google.com/bot.html)"
192.64.117.91 - - [25/Nov/2024:08:07:19 -0500] "POST /wp-cron.php?doing_wp_cron=1732540039.8964109420776367187500 HTTP/1.1" 200 0 "-" "WordPress/6.7.1; https://pethavenspot.com"
66.249.68.35 - - [25/Nov/2024:08:07:19 -0500] "GET /475856989.shtml HTTP/1.1" 301 0 "-" "Mozilla/5.0 (Linux; Android 6.0.1; Nexus 5X Build/MMB29P) AppleWebKit/537.36 (KHTML, like Gecko) Chrome/131.0.6778.69 Mobile Safari/537.36 (compatible; Googlebot/2.1; +http://www.google.com/bot.html)"
192.64.117.91 - - [25/Nov/2024:08:07:20 -0500] "POST /wp-admin/admin-ajax.php?action=async_litespeed&nonce=dQyhgEQEt0d8tjdbueeoKvGXyBWt2IF2&litespeed_type=imgoptm HTTP/1.1" 200 21 "-" "WordPress/6.7.1; https://pethavenspot.com"
66.249.68.33 - - [25/Nov/2024:08:07:20 -0500] "GET /475856989.shtml HTTP/1.1" 404 11630 "-" "Mozilla/5.0 (Linux; Android 6.0.1; Nexus 5X Build/MMB29P) AppleWebKit/537.36 (KHTML, like Gecko) Chrome/131.0.6778.69 Mobile Safari/537.36 (compatible; Googlebot/2.1; +http://www.google.com/bot.html)"
66.249.68.33 - - [25/Nov/2024:08:07:35 -0500] "GET /225983749.shtml HTTP/1.1" 301 0 "-" "Mozilla/5.0 (Linux; Android 6.0.1; Nexus 5X Build/MMB29P) AppleWebKit/537.36 (KHTML, like Gecko) Chrome/131.0.6778.69 Mobile Safari/537.36 (compatible; Googlebot/2.1; +http://www.google.com/bot.html)"
66.249.68.39 - - [25/Nov/2024:08:07:38 -0500] "GET /225983749.shtml HTTP/1.1" 404 11630 "-" "Mozilla/5.0 (Linux; Android 6.0.1; Nexus 5X Build/MMB29P) AppleWebKit/537.36 (KHTML, like Gecko) Chrome/131.0.6778.69 Mobile Safari/537.36 (compatible; Googlebot/2.1; +http://www.google.com/bot.html)"
66.249.68.33 - - [25/Nov/2024:08:07:57 -0500] "GET /125976746.shtml HTTP/1.1" 301 0 "-" "Mozilla/5.0 (Linux; Android 6.0.1; Nexus 5X Build/MMB29P) AppleWebKit/537.36 (KHTML, like Gecko) Chrome/131.0.6778.69 Mobile Safari/537.36 (compatible; Googlebot/2.1; +http://www.google.com/bot.html)"
66.249.68.32 - - [25/Nov/2024:08:08:01 -0500] "GET /125976746.shtml HTTP/1.1" 404 11632 "-" "Mozilla/5.0 (Linux; Android 6.0.1; Nexus 5X Build/MMB29P) AppleWebKit/537.36 (KHTML, like Gecko) Chrome/131.0.6778.69 Mobile Safari/537.36 (compatible; Googlebot/2.1; +http://www.google.com/bot.html)"
192.64.117.91 - - [25/Nov/2024:08:08:23 -0500] "POST /wp-cron.php?doing_wp_cron=1732540103.4938359260559082031250 HTTP/1.1" 200 0 "-" "WordPress/6.7.1; https://pethavenspot.com"
66.249.68.34 - - [25/Nov/2024:08:08:23 -0500] "GET /12973509.shtml HTTP/1.1" 301 0 "-" "Mozilla/5.0 (Linux; Android 6.0.1; Nexus 5X Build/MMB29P) AppleWebKit/537.36 (KHTML, like Gecko) Chrome/131.0.6778.69 Mobile Safari/537.36 (compatible; Googlebot/2.1; +http://www.google.com/bot.html)"
192.64.117.91 - - [25/Nov/2024:08:08:23 -0500] "POST /wp-admin/admin-ajax.php?action=async_litespeed&nonce=MKt2wOgPbd64MvUZa8d6dyqL5XSmjvFx&litespeed_type=imgoptm HTTP/1.1" 200 21 "-" "WordPress/6.7.1; https://pethavenspot.com"
66.249.68.39 - - [25/Nov/2024:08:08:26 -0500] "GET /12973509.shtml HTTP/1.1" 404 11630 "-" "Mozilla/5.0 (Linux; Android 6.0.1; Nexus 5X Build/MMB29P) AppleWebKit/537.36 (KHTML, like Gecko) Chrome/131.0.6778.69 Mobile Safari/537.36 (compatible; Googlebot/2.1; +http://www.google.com/bot.html)"
192.64.117.91 - - [25/Nov/2024:08:09:22 -0500] "POST /wp-cron.php?doing_wp_cron=1732540162.6305489540100097656250 HTTP/1.1" 200 0 "-" "WordPress/6.7.1; https://pethavenspot.com"
66.249.68.32 - - [25/Nov/2024:08:09:22 -0500] "GET /11823572.shtml HTTP/1.1" 404 11630 "-" "Mozilla/5.0 (Linux; Android 6.0.1; Nexus 5X Build/MMB29P) AppleWebKit/537.36 (KHTML, like Gecko) Chrome/131.0.6778.69 Mobile Safari/537.36 (compatible; Googlebot/2.1; +http://www.google.com/bot.html)"
192.64.117.91 - - [25/Nov/2024:08:09:22 -0500] "POST /wp-admin/admin-ajax.php?action=async_litespeed&nonce=HzCGIzZiWDJm8YiPHRT4Ud0sohAcZjzV&litespeed_type=imgoptm HTTP/1.1" 200 21 "-" "WordPress/6.7.1; https://pethavenspot.com"
66.249.68.35 - - [25/Nov/2024:08:09:59 -0500] "GET /226828124.shtml HTTP/1.1" 301 0 "-" "Mozilla/5.0 (Linux; Android 6.0.1; Nexus 5X Build/MMB29P) AppleWebKit/537.36 (KHTML, like Gecko) Chrome/131.0.6778.69 Mobile Safari/537.36 (compatible; Googlebot/2.1; +http://www.google.com/bot.html)"
66.249.68.39 - - [25/Nov/2024:08:10:00 -0500] "GET /226828124.shtml HTTP/1.1" 404 11630 "-" "Mozilla/5.0 (Linux; Android 6.0.1; Nexus 5X Build/MMB29P) AppleWebKit/537.36 (KHTML, like Gecko) Chrome/131.0.6778.69 Mobile Safari/537.36 (compatible; Googlebot/2.1; +http://www.google.com/bot.html)"
66.249.68.33 - - [25/Nov/2024:08:10:01 -0500] "GET /458692727.shtml HTTP/1.1" 301 0 "-" "Mozilla/5.0 (Linux; Android 6.0.1; Nexus 5X Build/MMB29P) AppleWebKit/537.36 (KHTML, like Gecko) Chrome/131.0.6778.69 Mobile Safari/537.36 (compatible; Googlebot/2.1; +http://www.google.com/bot.html)"
66.249.68.39 - - [25/Nov/2024:08:10:05 -0500] "GET /458692727.shtml HTTP/1.1" 404 11630 "-" "Mozilla/5.0 (Linux; Android 6.0.1; Nexus 5X Build/MMB29P) AppleWebKit/537.36 (KHTML, like Gecko) Chrome/131.0.6778.69 Mobile Safari/537.36 (compatible; Googlebot/2.1; +http://www.google.com/bot.html)"
192.64.117.91 - - [25/Nov/2024:08:10:18 -0500] "POST /wp-cron.php?doing_wp_cron=1732540218.8489370346069335937500 HTTP/1.1" 200 0 "-" "WordPress/6.7.1; https://pethavenspot.com"
66.249.68.34 - - [25/Nov/2024:08:10:18 -0500] "GET /553704697.shtml HTTP/1.1" 301 0 "-" "Mozilla/5.0 (Linux; Android 6.0.1; Nexus 5X Build/MMB29P) AppleWebKit/537.36 (KHTML, like Gecko) Chrome/131.0.6778.69 Mobile Safari/537.36 (compatible; Googlebot/2.1; +http://www.google.com/bot.html)"
192.64.117.91 - - [25/Nov/2024:08:10:18 -0500] "POST /wp-admin/admin-ajax.php?action=async_litespeed&nonce=KyctfcLQpRyPBpKfpRMUP6Mh109drADN&litespeed_type=imgoptm HTTP/1.1" 200 21 "-" "WordPress/6.7.1; https://pethavenspot.com"
66.249.68.33 - - [25/Nov/2024:08:10:21 -0500] "GET /274406098.shtml HTTP/1.1" 301 0 "-" "Mozilla/5.0 (Linux; Android 6.0.1; Nexus 5X Build/MMB29P) AppleWebKit/537.36 (KHTML, like Gecko) Chrome/131.0.6778.69 Mobile Safari/537.36 (compatible; Googlebot/2.1; +http://www.google.com/bot.html)"
66.249.68.39 - - [25/Nov/2024:08:10:22 -0500] "GET /553704697.shtml HTTP/1.1" 404 11630 "-" "Mozilla/5.0 (Linux; Android 6.0.1; Nexus 5X Build/MMB29P) AppleWebKit/537.36 (KHTML, like Gecko) Chrome/131.0.6778.69 Mobile Safari/537.36 (compatible; Googlebot/2.1; +http://www.google.com/bot.html)"
66.249.68.39 - - [25/Nov/2024:08:10:27 -0500] "GET /274406098.shtml HTTP/1.1" 404 11630 "-" "Mozilla/5.0 (Linux; Android 6.0.1; Nexus 5X Build/MMB29P) AppleWebKit/537.36 (KHTML, like Gecko) Chrome/131.0.6778.69 Mobile Safari/537.36 (compatible; Googlebot/2.1; +http://www.google.com/bot.html)"
66.249.68.39 - - [25/Nov/2024:08:10:33 -0500] "GET /31376918.shtml HTTP/1.1" 404 11630 "-" "Mozilla/5.0 (Linux; Android 6.0.1; Nexus 5X Build/MMB29P) AppleWebKit/537.36 (KHTML, like Gecko) Chrome/131.0.6778.69 Mobile Safari/537.36 (compatible; Googlebot/2.1; +http://www.google.com/bot.html)"
66.249.68.39 - - [25/Nov/2024:08:10:55 -0500] "GET /27797051.shtml HTTP/1.1" 404 11630 "-" "Mozilla/5.0 (Linux; Android 6.0.1; Nexus 5X Build/MMB29P) AppleWebKit/537.36 (KHTML, like Gecko) Chrome/131.0.6778.69 Mobile Safari/537.36 (compatible; Googlebot/2.1; +http://www.google.com/bot.html)"
192.64.117.91 - - [25/Nov/2024:08:12:07 -0500] "POST /wp-cron.php?doing_wp_cron=1732540327.2836639881134033203125 HTTP/1.1" 200 0 "-" "WordPress/6.7.1; https://pethavenspot.com"
66.249.68.33 - - [25/Nov/2024:08:12:07 -0500] "GET /580257637.shtml HTTP/1.1" 301 0 "-" "Mozilla/5.0 (Linux; Android 6.0.1; Nexus 5X Build/MMB29P) AppleWebKit/537.36 (KHTML, like Gecko) Chrome/131.0.6778.69 Mobile Safari/537.36 (compatible; Googlebot/2.1; +http://www.google.com/bot.html)"
192.64.117.91 - - [25/Nov/2024:08:12:07 -0500] "POST /wp-admin/admin-ajax.php?action=async_litespeed&nonce=TIAC9q26BmoTNWsOy5VG7I5CN9Yppy3M&litespeed_type=imgoptm HTTP/1.1" 200 21 "-" "WordPress/6.7.1; https://pethavenspot.com"
66.249.68.33 - - [25/Nov/2024:08:12:07 -0500] "GET /580257637.shtml HTTP/1.1" 404 11630 "-" "Mozilla/5.0 (Linux; Android 6.0.1; Nexus 5X Build/MMB29P) AppleWebKit/537.36 (KHTML, like Gecko) Chrome/131.0.6778.69 Mobile Safari/537.36 (compatible; Googlebot/2.1; +http://www.google.com/bot.html)"
66.249.68.33 - - [25/Nov/2024:08:12:08 -0500] "GET /235879438.shtml HTTP/1.1" 301 0 "-" "Mozilla/5.0 (Linux; Android 6.0.1; Nexus 5X Build/MMB29P) AppleWebKit/537.36 (KHTML, like Gecko) Chrome/131.0.6778.69 Mobile Safari/537.36 (compatible; Googlebot/2.1; +http://www.google.com/bot.html)"
66.249.68.39 - - [25/Nov/2024:08:12:09 -0500] "GET /235879438.shtml HTTP/1.1" 404 11630 "-" "Mozilla/5.0 (Linux; Android 6.0.1; Nexus 5X Build/MMB29P) AppleWebKit/537.36 (KHTML, like Gecko) Chrome/131.0.6778.69 Mobile Safari/537.36 (compatible; Googlebot/2.1; +http://www.google.com/bot.html)"
192.64.117.91 - - [25/Nov/2024:08:12:50 -0500] "POST /wp-cron.php?doing_wp_cron=1732540370.0642549991607666015625 HTTP/1.1" 200 0 "-" "WordPress/6.7.1; https://pethavenspot.com"
66.249.68.34 - - [25/Nov/2024:08:12:49 -0500] "GET /442717538.shtml HTTP/1.1" 301 0 "-" "Mozilla/5.0 (Linux; Android 6.0.1; Nexus 5X Build/MMB29P) AppleWebKit/537.36 (KHTML, like Gecko) Chrome/131.0.6778.69 Mobile Safari/537.36 (compatible; Googlebot/2.1; +http://www.google.com/bot.html)"
192.64.117.91 - - [25/Nov/2024:08:12:50 -0500] "POST /wp-admin/admin-ajax.php?action=async_litespeed&nonce=PCpSsxyyWaC75qnVjhXDzkRLNXHFxB1b&litespeed_type=imgoptm HTTP/1.1" 200 21 "-" "WordPress/6.7.1; https://pethavenspot.com"
66.249.68.39 - - [25/Nov/2024:08:12:50 -0500] "GET /442717538.shtml HTTP/1.1" 404 11630 "-" "Mozilla/5.0 (Linux; Android 6.0.1; Nexus 5X Build/MMB29P) AppleWebKit/537.36 (KHTML, like Gecko) Chrome/131.0.6778.69 Mobile Safari/537.36 (compatible; Googlebot/2.1; +http://www.google.com/bot.html)"
187.25.139.155 - - [25/Nov/2024:08:18:02 -0500] "GET /wp-login.php HTTP/1.1" 200 1946 "https://pethavenspot.com/wp-login.php" "Opera/9.80 (Windows NT 6.1) Presto/2.12.388 Version/12.12"
192.64.117.91 - - [25/Nov/2024:08:18:04 -0500] "POST /wp-cron.php?doing_wp_cron=1732540684.9204800128936767578125 HTTP/1.1" 200 0 "-" "WordPress/6.7.1; https://pethavenspot.com"
187.25.139.155 - - [25/Nov/2024:08:18:02 -0500] "POST /wp-login.php HTTP/1.1" 200 2061 "https://eastcoastconcreting.com.au/wp-login.php" "Opera/9.80 (Windows NT 6.1) Presto/2.12.388 Version/12.12"
192.64.117.91 - - [25/Nov/2024:08:18:05 -0500] "POST /wp-admin/admin-ajax.php?action=async_litespeed&nonce=R7Br7Xibns3HYRnnN4ZRuLbQk0RljaIt&litespeed_type=imgoptm HTTP/1.1" 200 21 "-" "WordPress/6.7.1; https://pethavenspot.com"
192.64.117.91 - - [25/Nov/2024:08:34:32 -0500] "POST /wp-cron.php?doing_wp_cron=1732541672.7261939048767089843750 HTTP/1.1" 200 0 "-" "WordPress/6.7.1; https://pethavenspot.com"
66.249.68.33 - - [25/Nov/2024:08:34:27 -0500] "GET /204988244.shtml HTTP/1.1" 301 0 "-" "Mozilla/5.0 (Linux; Android 6.0.1; Nexus 5X Build/MMB29P) AppleWebKit/537.36 (KHTML, like Gecko) Chrome/131.0.6778.69 Mobile Safari/537.36 (compatible; Googlebot/2.1; +http://www.google.com/bot.html)"
192.64.117.91 - - [25/Nov/2024:08:34:33 -0500] "POST /wp-admin/admin-ajax.php?action=async_litespeed&nonce=kTNPLWH7mWshqUr0VXAR5bVau3LJwLo9&litespeed_type=imgoptm HTTP/1.1" 200 21 "-" "WordPress/6.7.1; https://pethavenspot.com"
66.249.68.32 - - [25/Nov/2024:08:34:34 -0500] "GET /204988244.shtml HTTP/1.1" 404 11630 "-" "Mozilla/5.0 (Linux; Android 6.0.1; Nexus 5X Build/MMB29P) AppleWebKit/537.36 (KHTML, like Gecko) Chrome/131.0.6778.69 Mobile Safari/537.36 (compatible; Googlebot/2.1; +http://www.google.com/bot.html)"
192.64.117.91 - - [25/Nov/2024:08:39:12 -0500] "POST /wp-cron.php?doing_wp_cron=1732541952.8061079978942871093750 HTTP/1.1" 200 0 "-" "WordPress/6.7.1; https://pethavenspot.com"
66.249.68.34 - - [25/Nov/2024:08:39:10 -0500] "GET /355247236.shtml HTTP/1.1" 301 0 "-" "Mozilla/5.0 (Linux; Android 6.0.1; Nexus 5X Build/MMB29P) AppleWebKit/537.36 (KHTML, like Gecko) Chrome/131.0.6778.69 Mobile Safari/537.36 (compatible; Googlebot/2.1; +http://www.google.com/bot.html)"
192.64.117.91 - - [25/Nov/2024:08:39:13 -0500] "POST /wp-admin/admin-ajax.php?action=async_litespeed&nonce=p4s92yd1a99VCidQ2kjMbTUYjXDhRyia&litespeed_type=imgoptm HTTP/1.1" 200 21 "-" "WordPress/6.7.1; https://pethavenspot.com"
66.249.68.39 - - [25/Nov/2024:08:39:17 -0500] "GET /355247236.shtml HTTP/1.1" 404 11630 "-" "Mozilla/5.0 (Linux; Android 6.0.1; Nexus 5X Build/MMB29P) AppleWebKit/537.36 (KHTML, like Gecko) Chrome/131.0.6778.69 Mobile Safari/537.36 (compatible; Googlebot/2.1; +http://www.google.com/bot.html)"
66.249.68.34 - - [25/Nov/2024:08:39:18 -0500] "GET /479127953.shtml HTTP/1.1" 301 0 "-" "Mozilla/5.0 (Linux; Android 6.0.1; Nexus 5X Build/MMB29P) AppleWebKit/537.36 (KHTML, like Gecko) Chrome/131.0.6778.69 Mobile Safari/537.36 (compatible; Googlebot/2.1; +http://www.google.com/bot.html)"
66.249.68.34 - - [25/Nov/2024:08:39:21 -0500] "GET /250527945.shtml HTTP/1.1" 301 0 "-" "Mozilla/5.0 (Linux; Android 6.0.1; Nexus 5X Build/MMB29P) AppleWebKit/537.36 (KHTML, like Gecko) Chrome/131.0.6778.69 Mobile Safari/537.36 (compatible; Googlebot/2.1; +http://www.google.com/bot.html)"
66.249.68.32 - - [25/Nov/2024:08:39:24 -0500] "GET /479127953.shtml HTTP/1.1" 404 11630 "-" "Mozilla/5.0 (Linux; Android 6.0.1; Nexus 5X Build/MMB29P) AppleWebKit/537.36 (KHTML, like Gecko) Chrome/131.0.6778.69 Mobile Safari/537.36 (compatible; Googlebot/2.1; +http://www.google.com/bot.html)"
66.249.68.39 - - [25/Nov/2024:08:39:28 -0500] "GET /250527945.shtml HTTP/1.1" 404 11630 "-" "Mozilla/5.0 (Linux; Android 6.0.1; Nexus 5X Build/MMB29P) AppleWebKit/537.36 (KHTML, like Gecko) Chrome/131.0.6778.69 Mobile Safari/537.36 (compatible; Googlebot/2.1; +http://www.google.com/bot.html)"
192.64.117.91 - - [25/Nov/2024:08:48:45 -0500] "POST /wp-cron.php?doing_wp_cron=1732542525.7980129718780517578125 HTTP/1.1" 200 0 "-" "WordPress/6.7.1; https://pethavenspot.com"
66.249.68.35 - - [25/Nov/2024:08:48:44 -0500] "GET /height=323/img/x/product/details/20230930/sd1_aee7595ff2a3e5fad0e73932151d20e0d716f328.jpg HTTP/1.1" 301 0 "-" "Googlebot-Image/1.0"
192.64.117.91 - - [25/Nov/2024:08:48:45 -0500] "POST /wp-admin/admin-ajax.php?action=async_litespeed&nonce=pSchUSjMagDHY7wzPBrqVNBGod079nph&litespeed_type=imgoptm HTTP/1.1" 200 21 "-" "WordPress/6.7.1; https://pethavenspot.com"
66.249.68.39 - - [25/Nov/2024:08:48:46 -0500] "GET /height=323/img/x/product/details/20230930/sd1_aee7595ff2a3e5fad0e73932151d20e0d716f328.jpg HTTP/1.1" 404 11630 "-" "Googlebot-Image/1.0"
43.156.109.53 - - [25/Nov/2024:08:49:00 -0500] "GET / HTTP/1.1" 200 21161 "http://pethavenspot.com" "Mozilla/5.0 (iPhone; CPU iPhone OS 13_2_3 like Mac OS X) AppleWebKit/605.1.15 (KHTML, like Gecko) Version/13.0.3 Mobile/15E148 Safari/604.1"
192.64.117.91 - - [25/Nov/2024:08:49:38 -0500] "POST /wp-cron.php?doing_wp_cron=1732542578.2990300655364990234375 HTTP/1.1" 200 0 "-" "WordPress/6.7.1; https://pethavenspot.com"
66.249.68.33 - - [25/Nov/2024:08:49:38 -0500] "GET /12292022.shtml HTTP/1.1" 404 11630 "-" "Mozilla/5.0 (Linux; Android 6.0.1; Nexus 5X Build/MMB29P) AppleWebKit/537.36 (KHTML, like Gecko) Chrome/131.0.6778.69 Mobile Safari/537.36 (compatible; Googlebot/2.1; +http://www.google.com/bot.html)"
192.64.117.91 - - [25/Nov/2024:08:49:38 -0500] "POST /wp-admin/admin-ajax.php?action=async_litespeed&nonce=usXpIhdRrogu5mLqO5Adey8b0df9Q20Y&litespeed_type=imgoptm HTTP/1.1" 200 21 "-" "WordPress/6.7.1; https://pethavenspot.com"
192.64.117.91 - - [25/Nov/2024:09:07:43 -0500] "POST /wp-cron.php?doing_wp_cron=1732543663.8440799713134765625000 HTTP/1.1" 200 0 "-" "WordPress/6.7.1; https://pethavenspot.com"
66.249.68.33 - - [25/Nov/2024:09:07:41 -0500] "GET /height=323/img/x/product/details/20240813/sd1_48f091812f79be5553beda1f6e6da2a0a06e98ef.jpg HTTP/1.1" 301 0 "-" "Googlebot-Image/1.0"
192.64.117.91 - - [25/Nov/2024:09:07:44 -0500] "POST /wp-admin/admin-ajax.php?action=async_litespeed&nonce=SFz4HHcCZiNSojp4cZXtZF1H9MEQ6Fhs&litespeed_type=imgoptm HTTP/1.1" 200 21 "-" "WordPress/6.7.1; https://pethavenspot.com"
66.249.68.39 - - [25/Nov/2024:09:07:51 -0500] "GET /height=323/img/x/product/details/20240813/sd1_48f091812f79be5553beda1f6e6da2a0a06e98ef.jpg HTTP/1.1" 404 11630 "-" "Googlebot-Image/1.0"
192.64.117.91 - - [25/Nov/2024:09:11:53 -0500] "POST /wp-cron.php?doing_wp_cron=1732543913.4077999591827392578125 HTTP/1.1" 200 0 "-" "WordPress/6.7.1; https://pethavenspot.com"
52.187.79.186 - - [25/Nov/2024:09:11:52 -0500] "GET /index.php HTTP/1.1" 301 0 "-" "-"
52.187.79.186 - - [25/Nov/2024:09:11:53 -0500] "GET / HTTP/1.1" 200 109874 "-" "-"
192.64.117.91 - - [25/Nov/2024:09:11:53 -0500] "POST /wp-admin/admin-ajax.php?action=async_litespeed&nonce=9CakLitv9NsGr1jgw94rR2dx6wUGFl7v&litespeed_type=imgoptm HTTP/1.1" 200 21 "-" "WordPress/6.7.1; https://pethavenspot.com"
52.187.79.186 - - [25/Nov/2024:09:11:54 -0500] "GET /about.php HTTP/1.1" 404 55701 "-" "-"
52.187.79.186 - - [25/Nov/2024:09:11:55 -0500] "GET /contact.php HTTP/1.1" 404 55701 "-" "-"
52.187.79.186 - - [25/Nov/2024:09:11:56 -0500] "GET /login.php HTTP/1.1" 302 0 "-" "-"
52.187.79.186 - - [25/Nov/2024:09:11:56 -0500] "GET /wp-login.php HTTP/1.1" 200 5290 "-" "-"
52.187.79.186 - - [25/Nov/2024:09:11:56 -0500] "GET /register.php HTTP/1.1" 404 55701 "-" "-"
52.187.79.186 - - [25/Nov/2024:09:11:57 -0500] "GET /dashboard.php HTTP/1.1" 404 55701 "-" "-"
52.187.79.186 - - [25/Nov/2024:09:11:58 -0500] "GET /profile.php HTTP/1.1" 404 55701 "-" "-"
52.187.79.186 - - [25/Nov/2024:09:11:59 -0500] "GET /settings.php HTTP/1.1" 404 55701 "-" "-"
52.187.79.186 - - [25/Nov/2024:09:12:00 -0500] "GET /admin.php HTTP/1.1" 200 59 "-" "-"
52.187.79.186 - - [25/Nov/2024:09:12:00 -0500] "GET /user.php HTTP/1.1" 404 55701 "-" "-"
52.187.79.186 - - [25/Nov/2024:09:12:01 -0500] "GET /upload.php HTTP/1.1" 404 55701 "-" "-"
52.187.79.186 - - [25/Nov/2024:09:12:02 -0500] "GET /download.php HTTP/1.1" 404 55701 "-" "-"
52.187.79.186 - - [25/Nov/2024:09:12:03 -0500] "GET /view.php HTTP/1.1" 404 55701 "-" "-"
52.187.79.186 - - [25/Nov/2024:09:12:04 -0500] "GET /edit.php HTTP/1.1" 404 55701 "-" "-"
52.187.79.186 - - [25/Nov/2024:09:12:05 -0500] "GET /delete.php HTTP/1.1" 404 55701 "-" "-"
52.187.79.186 - - [25/Nov/2024:09:12:05 -0500] "GET /search.php HTTP/1.1" 404 55701 "-" "-"
52.187.79.186 - - [25/Nov/2024:09:12:06 -0500] "GET /logout.php HTTP/1.1" 404 55701 "-" "-"
52.187.79.186 - - [25/Nov/2024:09:12:07 -0500] "GET /forgot_password.php HTTP/1.1" 404 55701 "-" "-"
52.187.79.186 - - [25/Nov/2024:09:12:08 -0500] "GET /reset_password.php HTTP/1.1" 404 55701 "-" "-"
52.187.79.186 - - [25/Nov/2024:09:12:09 -0500] "GET /change_password.php HTTP/1.1" 404 55701 "-" "-"
192.64.117.91 - - [25/Nov/2024:09:12:10 -0500] "POST /wp-cron.php?doing_wp_cron=1732543930.3602619171142578125000 HTTP/1.1" 200 0 "-" "WordPress/6.7.1; https://pethavenspot.com"
52.187.79.186 - - [25/Nov/2024:09:12:10 -0500] "GET /news.php HTTP/1.1" 404 55701 "-" "-"
192.64.117.91 - - [25/Nov/2024:09:12:10 -0500] "POST /wp-admin/admin-ajax.php?action=async_litespeed&nonce=CqMtHVsNRCVVocvylTDePaUVJwmongYf&litespeed_type=imgoptm HTTP/1.1" 200 21 "-" "WordPress/6.7.1; https://pethavenspot.com"
52.187.79.186 - - [25/Nov/2024:09:12:11 -0500] "GET /blog.php HTTP/1.1" 404 55701 "-" "-"
52.187.79.186 - - [25/Nov/2024:09:12:12 -0500] "GET /articles.php HTTP/1.1" 404 55701 "-" "-"
52.187.79.186 - - [25/Nov/2024:09:12:12 -0500] "GET /gallery.php HTTP/1.1" 404 55701 "-" "-"
52.187.79.186 - - [25/Nov/2024:09:12:13 -0500] "GET /forum.php HTTP/1.1" 404 55701 "-" "-"
52.187.79.186 - - [25/Nov/2024:09:12:14 -0500] "GET /messages.php HTTP/1.1" 404 55701 "-" "-"
52.187.79.186 - - [25/Nov/2024:09:12:15 -0500] "GET /notifications.php HTTP/1.1" 404 55701 "-" "-"
52.187.79.186 - - [25/Nov/2024:09:12:16 -0500] "GET /help.php HTTP/1.1" 404 55701 "-" "-"
52.187.79.186 - - [25/Nov/2024:09:12:17 -0500] "GET /support.php HTTP/1.1" 404 55701 "-" "-"
52.187.79.186 - - [25/Nov/2024:09:12:18 -0500] "GET /terms.php HTTP/1.1" 404 55701 "-" "-"
52.187.79.186 - - [25/Nov/2024:09:12:19 -0500] "GET /privacy.php HTTP/1.1" 404 55701 "-" "-"
52.187.79.186 - - [25/Nov/2024:09:12:20 -0500] "GET /faq.php HTTP/1.1" 404 55701 "-" "-"
52.187.79.186 - - [25/Nov/2024:09:12:21 -0500] "GET /team.php HTTP/1.1" 404 55701 "-" "-"
52.187.79.186 - - [25/Nov/2024:09:12:22 -0500] "GET /services.php HTTP/1.1" 404 55701 "-" "-"
52.187.79.186 - - [25/Nov/2024:09:12:23 -0500] "GET /products.php HTTP/1.1" 404 55701 "-" "-"
52.187.79.186 - - [25/Nov/2024:09:12:24 -0500] "GET /cart.php HTTP/1.1" 404 55701 "-" "-"
52.187.79.186 - - [25/Nov/2024:09:12:25 -0500] "GET /checkout.php HTTP/1.1" 404 55701 "-" "-"
52.187.79.186 - - [25/Nov/2024:09:12:26 -0500] "GET /orders.php HTTP/1.1" 404 55701 "-" "-"
52.187.79.186 - - [25/Nov/2024:09:12:27 -0500] "GET /payment.php HTTP/1.1" 404 55701 "-" "-"
52.187.79.186 - - [25/Nov/2024:09:12:28 -0500] "GET /invoice.php HTTP/1.1" 404 55701 "-" "-"
52.187.79.186 - - [25/Nov/2024:09:12:29 -0500] "GET /report.php HTTP/1.1" 404 55701 "-" "-"
52.187.79.186 - - [25/Nov/2024:09:12:29 -0500] "GET /api.php HTTP/1.1" 404 55701 "-" "-"
52.187.79.186 - - [25/Nov/2024:09:12:30 -0500] "GET /oauth.php HTTP/1.1" 404 55701 "-" "-"
52.187.79.186 - - [25/Nov/2024:09:12:31 -0500] "GET /token.php HTTP/1.1" 404 55701 "-" "-"
52.187.79.186 - - [25/Nov/2024:09:12:32 -0500] "GET /auth.php HTTP/1.1" 404 55701 "-" "-"
52.187.79.186 - - [25/Nov/2024:09:12:33 -0500] "GET /logs.php HTTP/1.1" 404 55701 "-" "-"
52.187.79.186 - - [25/Nov/2024:09:12:34 -0500] "GET /stats.php HTTP/1.1" 404 55701 "-" "-"
52.187.79.186 - - [25/Nov/2024:09:12:35 -0500] "GET /analytics.php HTTP/1.1" 404 55701 "-" "-"
52.187.79.186 - - [25/Nov/2024:09:12:36 -0500] "GET /backup.php HTTP/1.1" 404 55701 "-" "-"
52.187.79.186 - - [25/Nov/2024:09:12:36 -0500] "GET /restore.php HTTP/1.1" 404 55701 "-" "-"
52.187.79.186 - - [25/Nov/2024:09:12:37 -0500] "GET /install.php HTTP/1.1" 404 55701 "-" "-"
52.187.79.186 - - [25/Nov/2024:09:12:38 -0500] "GET /update.php HTTP/1.1" 404 55701 "-" "-"
52.187.79.186 - - [25/Nov/2024:09:12:39 -0500] "GET /upgrade.php HTTP/1.1" 404 55701 "-" "-"
52.187.79.186 - - [25/Nov/2024:09:12:40 -0500] "GET /config.php HTTP/1.1" 404 55701 "-" "-"
52.187.79.186 - - [25/Nov/2024:09:12:41 -0500] "GET /database.php HTTP/1.1" 404 55701 "-" "-"
52.187.79.186 - - [25/Nov/2024:09:12:42 -0500] "GET /migrate.php HTTP/1.1" 404 55701 "-" "-"
52.187.79.186 - - [25/Nov/2024:09:12:42 -0500] "GET /session.php HTTP/1.1" 404 55701 "-" "-"
52.187.79.186 - - [25/Nov/2024:09:12:43 -0500] "GET /cookie.php HTTP/1.1" 404 55701 "-" "-"
52.187.79.186 - - [25/Nov/2024:09:12:44 -0500] "GET /cache.php HTTP/1.1" 404 55701 "-" "-"
52.187.79.186 - - [25/Nov/2024:09:12:45 -0500] "GET /email.php HTTP/1.1" 404 55701 "-" "-"
52.187.79.186 - - [25/Nov/2024:09:12:46 -0500] "GET /notification.php HTTP/1.1" 404 55701 "-" "-"
52.187.79.186 - - [25/Nov/2024:09:12:47 -0500] "GET /alert.php HTTP/1.1" 404 55701 "-" "-"
52.187.79.186 - - [25/Nov/2024:09:12:48 -0500] "GET /error.php HTTP/1.1" 404 55701 "-" "-"
52.187.79.186 - - [25/Nov/2024:09:12:49 -0500] "GET /403.php HTTP/1.1" 404 55701 "-" "-"
52.187.79.186 - - [25/Nov/2024:09:12:50 -0500] "GET /404.php HTTP/1.1" 404 55701 "-" "-"
52.187.79.186 - - [25/Nov/2024:09:12:50 -0500] "GET /500.php HTTP/1.1" 404 55701 "-" "-"
52.187.79.186 - - [25/Nov/2024:09:12:51 -0500] "GET /home.php HTTP/1.1" 404 55701 "-" "-"
52.187.79.186 - - [25/Nov/2024:09:12:52 -0500] "GET /welcome.php HTTP/1.1" 404 55701 "-" "-"
52.187.79.186 - - [25/Nov/2024:09:12:53 -0500] "GET /introduction.php HTTP/1.1" 404 55701 "-" "-"
52.187.79.186 - - [25/Nov/2024:09:12:54 -0500] "GET /tutorial.php HTTP/1.1" 404 55701 "-" "-"
52.187.79.186 - - [25/Nov/2024:09:12:55 -0500] "GET /review.php HTTP/1.1" 404 55701 "-" "-"
52.187.79.186 - - [25/Nov/2024:09:12:56 -0500] "GET /rating.php HTTP/1.1" 404 55701 "-" "-"
52.187.79.186 - - [25/Nov/2024:09:12:57 -0500] "GET /comment.php HTTP/1.1" 404 55701 "-" "-"
52.187.79.186 - - [25/Nov/2024:09:12:57 -0500] "GET /feedback.php HTTP/1.1" 404 55701 "-" "-"
52.187.79.186 - - [25/Nov/2024:09:12:58 -0500] "GET /upload_file.php HTTP/1.1" 404 55701 "-" "-"
52.187.79.186 - - [25/Nov/2024:09:12:59 -0500] "GET /download_file.php HTTP/1.1" 404 55701 "-" "-"
52.187.79.186 - - [25/Nov/2024:09:13:00 -0500] "GET /manage.php HTTP/1.1" 404 55701 "-" "-"
52.187.79.186 - - [25/Nov/2024:09:13:01 -0500] "GET /control.php HTTP/1.1" 404 55701 "-" "-"
52.187.79.186 - - [25/Nov/2024:09:13:02 -0500] "GET /admin_panel.php HTTP/1.1" 404 55701 "-" "-"
52.187.79.186 - - [25/Nov/2024:09:13:03 -0500] "GET /user_panel.php HTTP/1.1" 404 55701 "-" "-"
52.187.79.186 - - [25/Nov/2024:09:13:04 -0500] "GET /moderator.php HTTP/1.1" 404 55701 "-" "-"
52.187.79.186 - - [25/Nov/2024:09:13:05 -0500] "GET /superadmin.php HTTP/1.1" 404 55701 "-" "-"
52.187.79.186 - - [25/Nov/2024:09:13:06 -0500] "GET /editor.php HTTP/1.1" 404 55701 "-" "-"
52.187.79.186 - - [25/Nov/2024:09:13:07 -0500] "GET /author.php HTTP/1.1" 404 55701 "-" "-"
52.187.79.186 - - [25/Nov/2024:09:13:07 -0500] "GET /role.php HTTP/1.1" 404 55701 "-" "-"
52.187.79.186 - - [25/Nov/2024:09:13:08 -0500] "GET /permissions.php HTTP/1.1" 404 55701 "-" "-"
52.187.79.186 - - [25/Nov/2024:09:13:09 -0500] "GET /access.php HTTP/1.1" 404 55701 "-" "-"
192.64.117.91 - - [25/Nov/2024:09:13:10 -0500] "POST /wp-cron.php?doing_wp_cron=1732543990.8165879249572753906250 HTTP/1.1" 200 0 "-" "WordPress/6.7.1; https://pethavenspot.com"
52.187.79.186 - - [25/Nov/2024:09:13:10 -0500] "GET /restricted.php HTTP/1.1" 404 55701 "-" "-"
192.64.117.91 - - [25/Nov/2024:09:13:10 -0500] "POST /wp-admin/admin-ajax.php?action=async_litespeed&nonce=3a8exFjVFdSbR0h0CTuLjGAtnd1ysEGh&litespeed_type=imgoptm HTTP/1.1" 200 21 "-" "WordPress/6.7.1; https://pethavenspot.com"
52.187.79.186 - - [25/Nov/2024:09:13:11 -0500] "GET /logs_view.php HTTP/1.1" 404 55701 "-" "-"
52.187.79.186 - - [25/Nov/2024:09:13:12 -0500] "GET /history.php HTTP/1.1" 404 55701 "-" "-"
52.187.79.186 - - [25/Nov/2024:09:13:13 -0500] "GET /activity.php HTTP/1.1" 404 55701 "-" "-"
52.187.79.186 - - [25/Nov/2024:09:13:14 -0500] "GET /audit.php HTTP/1.1" 404 55701 "-" "-"
52.187.79.186 - - [25/Nov/2024:09:13:15 -0500] "GET /security.php HTTP/1.1" 404 55701 "-" "-"
52.187.79.186 - - [25/Nov/2024:09:13:16 -0500] "GET /firewall.php HTTP/1.1" 404 55701 "-" "-"
52.187.79.186 - - [25/Nov/2024:09:13:17 -0500] "GET /scan.php HTTP/1.1" 404 55701 "-" "-"
52.187.79.186 - - [25/Nov/2024:09:13:20 -0500] "GET /virus.php HTTP/1.1" 404 55701 "-" "-"
52.187.79.186 - - [25/Nov/2024:09:13:23 -0500] "GET /malware.php HTTP/1.1" 404 55701 "-" "-"
52.187.79.186 - - [25/Nov/2024:09:13:27 -0500] "GET /cleanup.php HTTP/1.1" 404 55701 "-" "-"
52.187.79.186 - - [25/Nov/2024:09:13:30 -0500] "GET /tools.php HTTP/1.1" 404 55701 "-" "-"
52.187.79.186 - - [25/Nov/2024:09:13:32 -0500] "GET /utilities.php HTTP/1.1" 404 55701 "-" "-"
52.187.79.186 - - [25/Nov/2024:09:13:34 -0500] "GET /cron.php HTTP/1.1" 404 55701 "-" "-"
52.187.79.186 - - [25/Nov/2024:09:13:36 -0500] "GET /cron_job.php HTTP/1.1" 404 55701 "-" "-"
52.187.79.186 - - [25/Nov/2024:09:13:38 -0500] "GET /backup_db.php HTTP/1.1" 404 55701 "-" "-"
52.187.79.186 - - [25/Nov/2024:09:13:41 -0500] "GET /restore_db.php HTTP/1.1" 404 55701 "-" "-"
52.187.79.186 - - [25/Nov/2024:09:13:43 -0500] "GET /optimizer.php HTTP/1.1" 404 55701 "-" "-"
52.187.79.186 - - [25/Nov/2024:09:13:47 -0500] "GET /compressor.php HTTP/1.1" 404 55701 "-" "-"
52.187.79.186 - - [25/Nov/2024:09:13:49 -0500] "GET /resize.php HTTP/1.1" 404 55701 "-" "-"
52.187.79.186 - - [25/Nov/2024:09:13:52 -0500] "GET /crop.php HTTP/1.1" 404 55701 "-" "-"
52.187.79.186 - - [25/Nov/2024:09:13:55 -0500] "GET /thumbnail.php HTTP/1.1" 404 55701 "-" "-"
52.187.79.186 - - [25/Nov/2024:09:13:57 -0500] "GET /gallery_upload.php HTTP/1.1" 404 55701 "-" "-"
52.187.79.186 - - [25/Nov/2024:09:13:59 -0500] "GET /gallery_view.php HTTP/1.1" 404 55701 "-" "-"
52.187.79.186 - - [25/Nov/2024:09:14:01 -0500] "GET /image.php HTTP/1.1" 404 55701 "-" "-"
52.187.79.186 - - [25/Nov/2024:09:14:03 -0500] "GET /video.php HTTP/1.1" 404 55701 "-" "-"
52.187.79.186 - - [25/Nov/2024:09:14:05 -0500] "GET /audio.php HTTP/1.1" 404 55701 "-" "-"
52.187.79.186 - - [25/Nov/2024:09:14:07 -0500] "GET /media.php HTTP/1.1" 404 55701 "-" "-"
52.187.79.186 - - [25/Nov/2024:09:14:09 -0500] "GET /files.php HTTP/1.1" 404 55701 "-" "-"
192.64.117.91 - - [25/Nov/2024:09:14:12 -0500] "POST /wp-cron.php?doing_wp_cron=1732544051.8983020782470703125000 HTTP/1.1" 200 0 "-" "WordPress/6.7.1; https://pethavenspot.com"
52.187.79.186 - - [25/Nov/2024:09:14:11 -0500] "GET /document.php HTTP/1.1" 404 55701 "-" "-"
192.64.117.91 - - [25/Nov/2024:09:14:13 -0500] "POST /wp-admin/admin-ajax.php?action=async_litespeed&nonce=7zXYp661ytW8fqKQ2KB7GaIQo5VyBHTX&litespeed_type=imgoptm HTTP/1.1" 200 21 "-" "WordPress/6.7.1; https://pethavenspot.com"
52.187.79.186 - - [25/Nov/2024:09:14:14 -0500] "GET /pdf.php HTTP/1.1" 404 55701 "-" "-"
52.187.79.186 - - [25/Nov/2024:09:14:16 -0500] "GET /excel.php HTTP/1.1" 404 55701 "-" "-"
52.187.79.186 - - [25/Nov/2024:09:14:17 -0500] "GET /csv.php HTTP/1.1" 404 55701 "-" "-"
52.187.79.186 - - [25/Nov/2024:09:14:19 -0500] "GET /xml.php HTTP/1.1" 404 55701 "-" "-"
52.187.79.186 - - [25/Nov/2024:09:14:21 -0500] "GET /json.php HTTP/1.1" 404 55701 "-" "-"
52.187.79.186 - - [25/Nov/2024:09:14:23 -0500] "GET /api_upload.php HTTP/1.1" 404 55701 "-" "-"
52.187.79.186 - - [25/Nov/2024:09:14:24 -0500] "GET /api_download.php HTTP/1.1" 404 55701 "-" "-"
52.187.79.186 - - [25/Nov/2024:09:14:26 -0500] "GET /webhook.php HTTP/1.1" 404 55701 "-" "-"
52.187.79.186 - - [25/Nov/2024:09:14:28 -0500] "GET /endpoint.php HTTP/1.1" 404 55701 "-" "-"
52.187.79.186 - - [25/Nov/2024:09:14:31 -0500] "GET /test.php HTTP/1.1" 404 55701 "-" "-"
52.187.79.186 - - [25/Nov/2024:09:14:33 -0500] "GET /debug.php HTTP/1.1" 404 55701 "-" "-"
52.187.79.186 - - [25/Nov/2024:09:14:35 -0500] "GET /deploy.php HTTP/1.1" 404 55701 "-" "-"
52.187.79.186 - - [25/Nov/2024:09:14:37 -0500] "GET /predeploy.php HTTP/1.1" 404 55701 "-" "-"
52.187.79.186 - - [25/Nov/2024:09:14:39 -0500] "GET /staging.php HTTP/1.1" 404 55701 "-" "-"
52.187.79.186 - - [25/Nov/2024:09:14:41 -0500] "GET /production.php HTTP/1.1" 404 55701 "-" "-"
52.187.79.186 - - [25/Nov/2024:09:14:44 -0500] "GET /maintenance.php HTTP/1.1" 404 55701 "-" "-"
52.187.79.186 - - [25/Nov/2024:09:14:46 -0500] "GET /down.php HTTP/1.1" 404 55701 "-" "-"
52.187.79.186 - - [25/Nov/2024:09:14:49 -0500] "GET /up.php HTTP/1.1" 404 55701 "-" "-"
52.187.79.186 - - [25/Nov/2024:09:14:52 -0500] "GET /restart.php HTTP/1.1" 404 55701 "-" "-"
52.187.79.186 - - [25/Nov/2024:09:14:54 -0500] "GET /shutdown.php HTTP/1.1" 404 55701 "-" "-"
52.187.79.186 - - [25/Nov/2024:09:14:56 -0500] "GET /init.php HTTP/1.1" 404 55701 "-" "-"
52.187.79.186 - - [25/Nov/2024:09:14:59 -0500] "GET /boot.php HTTP/1.1" 404 55701 "-" "-"
52.187.79.186 - - [25/Nov/2024:09:15:02 -0500] "GET /reset.php HTTP/1.1" 404 55701 "-" "-"
52.187.79.186 - - [25/Nov/2024:09:15:06 -0500] "GET /setup.php HTTP/1.1" 404 55701 "-" "-"
52.187.79.186 - - [25/Nov/2024:09:15:09 -0500] "GET /wizard.php HTTP/1.1" 404 55701 "-" "-"
192.64.117.91 - - [25/Nov/2024:09:15:12 -0500] "POST /wp-cron.php?doing_wp_cron=1732544112.1845369338989257812500 HTTP/1.1" 200 0 "-" "WordPress/6.7.1; https://pethavenspot.com"
52.187.79.186 - - [25/Nov/2024:09:15:11 -0500] "GET /first_run.php HTTP/1.1" 404 55701 "-" "-"
192.64.117.91 - - [25/Nov/2024:09:15:12 -0500] "POST /wp-admin/admin-ajax.php?action=async_litespeed&nonce=0pvrJyfiKeqWVYoVcJfJlBF42VsvOrCU&litespeed_type=imgoptm HTTP/1.1" 200 21 "-" "WordPress/6.7.1; https://pethavenspot.com"
52.187.79.186 - - [25/Nov/2024:09:15:15 -0500] "GET /configure.php HTTP/1.1" 404 55701 "-" "-"
52.187.79.186 - - [25/Nov/2024:09:15:17 -0500] "GET /install_check.php HTTP/1.1" 404 55701 "-" "-"
52.187.79.186 - - [25/Nov/2024:09:15:19 -0500] "GET /status.php HTTP/1.1" 404 55701 "-" "-"
52.187.79.186 - - [25/Nov/2024:09:15:22 -0500] "GET /system.php HTTP/1.1" 404 55701 "-" "-"
52.187.79.186 - - [25/Nov/2024:09:15:25 -0500] "GET /env.php HTTP/1.1" 404 55701 "-" "-"
52.187.79.186 - - [25/Nov/2024:09:15:26 -0500] "GET /.env.php HTTP/1.1" 403 1242 "-" "-"
52.187.79.186 - - [25/Nov/2024:09:15:27 -0500] "GET /environment.php HTTP/1.1" 404 55701 "-" "-"
52.187.79.186 - - [25/Nov/2024:09:15:29 -0500] "GET /config_load.php HTTP/1.1" 404 55701 "-" "-"
52.187.79.186 - - [25/Nov/2024:09:15:30 -0500] "GET /config_save.php HTTP/1.1" 404 55701 "-" "-"
52.187.79.186 - - [25/Nov/2024:09:15:32 -0500] "GET /meta.php HTTP/1.1" 404 55701 "-" "-"
52.187.79.186 - - [25/Nov/2024:09:15:33 -0500] "GET /schema.php HTTP/1.1" 404 55701 "-" "-"
52.187.79.186 - - [25/Nov/2024:09:15:34 -0500] "GET /structure.php HTTP/1.1" 404 55701 "-" "-"
52.187.79.186 - - [25/Nov/2024:09:15:35 -0500] "GET /database_schema.php HTTP/1.1" 404 55701 "-" "-"
52.187.79.186 - - [25/Nov/2024:09:15:37 -0500] "GET /user_data.php HTTP/1.1" 404 55701 "-" "-"
52.187.79.186 - - [25/Nov/2024:09:15:39 -0500] "GET /logins.php HTTP/1.1" 404 55701 "-" "-"
52.187.79.186 - - [25/Nov/2024:09:15:40 -0500] "GET /failed_logins.php HTTP/1.1" 404 55701 "-" "-"
52.187.79.186 - - [25/Nov/2024:09:15:41 -0500] "GET /access_logs.php HTTP/1.1" 404 55701 "-" "-"
52.187.79.186 - - [25/Nov/2024:09:15:43 -0500] "GET /admin_logs.php HTTP/1.1" 404 55701 "-" "-"
52.187.79.186 - - [25/Nov/2024:09:15:44 -0500] "GET /system_logs.php HTTP/1.1" 404 55701 "-" "-"
52.187.79.186 - - [25/Nov/2024:09:15:46 -0500] "GET /errors_logs.php HTTP/1.1" 404 55701 "-" "-"
52.187.79.186 - - [25/Nov/2024:09:15:47 -0500] "GET /api_logs.php HTTP/1.1" 404 55701 "-" "-"
52.187.79.186 - - [25/Nov/2024:09:15:49 -0500] "GET /mail_logs.php HTTP/1.1" 404 55701 "-" "-"
52.187.79.186 - - [25/Nov/2024:09:15:51 -0500] "GET /spam.php HTTP/1.1" 404 55701 "-" "-"
52.187.79.186 - - [25/Nov/2024:09:15:53 -0500] "GET /comment_moderation.php HTTP/1.1" 404 55701 "-" "-"
52.187.79.186 - - [25/Nov/2024:09:15:54 -0500] "GET /report_abuse.php HTTP/1.1" 404 55701 "-" "-"
52.187.79.186 - - [25/Nov/2024:09:15:56 -0500] "GET /user_reports.php HTTP/1.1" 404 55701 "-" "-"
52.187.79.186 - - [25/Nov/2024:09:15:57 -0500] "GET /moderation.php HTTP/1.1" 404 55701 "-" "-"
52.187.79.186 - - [25/Nov/2024:09:15:58 -0500] "GET /manage_users.php HTTP/1.1" 404 55701 "-" "-"
52.187.79.186 - - [25/Nov/2024:09:15:59 -0500] "GET /block_user.php HTTP/1.1" 404 55701 "-" "-"
52.187.79.186 - - [25/Nov/2024:09:16:01 -0500] "GET /unblock_user.php HTTP/1.1" 404 55701 "-" "-"
52.187.79.186 - - [25/Nov/2024:09:16:02 -0500] "GET /ban_user.php HTTP/1.1" 404 55701 "-" "-"
52.187.79.186 - - [25/Nov/2024:09:16:03 -0500] "GET /unban_user.php HTTP/1.1" 404 55701 "-" "-"
52.187.79.186 - - [25/Nov/2024:09:16:04 -0500] "GET /spam_users.php HTTP/1.1" 404 55701 "-" "-"
52.187.79.186 - - [25/Nov/2024:09:16:05 -0500] "GET /spam_logs.php HTTP/1.1" 404 55701 "-" "-"
52.187.79.186 - - [25/Nov/2024:09:16:06 -0500] "GET /antispam.php HTTP/1.1" 404 55701 "-" "-"
52.187.79.186 - - [25/Nov/2024:09:16:07 -0500] "GET /analytics_view.php HTTP/1.1" 404 55701 "-" "-"
52.187.79.186 - - [25/Nov/2024:09:16:08 -0500] "GET /site_stats.php HTTP/1.1" 404 55701 "-" "-"
192.64.117.91 - - [25/Nov/2024:09:16:10 -0500] "POST /wp-cron.php?doing_wp_cron=1732544170.7009010314941406250000 HTTP/1.1" 200 0 "-" "WordPress/6.7.1; https://pethavenspot.com"
52.187.79.186 - - [25/Nov/2024:09:16:10 -0500] "GET /page_stats.php HTTP/1.1" 404 55701 "-" "-"
192.64.117.91 - - [25/Nov/2024:09:16:11 -0500] "POST /wp-admin/admin-ajax.php?action=async_litespeed&nonce=Ql9JzyjMNec0XEN080tUHqnUN6sgXsyC&litespeed_type=imgoptm HTTP/1.1" 200 21 "-" "WordPress/6.7.1; https://pethavenspot.com"
52.187.79.186 - - [25/Nov/2024:09:16:11 -0500] "GET /traffic.php HTTP/1.1" 404 55701 "-" "-"
52.187.79.186 - - [25/Nov/2024:09:16:12 -0500] "GET /seo.php HTTP/1.1" 404 55701 "-" "-"
52.187.79.186 - - [25/Nov/2024:09:16:14 -0500] "GET /seo_tools.php HTTP/1.1" 404 55701 "-" "-"
52.187.79.186 - - [25/Nov/2024:09:16:15 -0500] "GET /sitemap.php HTTP/1.1" 404 55701 "-" "-"
52.187.79.186 - - [25/Nov/2024:09:16:16 -0500] "GET /robots.php HTTP/1.1" 404 55701 "-" "-"
52.187.79.186 - - [25/Nov/2024:09:16:18 -0500] "GET /meta_tags.php HTTP/1.1" 404 55701 "-" "-"
52.187.79.186 - - [25/Nov/2024:09:16:20 -0500] "GET /google_analytics.php HTTP/1.1" 404 55701 "-" "-"
52.187.79.186 - - [25/Nov/2024:09:16:21 -0500] "GET /facebook_pixel.php HTTP/1.1" 404 55701 "-" "-"
52.187.79.186 - - [25/Nov/2024:09:16:22 -0500] "GET /ads.php HTTP/1.1" 404 55701 "-" "-"
52.187.79.186 - - [25/Nov/2024:09:16:24 -0500] "GET /ad_manager.php HTTP/1.1" 404 55701 "-" "-"
52.187.79.186 - - [25/Nov/2024:09:16:25 -0500] "GET /banner.php HTTP/1.1" 404 55701 "-" "-"
52.187.79.186 - - [25/Nov/2024:09:16:26 -0500] "GET /popup.php HTTP/1.1" 404 55701 "-" "-"
52.187.79.186 - - [25/Nov/2024:09:16:27 -0500] "GET /widget.php HTTP/1.1" 404 55701 "-" "-"
52.187.79.186 - - [25/Nov/2024:09:16:28 -0500] "GET /plugin.php HTTP/1.1" 404 55701 "-" "-"
52.187.79.186 - - [25/Nov/2024:09:16:29 -0500] "GET /theme.php HTTP/1.1" 404 55701 "-" "-"
52.187.79.186 - - [25/Nov/2024:09:16:30 -0500] "GET /template.php HTTP/1.1" 404 55701 "-" "-"
52.187.79.186 - - [25/Nov/2024:09:16:31 -0500] "GET /layout.php HTTP/1.1" 404 55701 "-" "-"
52.187.79.186 - - [25/Nov/2024:09:16:32 -0500] "GET /header.php HTTP/1.1" 404 55701 "-" "-"
52.187.79.186 - - [25/Nov/2024:09:16:33 -0500] "GET /footer.php HTTP/1.1" 404 55701 "-" "-"
52.187.79.186 - - [25/Nov/2024:09:16:33 -0500] "GET /sidebar.php HTTP/1.1" 404 55701 "-" "-"
52.187.79.186 - - [25/Nov/2024:09:16:34 -0500] "GET /navigation.php HTTP/1.1" 404 55701 "-" "-"
52.187.79.186 - - [25/Nov/2024:09:16:35 -0500] "GET /menu.php HTTP/1.1" 404 55701 "-" "-"
52.187.79.186 - - [25/Nov/2024:09:16:37 -0500] "GET /page.php HTTP/1.1" 404 55701 "-" "-"
52.187.79.186 - - [25/Nov/2024:09:16:38 -0500] "GET /content.php HTTP/1.1" 404 55701 "-" "-"
52.187.79.186 - - [25/Nov/2024:09:16:39 -0500] "GET /editor_tools.php HTTP/1.1" 404 55701 "-" "-"
52.187.79.186 - - [25/Nov/2024:09:16:40 -0500] "GET /code_editor.php HTTP/1.1" 404 55701 "-" "-"
52.187.79.186 - - [25/Nov/2024:09:16:41 -0500] "GET /markdown.php HTTP/1.1" 404 55701 "-" "-"
52.187.79.186 - - [25/Nov/2024:09:16:42 -0500] "GET /html_editor.php HTTP/1.1" 404 55701 "-" "-"
52.187.79.186 - - [25/Nov/2024:09:16:43 -0500] "GET /css_editor.php HTTP/1.1" 404 55701 "-" "-"
52.187.79.186 - - [25/Nov/2024:09:16:44 -0500] "GET /js_editor.php HTTP/1.1" 404 55701 "-" "-"
52.187.79.186 - - [25/Nov/2024:09:16:45 -0500] "GET /php_editor.php HTTP/1.1" 404 55701 "-" "-"
52.187.79.186 - - [25/Nov/2024:09:16:46 -0500] "GET /sql_editor.php HTTP/1.1" 404 55701 "-" "-"
52.187.79.186 - - [25/Nov/2024:09:16:47 -0500] "GET /query.php HTTP/1.1" 404 55701 "-" "-"
52.187.79.186 - - [25/Nov/2024:09:16:47 -0500] "GET /query_builder.php HTTP/1.1" 404 55701 "-" "-"
52.187.79.186 - - [25/Nov/2024:09:16:48 -0500] "GET /db_backup.php HTTP/1.1" 404 55701 "-" "-"
52.187.79.186 - - [25/Nov/2024:09:16:49 -0500] "GET /db_restore.php HTTP/1.1" 404 55701 "-" "-"
52.187.79.186 - - [25/Nov/2024:09:16:51 -0500] "GET /db_import.php HTTP/1.1" 404 55701 "-" "-"
52.187.79.186 - - [25/Nov/2024:09:16:52 -0500] "GET /db_export.php HTTP/1.1" 404 55701 "-" "-"
