18.191.178.16 - - [29/Nov/2024:07:22:04 -0500] "GET /simple/function.php?action=view&dir=%2Fhome%2Finsiaiqb%2F.cagefs%2Fopt%2Falt%2Fphp80%2Fvar%2Flib%2Fphp%2Fsession&item=sess_gb3tmt6mb88fpsa7s4hld70bn6 HTTP/1.1" 200 122443 "-" "Mozilla/5.0 AppleWebKit/537.36 (KHTML, like Gecko; compatible; ClaudeBot/1.0; +claudebot@anthropic.com)"
18.191.178.16 - - [29/Nov/2024:07:22:04 -0500] "GET /simple/function.php?action=view&dir=%2Fhome%2Finsiaiqb%2F.cagefs%2Fopt%2Falt%2Fphp80%2Fvar%2Flib%2Fphp%2Fsession&item=sess_rbjiq2tgtb23clcs8r987sge48 HTTP/1.1" 200 124269 "-" "Mozilla/5.0 AppleWebKit/537.36 (KHTML, like Gecko; compatible; ClaudeBot/1.0; +claudebot@anthropic.com)"
18.191.178.16 - - [29/Nov/2024:07:22:04 -0500] "GET /simple/function.php?action=chmod&dir=%2Fhome%2Finsiaiqb%2F.cagefs%2Fopt%2Falt%2Fphp80%2Fvar%2Flib%2Fphp%2Fsession&item=sess_kv2frjt5vhshgpsvs5ngtams6t HTTP/1.1" 200 122684 "-" "Mozilla/5.0 AppleWebKit/537.36 (KHTML, like Gecko; compatible; ClaudeBot/1.0; +claudebot@anthropic.com)"
18.191.178.16 - - [29/Nov/2024:07:22:05 -0500] "GET /simple/function.php?action=chmod&dir=%2Fhome%2Finsiaiqb%2F.cagefs%2Fopt%2Falt%2Fphp80%2Fvar%2Flib%2Fphp%2Fsession&item=sess_s3v37c3udpukaqgvh8c9to2i5i HTTP/1.1" 200 124318 "-" "Mozilla/5.0 AppleWebKit/537.36 (KHTML, like Gecko; compatible; ClaudeBot/1.0; +claudebot@anthropic.com)"
18.191.178.16 - - [29/Nov/2024:07:22:05 -0500] "GET /simple/function.php?action=rename&dir=%2Fhome%2Finsiaiqb%2F.cagefs%2Fopt%2Falt%2Fphp80%2Fvar%2Flib%2Fphp%2Fsession&item=sess_7dlk0hp1qom5cstpq8j6ouse0d HTTP/1.1" 200 123442 "-" "Mozilla/5.0 AppleWebKit/537.36 (KHTML, like Gecko; compatible; ClaudeBot/1.0; +claudebot@anthropic.com)"
18.191.178.16 - - [29/Nov/2024:07:22:05 -0500] "GET /simple/function.php?action=rename&dir=%2Fhome%2Finsiaiqb%2F.cagefs%2Fopt%2Falt%2Fphp80%2Fvar%2Flib%2Fphp%2Fsession&item=sess_v99l16a8jd7484a5up2modtj58 HTTP/1.1" 200 123288 "-" "Mozilla/5.0 AppleWebKit/537.36 (KHTML, like Gecko; compatible; ClaudeBot/1.0; +claudebot@anthropic.com)"
18.191.178.16 - - [29/Nov/2024:07:22:05 -0500] "GET /simple/function.php?action=rename&dir=%2Fhome%2Finsiaiqb%2F.cagefs%2Fopt%2Falt%2Fphp80%2Fvar%2Flib%2Fphp%2Fsession&item=sess_ou1v1oo8tgvmheqe5mpqggi3l0 HTTP/1.1" 200 115247 "-" "Mozilla/5.0 AppleWebKit/537.36 (KHTML, like Gecko; compatible; ClaudeBot/1.0; +claudebot@anthropic.com)"
18.224.73.124 - - [29/Nov/2024:07:22:06 -0500] "GET /simple/function.php?dir=%2F%2Fproc%2Fself%2Froot%2Fproc%2Fthread-self%2Froot%2Fproc%2F2171639 HTTP/1.1" 200 2189 "-" "Mozilla/5.0 AppleWebKit/537.36 (KHTML, like Gecko; compatible; ClaudeBot/1.0; +claudebot@anthropic.com)"
18.224.73.124 - - [29/Nov/2024:07:22:06 -0500] "GET /simple/function.php?action=view&dir=%2Fhome%2Finsiaiqb%2F.cagefs%2Fopt%2Falt%2Fphp80%2Fvar%2Flib%2Fphp%2Fsession&item=sess_18s537q56kkta8eduniruefclp HTTP/1.1" 200 122730 "-" "Mozilla/5.0 AppleWebKit/537.36 (KHTML, like Gecko; compatible; ClaudeBot/1.0; +claudebot@anthropic.com)"
18.224.73.124 - - [29/Nov/2024:07:22:06 -0500] "GET /simple/function.php?action=rename&dir=%2Fhome%2Finsiaiqb%2F.cagefs%2Fopt%2Falt%2Fphp80%2Fvar%2Flib%2Fphp%2Fsession&item=sess_usvhm4hdiesd2v9sd1ut8odaa9 HTTP/1.1" 200 117743 "-" "Mozilla/5.0 AppleWebKit/537.36 (KHTML, like Gecko; compatible; ClaudeBot/1.0; +claudebot@anthropic.com)"
3.17.154.144 - - [29/Nov/2024:07:22:06 -0500] "GET /simple/function.php?action=chmod&dir=%2F%2Fopt%2Fhc_python%2Flib64%2Fpython3.8%2Fsite-packages&item=setuptools HTTP/1.1" 200 6550 "-" "Mozilla/5.0 AppleWebKit/537.36 (KHTML, like Gecko; compatible; ClaudeBot/1.0; +claudebot@anthropic.com)"
3.133.108.172 - - [29/Nov/2024:07:22:06 -0500] "GET /simple/function.php?dir=%2F%2Fproc%2Fthread-self%2Froot%2Fproc%2F2167528 HTTP/1.1" 200 2166 "-" "Mozilla/5.0 AppleWebKit/537.36 (KHTML, like Gecko; compatible; ClaudeBot/1.0; +claudebot@anthropic.com)"
3.133.108.172 - - [29/Nov/2024:07:22:06 -0500] "GET /simple/function.php?action=chmod&dir=%2F%2Fproc%2Fself%2Froot%2Fproc&item=2165509 HTTP/1.1" 200 5282 "-" "Mozilla/5.0 AppleWebKit/537.36 (KHTML, like Gecko; compatible; ClaudeBot/1.0; +claudebot@anthropic.com)"
3.133.108.172 - - [29/Nov/2024:07:22:06 -0500] "GET /simple/function.php?action=view&dir=%2F%2Fusr%2Fshare%2Fvim%2Fvim80%2Fftplugin&item=art.vim HTTP/1.1" 200 12096 "-" "Mozilla/5.0 AppleWebKit/537.36 (KHTML, like Gecko; compatible; ClaudeBot/1.0; +claudebot@anthropic.com)"
3.133.108.172 - - [29/Nov/2024:07:22:06 -0500] "GET /simple/function.php?action=rename&dir=%2Fhome%2Finsiaiqb%2F.cagefs%2Fopt%2Falt%2Fphp80%2Fvar%2Flib%2Fphp%2Fsession&item=sess_mteicrm8j3430b3t8fvbm5rph8 HTTP/1.1" 200 115552 "-" "Mozilla/5.0 AppleWebKit/537.36 (KHTML, like Gecko; compatible; ClaudeBot/1.0; +claudebot@anthropic.com)"
18.226.222.76 - - [29/Nov/2024:07:22:07 -0500] "GET /simple/function.php?action=view&dir=%2Fhome%2Finsiaiqb%2F.cagefs%2Fopt%2Falt%2Fphp80%2Fvar%2Flib%2Fphp%2Fsession&item=sess_vikjus42qe54vf3o345tffesn7 HTTP/1.1" 200 113189 "-" "Mozilla/5.0 AppleWebKit/537.36 (KHTML, like Gecko; compatible; ClaudeBot/1.0; +claudebot@anthropic.com)"
18.226.222.76 - - [29/Nov/2024:07:22:07 -0500] "GET /simple/function.php?action=edit&dir=%2Fhome%2Finsiaiqb%2F.cagefs%2Fopt%2Falt%2Fphp80%2Fvar%2Flib%2Fphp%2Fsession&item=sess_k2kc7833jjc5pf9lmq99kjkk59 HTTP/1.1" 200 121087 "-" "Mozilla/5.0 AppleWebKit/537.36 (KHTML, like Gecko; compatible; ClaudeBot/1.0; +claudebot@anthropic.com)"
3.90.73.206 - - [29/Nov/2024:07:22:07 -0500] "GET /simple/function.php?action=rename&dir=//opt/alt/php80/var/lib/php/session&item=sess_cpk2k7rf4uamp0ot19ii4lq0jj HTTP/1.1" 200 150232 "-" "Mozilla/5.0 (Macintosh; Intel Mac OS X 10_10_1) AppleWebKit/600.2.5 (KHTML, like Gecko) Version/8.0.2 Safari/600.2.5 (Amazonbot/0.1; +https://developer.amazon.com/support/amazonbot)"
18.226.222.76 - - [29/Nov/2024:07:22:07 -0500] "GET /simple/function.php?action=chmod&dir=%2Fhome%2Finsiaiqb%2F.cagefs%2Fopt%2Falt%2Fphp80%2Fvar%2Flib%2Fphp%2Fsession&item=sess_88h7pb5qaht6l9lahsmg2j3r31 HTTP/1.1" 200 122641 "-" "Mozilla/5.0 AppleWebKit/537.36 (KHTML, like Gecko; compatible; ClaudeBot/1.0; +claudebot@anthropic.com)"
18.226.222.76 - - [29/Nov/2024:07:22:07 -0500] "GET /simple/function.php?action=rename&dir=%2Fhome%2Finsiaiqb%2F.cagefs%2Fopt%2Falt%2Fphp80%2Fvar%2Flib%2Fphp%2Fsession&item=sess_bammplon46ip3lov8e28kj6u2l HTTP/1.1" 200 122194 "-" "Mozilla/5.0 AppleWebKit/537.36 (KHTML, like Gecko; compatible; ClaudeBot/1.0; +claudebot@anthropic.com)"
18.117.12.181 - - [29/Nov/2024:07:22:07 -0500] "GET /simple/function.php?action=rename&dir=%2F%2Fproc&item=2166537 HTTP/1.1" 200 5269 "-" "Mozilla/5.0 AppleWebKit/537.36 (KHTML, like Gecko; compatible; ClaudeBot/1.0; +claudebot@anthropic.com)"
18.117.12.181 - - [29/Nov/2024:07:22:07 -0500] "GET /simple/function.php?action=view&dir=%2F%2Flib%2Fnode_modules%2Fnpm%2Fnode_modules%2Flibnpm&item=tarball.js HTTP/1.1" 200 4002 "-" "Mozilla/5.0 AppleWebKit/537.36 (KHTML, like Gecko; compatible; ClaudeBot/1.0; +claudebot@anthropic.com)"
136.243.220.210 - - [29/Nov/2024:07:22:07 -0500] "GET /product/gnvjv213/30191?keyword=dock HTTP/1.1" 404 1251 "-" "Mozilla/5.0 (compatible; DataForSeoBot/1.0; +https://dataforseo.com/dataforseo-bot)"
18.117.12.181 - - [29/Nov/2024:07:22:07 -0500] "GET /simple/function.php?action=chmod&dir=%2F%2Fopt%2Falt%2Flibicu%2Fusr%2Fshare%2Fdoc%2Falt-libicu-devel%2Fsamples%2Ftranslit&item=util.h HTTP/1.1" 200 3211 "-" "Mozilla/5.0 AppleWebKit/537.36 (KHTML, like Gecko; compatible; ClaudeBot/1.0; +claudebot@anthropic.com)"
13.59.95.170 - - [29/Nov/2024:07:22:08 -0500] "GET /simple/function.php?action=view&dir=%2Fhome%2Finsiaiqb%2F.cagefs%2Fopt%2Falt%2Fphp80%2Fvar%2Flib%2Fphp%2Fsession&item=sess_jjlpr8vsslavmca7b8i3l8thhf HTTP/1.1" 200 119067 "-" "Mozilla/5.0 AppleWebKit/537.36 (KHTML, like Gecko; compatible; ClaudeBot/1.0; +claudebot@anthropic.com)"
13.59.95.170 - - [29/Nov/2024:07:22:08 -0500] "GET /simple/function.php?action=view&dir=%2Fhome%2Finsiaiqb%2F.cagefs%2Fopt%2Falt%2Fphp80%2Fvar%2Flib%2Fphp%2Fsession&item=sess_cqefbhvi2oakog9jo29d6sqrk3 HTTP/1.1" 200 120349 "-" "Mozilla/5.0 AppleWebKit/537.36 (KHTML, like Gecko; compatible; ClaudeBot/1.0; +claudebot@anthropic.com)"
13.59.95.170 - - [29/Nov/2024:07:22:08 -0500] "GET /simple/function.php?action=edit&dir=%2Fhome%2Finsiaiqb%2F.cagefs%2Fopt%2Falt%2Fphp80%2Fvar%2Flib%2Fphp%2Fsession&item=sess_6kehfdrssho2uo0i6mtnpev5ik HTTP/1.1" 200 119507 "-" "Mozilla/5.0 AppleWebKit/537.36 (KHTML, like Gecko; compatible; ClaudeBot/1.0; +claudebot@anthropic.com)"
13.59.95.170 - - [29/Nov/2024:07:22:08 -0500] "GET /simple/function.php?action=chmod&dir=%2Fhome%2Finsiaiqb%2F.cagefs%2Fopt%2Falt%2Fphp80%2Fvar%2Flib%2Fphp%2Fsession&item=sess_a78rgpqbjduvb1tt01rge1ggop HTTP/1.1" 200 125117 "-" "Mozilla/5.0 AppleWebKit/537.36 (KHTML, like Gecko; compatible; ClaudeBot/1.0; +claudebot@anthropic.com)"
13.59.95.170 - - [29/Nov/2024:07:22:08 -0500] "GET /simple/function.php?action=chmod&dir=%2Fhome%2Finsiaiqb%2F.cagefs%2Fopt%2Falt%2Fphp80%2Fvar%2Flib%2Fphp%2Fsession&item=sess_ovmhgbgparobs24kaao1rv898c HTTP/1.1" 200 121113 "-" "Mozilla/5.0 AppleWebKit/537.36 (KHTML, like Gecko; compatible; ClaudeBot/1.0; +claudebot@anthropic.com)"
13.59.95.170 - - [29/Nov/2024:07:22:09 -0500] "GET /simple/function.php?action=rename&dir=%2Fhome%2Finsiaiqb%2F.cagefs%2Fopt%2Falt%2Fphp80%2Fvar%2Flib%2Fphp%2Fsession&item=sess_li37m78d8qj5rmpr9kqjta575a HTTP/1.1" 200 120978 "-" "Mozilla/5.0 AppleWebKit/537.36 (KHTML, like Gecko; compatible; ClaudeBot/1.0; +claudebot@anthropic.com)"
13.59.95.170 - - [29/Nov/2024:07:22:09 -0500] "GET /simple/function.php?action=rename&dir=%2Fhome%2Finsiaiqb%2F.cagefs%2Fopt%2Falt%2Fphp80%2Fvar%2Flib%2Fphp%2Fsession&item=sess_jtjb1jaelvsvl5nmanhhhcgdnr HTTP/1.1" 200 116988 "-" "Mozilla/5.0 AppleWebKit/537.36 (KHTML, like Gecko; compatible; ClaudeBot/1.0; +claudebot@anthropic.com)"
13.59.95.170 - - [29/Nov/2024:07:22:09 -0500] "GET /simple/function.php?action=rename&dir=%2Fhome%2Finsiaiqb%2F.cagefs%2Fopt%2Falt%2Fphp80%2Fvar%2Flib%2Fphp%2Fsession&item=sess_sf39kscrj5j9o961rn7n8cr3sd HTTP/1.1" 200 123074 "-" "Mozilla/5.0 AppleWebKit/537.36 (KHTML, like Gecko; compatible; ClaudeBot/1.0; +claudebot@anthropic.com)"
3.142.40.195 - - [29/Nov/2024:07:22:09 -0500] "GET /simple/function.php?dir=%2F%2Fproc%2Fthread-self%2Froot%2Fproc%2F2102663 HTTP/1.1" 200 2167 "-" "Mozilla/5.0 AppleWebKit/537.36 (KHTML, like Gecko; compatible; ClaudeBot/1.0; +claudebot@anthropic.com)"
3.142.40.195 - - [29/Nov/2024:07:22:09 -0500] "GET /simple/function.php?action=chmod&dir=%2F%2Fproc%2Fthread-self%2Froot%2Fproc&item=2055017 HTTP/1.1" 200 5448 "-" "Mozilla/5.0 AppleWebKit/537.36 (KHTML, like Gecko; compatible; ClaudeBot/1.0; +claudebot@anthropic.com)"
3.142.40.195 - - [29/Nov/2024:07:22:10 -0500] "GET /simple/function.php?action=rename&dir=%2Fhome%2Finsiaiqb%2F.cagefs%2Fopt%2Falt%2Fphp80%2Fvar%2Flib%2Fphp%2Fsession&item=sess_47l9sjva7l6aoaclfui1s1ecds HTTP/1.1" 200 121758 "-" "Mozilla/5.0 AppleWebKit/537.36 (KHTML, like Gecko; compatible; ClaudeBot/1.0; +claudebot@anthropic.com)"
18.223.158.132 - - [29/Nov/2024:07:22:10 -0500] "GET /simple/function.php?dir=%2F%2Fproc%2Fself%2Froot%2Fproc%2F2096224 HTTP/1.1" 200 2158 "-" "Mozilla/5.0 AppleWebKit/537.36 (KHTML, like Gecko; compatible; ClaudeBot/1.0; +claudebot@anthropic.com)"
3.133.146.94 - - [29/Nov/2024:07:22:10 -0500] "GET /simple/function.php?dir=%2F%2Fproc%2Fself%2Froot%2Fproc%2Fthread-self%2Froot%2Fproc%2F2167906 HTTP/1.1" 200 2189 "-" "Mozilla/5.0 AppleWebKit/537.36 (KHTML, like Gecko; compatible; ClaudeBot/1.0; +claudebot@anthropic.com)"
13.59.134.65 - - [29/Nov/2024:07:22:10 -0500] "GET /simple/function.php?action=chmod&dir=%2F%2Fproc%2Fself%2Froot%2Fproc&item=2171409 HTTP/1.1" 200 5238 "-" "Mozilla/5.0 AppleWebKit/537.36 (KHTML, like Gecko; compatible; ClaudeBot/1.0; +claudebot@anthropic.com)"
13.59.134.65 - - [29/Nov/2024:07:22:10 -0500] "GET /simple/function.php?action=rename&dir=%2F%2Fproc%2Fthread-self%2Froot%2Fproc&item=2016408 HTTP/1.1" 200 5471 "-" "Mozilla/5.0 AppleWebKit/537.36 (KHTML, like Gecko; compatible; ClaudeBot/1.0; +claudebot@anthropic.com)"
13.59.134.65 - - [29/Nov/2024:07:22:10 -0500] "GET /simple/function.php?action=edit&dir=%2Fhome%2Finsiaiqb%2F.cagefs%2Fopt%2Falt%2Fphp80%2Fvar%2Flib%2Fphp%2Fsession&item=sess_87u3e4vqhg6i6l27a1o9e9pk0e HTTP/1.1" 200 118577 "-" "Mozilla/5.0 AppleWebKit/537.36 (KHTML, like Gecko; compatible; ClaudeBot/1.0; +claudebot@anthropic.com)"
13.59.134.65 - - [29/Nov/2024:07:22:10 -0500] "GET /simple/function.php?action=chmod&dir=%2Fhome%2Finsiaiqb%2F.cagefs%2Fopt%2Falt%2Fphp80%2Fvar%2Flib%2Fphp%2Fsession&item=sess_8gr8abiej9tnltasq1sljkl0lh HTTP/1.1" 200 121079 "-" "Mozilla/5.0 AppleWebKit/537.36 (KHTML, like Gecko; compatible; ClaudeBot/1.0; +claudebot@anthropic.com)"
13.59.134.65 - - [29/Nov/2024:07:22:10 -0500] "GET /simple/function.php?action=rename&dir=%2Fhome%2Finsiaiqb%2F.cagefs%2Fopt%2Falt%2Fphp80%2Fvar%2Flib%2Fphp%2Fsession&item=sess_edcehk69tfdmfi3nghtbac7q2v HTTP/1.1" 200 117637 "-" "Mozilla/5.0 AppleWebKit/537.36 (KHTML, like Gecko; compatible; ClaudeBot/1.0; +claudebot@anthropic.com)"
18.217.132.107 - - [29/Nov/2024:07:22:11 -0500] "GET /simple/function.php?dir=%2F%2Fproc%2F2178298 HTTP/1.1" 200 2121 "-" "Mozilla/5.0 AppleWebKit/537.36 (KHTML, like Gecko; compatible; ClaudeBot/1.0; +claudebot@anthropic.com)"
3.128.226.128 - - [29/Nov/2024:07:22:11 -0500] "GET /simple/function.php?dir=%2F%2Fproc%2Fthread-self%2Froot%2Fproc%2F2163747 HTTP/1.1" 200 2166 "-" "Mozilla/5.0 AppleWebKit/537.36 (KHTML, like Gecko; compatible; ClaudeBot/1.0; +claudebot@anthropic.com)"
18.117.75.53 - - [29/Nov/2024:07:22:11 -0500] "GET /simple/function.php?dir=%2F%2Fopt%2Fcloudlinux%2Falt-php82%2Froot%2Fvar%2Fwww HTTP/1.1" 200 2513 "-" "Mozilla/5.0 AppleWebKit/537.36 (KHTML, like Gecko; compatible; ClaudeBot/1.0; +claudebot@anthropic.com)"
18.191.200.114 - - [29/Nov/2024:07:22:11 -0500] "GET /simple/function.php?action=view&dir=%2Fhome%2Finsiaiqb%2F.cagefs%2Fopt%2Falt%2Fphp80%2Fvar%2Flib%2Fphp%2Fsession&item=sess_700c4r4co76dtu57d69gmtnj4u HTTP/1.1" 200 113596 "-" "Mozilla/5.0 AppleWebKit/537.36 (KHTML, like Gecko; compatible; ClaudeBot/1.0; +claudebot@anthropic.com)"
18.217.132.107 - - [29/Nov/2024:07:22:11 -0500] "GET /simple/function.php?action=chmod&dir=%2Fhome%2Finsiaiqb%2F.cagefs%2Fopt%2Falt%2Fphp80%2Fvar%2Flib%2Fphp%2Fsession&item=sess_4m4fpg4u1a5s8565m4d9ujm6ur HTTP/1.1" 200 116665 "-" "Mozilla/5.0 AppleWebKit/537.36 (KHTML, like Gecko; compatible; ClaudeBot/1.0; +claudebot@anthropic.com)"
3.220.70.171 - - [29/Nov/2024:07:22:11 -0500] "GET /simple/function.php?action=chmod&dir=//opt/alt/php80/var/lib/php/session&item=sess_hjpla6meu46d1pdkq45tcno135 HTTP/1.1" 200 143004 "-" "Mozilla/5.0 (Macintosh; Intel Mac OS X 10_10_1) AppleWebKit/600.2.5 (KHTML, like Gecko) Version/8.0.2 Safari/600.2.5 (Amazonbot/0.1; +https://developer.amazon.com/support/amazonbot)"
18.117.75.53 - - [29/Nov/2024:07:22:11 -0500] "GET /simple/function.php?action=chmod&dir=%2F%2Fusr%2Fshare%2Fvim%2Fvim80%2Fftplugin&item=services.vim HTTP/1.1" 200 11730 "-" "Mozilla/5.0 AppleWebKit/537.36 (KHTML, like Gecko; compatible; ClaudeBot/1.0; +claudebot@anthropic.com)"
136.243.220.210 - - [29/Nov/2024:07:22:11 -0500] "GET /product/rhdgi294/7736?keyword=surgeon HTTP/1.1" 404 1251 "-" "Mozilla/5.0 (compatible; DataForSeoBot/1.0; +https://dataforseo.com/dataforseo-bot)"
18.188.140.232 - - [29/Nov/2024:07:22:11 -0500] "GET /simple/function.php?dir=%2F%2Fproc%2F2142092 HTTP/1.1" 200 2121 "-" "Mozilla/5.0 AppleWebKit/537.36 (KHTML, like Gecko; compatible; ClaudeBot/1.0; +claudebot@anthropic.com)"
18.117.75.53 - - [29/Nov/2024:07:22:11 -0500] "GET /simple/function.php?action=edit&dir=%2Fhome%2Finsiaiqb%2F.cagefs%2Fopt%2Falt%2Fphp80%2Fvar%2Flib%2Fphp%2Fsession&item=sess_1v4hdaknb731prf6ccnqsgstic HTTP/1.1" 200 120906 "-" "Mozilla/5.0 AppleWebKit/537.36 (KHTML, like Gecko; compatible; ClaudeBot/1.0; +claudebot@anthropic.com)"
18.188.140.232 - - [29/Nov/2024:07:22:11 -0500] "GET /simple/function.php?dir=%2F%2Fproc%2Fself%2Froot%2Fproc%2F2142092 HTTP/1.1" 200 2158 "-" "Mozilla/5.0 AppleWebKit/537.36 (KHTML, like Gecko; compatible; ClaudeBot/1.0; +claudebot@anthropic.com)"
18.188.140.232 - - [29/Nov/2024:07:22:12 -0500] "GET /simple/function.php?action=view&dir=%2Fhome%2Finsiaiqb%2F.cagefs%2Fopt%2Falt%2Fphp80%2Fvar%2Flib%2Fphp%2Fsession&item=sess_tnbtv53ct7kvkdupverbqqof5t HTTP/1.1" 200 123153 "-" "Mozilla/5.0 AppleWebKit/537.36 (KHTML, like Gecko; compatible; ClaudeBot/1.0; +claudebot@anthropic.com)"
18.188.140.232 - - [29/Nov/2024:07:22:12 -0500] "GET /simple/function.php?action=chmod&dir=%2Fhome%2Finsiaiqb%2F.cagefs%2Fopt%2Falt%2Fphp80%2Fvar%2Flib%2Fphp%2Fsession&item=sess_7o40ra00nomim5qm8kibdg9dpe HTTP/1.1" 200 122905 "-" "Mozilla/5.0 AppleWebKit/537.36 (KHTML, like Gecko; compatible; ClaudeBot/1.0; +claudebot@anthropic.com)"
18.188.140.232 - - [29/Nov/2024:07:22:12 -0500] "GET /simple/function.php?action=chmod&dir=%2Fhome%2Finsiaiqb%2F.cagefs%2Fopt%2Falt%2Fphp80%2Fvar%2Flib%2Fphp%2Fsession&item=sess_snta5u4sd8264m0d5b7j6gtbi5 HTTP/1.1" 200 119469 "-" "Mozilla/5.0 AppleWebKit/537.36 (KHTML, like Gecko; compatible; ClaudeBot/1.0; +claudebot@anthropic.com)"
18.188.140.232 - - [29/Nov/2024:07:22:12 -0500] "GET /simple/function.php?action=chmod&dir=%2Fhome%2Finsiaiqb%2F.cagefs%2Fopt%2Falt%2Fphp80%2Fvar%2Flib%2Fphp%2Fsession&item=sess_qpvetmrnuf13epuftve3nvglq5 HTTP/1.1" 200 124961 "-" "Mozilla/5.0 AppleWebKit/537.36 (KHTML, like Gecko; compatible; ClaudeBot/1.0; +claudebot@anthropic.com)"
18.227.48.237 - - [29/Nov/2024:07:22:12 -0500] "GET /simple/function.php?action=chmod&dir=%2F%2Fproc%2Fself%2Froot%2Fproc&item=2101198 HTTP/1.1" 200 5135 "-" "Mozilla/5.0 AppleWebKit/537.36 (KHTML, like Gecko; compatible; ClaudeBot/1.0; +claudebot@anthropic.com)"
18.227.48.237 - - [29/Nov/2024:07:22:12 -0500] "GET /simple/function.php?action=view&dir=%2Fhome%2Finsiaiqb%2F.cagefs%2Fopt%2Falt%2Fphp80%2Fvar%2Flib%2Fphp%2Fsession&item=sess_ipumihm1llquheo4bs3u2jvmhr HTTP/1.1" 200 121516 "-" "Mozilla/5.0 AppleWebKit/537.36 (KHTML, like Gecko; compatible; ClaudeBot/1.0; +claudebot@anthropic.com)"
18.227.48.237 - - [29/Nov/2024:07:22:13 -0500] "GET /simple/function.php?action=edit&dir=%2Fhome%2Finsiaiqb%2F.cagefs%2Fopt%2Falt%2Fphp80%2Fvar%2Flib%2Fphp%2Fsession&item=sess_8k1o9cgvv3d26u3dj9eqe0qolh HTTP/1.1" 200 120455 "-" "Mozilla/5.0 AppleWebKit/537.36 (KHTML, like Gecko; compatible; ClaudeBot/1.0; +claudebot@anthropic.com)"
18.227.48.237 - - [29/Nov/2024:07:22:13 -0500] "GET /simple/function.php?action=view&dir=%2Fhome%2Finsiaiqb%2F.cagefs%2Fopt%2Falt%2Fphp80%2Fvar%2Flib%2Fphp%2Fsession&item=sess_83fcms0clad70pq6c7ej2cglna HTTP/1.1" 200 123215 "-" "Mozilla/5.0 AppleWebKit/537.36 (KHTML, like Gecko; compatible; ClaudeBot/1.0; +claudebot@anthropic.com)"
18.227.48.237 - - [29/Nov/2024:07:22:13 -0500] "GET /simple/function.php?action=edit&dir=%2Fhome%2Finsiaiqb%2F.cagefs%2Fopt%2Falt%2Fphp80%2Fvar%2Flib%2Fphp%2Fsession&item=sess_oshasqaml26dhq197ldd0k6r69 HTTP/1.1" 200 117661 "-" "Mozilla/5.0 AppleWebKit/537.36 (KHTML, like Gecko; compatible; ClaudeBot/1.0; +claudebot@anthropic.com)"
18.227.48.237 - - [29/Nov/2024:07:22:13 -0500] "GET /simple/function.php?action=rename&dir=%2Fhome%2Finsiaiqb%2F.cagefs%2Fopt%2Falt%2Fphp80%2Fvar%2Flib%2Fphp%2Fsession&item=sess_s7lnjbohl3d52gbjp8gh6vf2dd HTTP/1.1" 200 118440 "-" "Mozilla/5.0 AppleWebKit/537.36 (KHTML, like Gecko; compatible; ClaudeBot/1.0; +claudebot@anthropic.com)"
3.145.76.159 - - [29/Nov/2024:07:22:13 -0500] "GET /simple/function.php?action=chmod&dir=%2F%2Fproc%2Fself%2Froot%2Fproc&item=2122668 HTTP/1.1" 200 5322 "-" "Mozilla/5.0 AppleWebKit/537.36 (KHTML, like Gecko; compatible; ClaudeBot/1.0; +claudebot@anthropic.com)"
3.145.76.159 - - [29/Nov/2024:07:22:13 -0500] "GET /simple/function.php?action=rename&dir=%2Fhome%2Finsiaiqb%2F.cagefs%2Fopt%2Falt%2Fphp80%2Fvar%2Flib%2Fphp%2Fsession&item=sess_8csl1v2ueqvu1lcea18cck8vt5 HTTP/1.1" 200 125740 "-" "Mozilla/5.0 AppleWebKit/537.36 (KHTML, like Gecko; compatible; ClaudeBot/1.0; +claudebot@anthropic.com)"
3.145.95.233 - - [29/Nov/2024:07:22:14 -0500] "GET /simple/function.php?action=chmod&dir=%2F%2Fproc%2Fthread-self%2Froot%2Fproc&item=2124711 HTTP/1.1" 200 5342 "-" "Mozilla/5.0 AppleWebKit/537.36 (KHTML, like Gecko; compatible; ClaudeBot/1.0; +claudebot@anthropic.com)"
3.149.232.87 - - [29/Nov/2024:07:22:14 -0500] "GET /simple/function.php?action=chmod&dir=%2F%2Fusr%2Flib64%2Fpython3.8%2Fmultiprocessing%2F__pycache__&item=reduction.cpython-38.opt-2.pyc HTTP/1.1" 200 5198 "-" "Mozilla/5.0 AppleWebKit/537.36 (KHTML, like Gecko; compatible; ClaudeBot/1.0; +claudebot@anthropic.com)"
3.149.232.87 - - [29/Nov/2024:07:22:14 -0500] "GET /simple/function.php?action=view&dir=%2F%2Fusr%2Flib64%2Fpython3.8%2Fmultiprocessing%2F__pycache__&item=popen_spawn_win32.cpython-38.opt-2.pyc HTTP/1.1" 200 5137 "-" "Mozilla/5.0 AppleWebKit/537.36 (KHTML, like Gecko; compatible; ClaudeBot/1.0; +claudebot@anthropic.com)"
3.149.232.87 - - [29/Nov/2024:07:22:14 -0500] "GET /simple/function.php?action=rename&dir=%2Fhome%2Finsiaiqb%2F.cagefs%2Fopt%2Falt%2Fphp80%2Fvar%2Flib%2Fphp%2Fsession&item=sess_6nuj4stumfm46gomasmjs6hld5 HTTP/1.1" 200 120083 "-" "Mozilla/5.0 AppleWebKit/537.36 (KHTML, like Gecko; compatible; ClaudeBot/1.0; +claudebot@anthropic.com)"
18.117.106.23 - - [29/Nov/2024:07:22:14 -0500] "GET /simple/function.php?action=rename&dir=%2F%2Fproc&item=2167356 HTTP/1.1" 200 5284 "-" "Mozilla/5.0 AppleWebKit/537.36 (KHTML, like Gecko; compatible; ClaudeBot/1.0; +claudebot@anthropic.com)"
3.133.109.251 - - [29/Nov/2024:07:22:14 -0500] "GET /simple/function.php?action=rename&dir=%2F%2Fproc%2Fself%2Froot%2Fproc%2Fthread-self%2Froot%2Fproc&item=2161714 HTTP/1.1" 200 5392 "-" "Mozilla/5.0 AppleWebKit/537.36 (KHTML, like Gecko; compatible; ClaudeBot/1.0; +claudebot@anthropic.com)"
3.133.109.251 - - [29/Nov/2024:07:22:14 -0500] "GET /simple/function.php?action=edit&dir=%2Fhome%2Finsiaiqb%2F.cagefs%2Fopt%2Falt%2Fphp80%2Fvar%2Flib%2Fphp%2Fsession&item=sess_9sdvhc1u480ndmf8f0ru0dgscv HTTP/1.1" 200 119561 "-" "Mozilla/5.0 AppleWebKit/537.36 (KHTML, like Gecko; compatible; ClaudeBot/1.0; +claudebot@anthropic.com)"
3.133.109.251 - - [29/Nov/2024:07:22:14 -0500] "GET /simple/function.php?action=chmod&dir=%2F%2Fopt%2Fimunify360%2Fvenv%2Flib64%2Fpython3.11%2Fsite-packages%2Fpackaging%2F__pycache__&item=requirements.cpython-311.pyc HTTP/1.1" 200 3294 "-" "Mozilla/5.0 AppleWebKit/537.36 (KHTML, like Gecko; compatible; ClaudeBot/1.0; +claudebot@anthropic.com)"
18.116.40.151 - - [29/Nov/2024:07:22:15 -0500] "GET /simple/function.php?action=chmod&dir=%2Fhome%2Finsiaiqb%2F.cagefs%2Fopt%2Falt%2Fphp80%2Fvar%2Flib%2Fphp%2Fsession&item=sess_4aej8f8gnngm897hnqb6bmn0l2 HTTP/1.1" 200 120492 "-" "Mozilla/5.0 AppleWebKit/537.36 (KHTML, like Gecko; compatible; ClaudeBot/1.0; +claudebot@anthropic.com)"
18.116.40.151 - - [29/Nov/2024:07:22:15 -0500] "GET /simple/function.php?action=chmod&dir=%2Fhome%2Finsiaiqb%2F.cagefs%2Fopt%2Falt%2Fphp80%2Fvar%2Flib%2Fphp%2Fsession&item=sess_bcmb264d38chd2ffr249d915d2 HTTP/1.1" 200 118662 "-" "Mozilla/5.0 AppleWebKit/537.36 (KHTML, like Gecko; compatible; ClaudeBot/1.0; +claudebot@anthropic.com)"
3.138.36.168 - - [29/Nov/2024:07:22:15 -0500] "GET /simple/function.php?dir=%2F%2Fproc%2Fself%2Froot%2Fproc%2F2152182 HTTP/1.1" 200 2156 "-" "Mozilla/5.0 AppleWebKit/537.36 (KHTML, like Gecko; compatible; ClaudeBot/1.0; +claudebot@anthropic.com)"
3.138.36.168 - - [29/Nov/2024:07:22:15 -0500] "GET /simple/function.php?action=rename&dir=%2Fhome%2Finsiaiqb%2F.cagefs%2Fopt%2Falt%2Fphp80%2Fvar%2Flib%2Fphp%2Fsession&item=sess_172rk28r99c76uls7t6h97vjqg HTTP/1.1" 200 120246 "-" "Mozilla/5.0 AppleWebKit/537.36 (KHTML, like Gecko; compatible; ClaudeBot/1.0; +claudebot@anthropic.com)"
18.218.71.21 - - [29/Nov/2024:07:22:15 -0500] "GET /simple/function.php?action=edit&dir=%2F%2Fusr%2Fshare%2Fzoneinfo%2FAmerica%2FArgentina&item=Cordoba HTTP/1.1" 200 3214 "-" "Mozilla/5.0 AppleWebKit/537.36 (KHTML, like Gecko; compatible; ClaudeBot/1.0; +claudebot@anthropic.com)"
52.3.155.146 - - [29/Nov/2024:07:22:15 -0500] "GET /simple/function.php?action=rename&dir=//opt/alt/php80/var/lib/php/session&item=sess_hjpla6meu46d1pdkq45tcno135 HTTP/1.1" 200 150461 "-" "Mozilla/5.0 (Macintosh; Intel Mac OS X 10_10_1) AppleWebKit/600.2.5 (KHTML, like Gecko) Version/8.0.2 Safari/600.2.5 (Amazonbot/0.1; +https://developer.amazon.com/support/amazonbot)"
136.243.220.210 - - [29/Nov/2024:07:22:15 -0500] "GET /product/owv58/7699?keyword=tactic HTTP/1.1" 404 1251 "-" "Mozilla/5.0 (compatible; DataForSeoBot/1.0; +https://dataforseo.com/dataforseo-bot)"
18.218.71.21 - - [29/Nov/2024:07:22:18 -0500] "GET /simple/function.php?action=chmod&dir=%2F%2Fproc%2Fthread-self%2Froot%2Flib64&item=libtss2-sys.so.0.0.0 HTTP/1.1" 200 76080 "-" "Mozilla/5.0 AppleWebKit/537.36 (KHTML, like Gecko; compatible; ClaudeBot/1.0; +claudebot@anthropic.com)"
54.225.181.161 - - [29/Nov/2024:07:22:19 -0500] "GET /simple/function.php?action=chmod&dir=//opt/alt/php80/var/lib/php/session&item=sess_fhb5ehvd8oeh81tr5e8p971b6h HTTP/1.1" 200 156905 "-" "Mozilla/5.0 (Macintosh; Intel Mac OS X 10_10_1) AppleWebKit/600.2.5 (KHTML, like Gecko) Version/8.0.2 Safari/600.2.5 (Amazonbot/0.1; +https://developer.amazon.com/support/amazonbot)"
136.243.220.210 - - [29/Nov/2024:07:22:20 -0500] "GET /product/vnxy146/34025?keyword=harvest HTTP/1.1" 404 1251 "-" "Mozilla/5.0 (compatible; DataForSeoBot/1.0; +https://dataforseo.com/dataforseo-bot)"
18.218.71.21 - - [29/Nov/2024:07:22:21 -0500] "GET /simple/function.php?action=edit&dir=%2F%2Fproc%2Fthread-self%2Froot%2Flib64&item=libXcomposite.so.1.0.0 HTTP/1.1" 200 73629 "-" "Mozilla/5.0 AppleWebKit/537.36 (KHTML, like Gecko; compatible; ClaudeBot/1.0; +claudebot@anthropic.com)"
136.243.220.210 - - [29/Nov/2024:07:22:23 -0500] "GET /product/fxutt50/28837?keyword=sensitive HTTP/1.1" 404 1251 "-" "Mozilla/5.0 (compatible; DataForSeoBot/1.0; +https://dataforseo.com/dataforseo-bot)"
34.231.118.144 - - [29/Nov/2024:07:22:23 -0500] "GET /simple/function.php?action=chmod&dir=//opt/alt/php80/var/lib/php/session&item=sess_05mcro38e1dqop0rl3ndqroop8 HTTP/1.1" 200 144982 "-" "Mozilla/5.0 (Macintosh; Intel Mac OS X 10_10_1) AppleWebKit/600.2.5 (KHTML, like Gecko) Version/8.0.2 Safari/600.2.5 (Amazonbot/0.1; +https://developer.amazon.com/support/amazonbot)"
18.218.71.21 - - [29/Nov/2024:07:22:24 -0500] "GET /simple/function.php?action=rename&dir=%2F%2Fproc%2Fthread-self%2Froot%2Flib64&item=libBrokenLocale-2.28.so HTTP/1.1" 200 75737 "-" "Mozilla/5.0 AppleWebKit/537.36 (KHTML, like Gecko; compatible; ClaudeBot/1.0; +claudebot@anthropic.com)"
52.200.54.136 - - [29/Nov/2024:07:22:27 -0500] "GET /simple/function.php?action=chmod&dir=//opt/alt/php80/var/lib/php/session&item=sess_gjh6nblflq01odvafv4ptd5gfe HTTP/1.1" 200 147684 "-" "Mozilla/5.0 (Macintosh; Intel Mac OS X 10_10_1) AppleWebKit/600.2.5 (KHTML, like Gecko) Version/8.0.2 Safari/600.2.5 (Amazonbot/0.1; +https://developer.amazon.com/support/amazonbot)"
18.218.71.21 - - [29/Nov/2024:07:22:27 -0500] "GET /simple/function.php?action=edit&dir=%2F%2Fproc%2Fthread-self%2Froot%2Flib64&item=libmemcachedutil.so.2.0.0 HTTP/1.1" 200 74267 "-" "Mozilla/5.0 AppleWebKit/537.36 (KHTML, like Gecko; compatible; ClaudeBot/1.0; +claudebot@anthropic.com)"
136.243.220.210 - - [29/Nov/2024:07:22:28 -0500] "GET /product/ymion149/4030?keyword=friendly HTTP/1.1" 404 1251 "-" "Mozilla/5.0 (compatible; DataForSeoBot/1.0; +https://dataforseo.com/dataforseo-bot)"
18.218.71.21 - - [29/Nov/2024:07:22:29 -0500] "GET /simple/function.php?action=rename&dir=%2F%2Fproc%2Fself%2Froot%2Fproc%2Fthread-self%2Froot%2Fproc&item=1811014 HTTP/1.1" 200 5384 "-" "Mozilla/5.0 AppleWebKit/537.36 (KHTML, like Gecko; compatible; ClaudeBot/1.0; +claudebot@anthropic.com)"
54.163.169.168 - - [29/Nov/2024:07:22:31 -0500] "GET /simple/function.php?action=rename&dir=//opt/alt/php80/var/lib/php/session&item=sess_gjh6nblflq01odvafv4ptd5gfe HTTP/1.1" 200 148291 "-" "Mozilla/5.0 (Macintosh; Intel Mac OS X 10_10_1) AppleWebKit/600.2.5 (KHTML, like Gecko) Version/8.0.2 Safari/600.2.5 (Amazonbot/0.1; +https://developer.amazon.com/support/amazonbot)"
136.243.220.210 - - [29/Nov/2024:07:22:32 -0500] "GET /product/uovcd183/41852?keyword=parade HTTP/1.1" 404 1251 "-" "Mozilla/5.0 (compatible; DataForSeoBot/1.0; +https://dataforseo.com/dataforseo-bot)"
18.218.71.21 - - [29/Nov/2024:07:22:32 -0500] "GET /simple/function.php?action=edit&dir=%2Fhome%2Finsiaiqb%2F.cagefs%2Fopt%2Falt%2Fphp80%2Fvar%2Flib%2Fphp%2Fsession&item=sess_7i6518o4k61i3t0q2h92c269bs HTTP/1.1" 200 125817 "-" "Mozilla/5.0 AppleWebKit/537.36 (KHTML, like Gecko; compatible; ClaudeBot/1.0; +claudebot@anthropic.com)"
107.148.20.140 - - [29/Nov/2024:07:22:34 -0500] "GET /wp-includes/admin.php HTTP/1.1" 404 1251 "https://gmpixel.com/wp-includes/admin.php" "Mozilla/5.0 (Windows NT 10.0; Win64; x64) AppleWebKit/537.36 (KHTML, like Gecko) Chrome/58.0.3029.110 Safari/537.3"
44.223.232.55 - - [29/Nov/2024:07:22:35 -0500] "GET /simple/function.php?action=chmod&dir=//opt/alt/php80/var/lib/php/session&item=sess_23vutd73sfh5trneg05je42b4t HTTP/1.1" 200 147740 "-" "Mozilla/5.0 (Macintosh; Intel Mac OS X 10_10_1) AppleWebKit/600.2.5 (KHTML, like Gecko) Version/8.0.2 Safari/600.2.5 (Amazonbot/0.1; +https://developer.amazon.com/support/amazonbot)"
18.218.71.21 - - [29/Nov/2024:07:22:35 -0500] "GET /simple/function.php?action=view&dir=%2Fhome%2Finsiaiqb%2F.cagefs%2Fopt%2Falt%2Fphp80%2Fvar%2Flib%2Fphp%2Fsession&item=sess_0fgv1c800trfpb6t8s1v7e25d1 HTTP/1.1" 200 127118 "-" "Mozilla/5.0 AppleWebKit/537.36 (KHTML, like Gecko; compatible; ClaudeBot/1.0; +claudebot@anthropic.com)"
107.148.20.140 - - [29/Nov/2024:07:22:36 -0500] "GET / HTTP/1.1" 200 1135 "https://gmpixel.com" "Mozilla/5.0 (Windows NT 10.0; Win64; x64) AppleWebKit/537.36 (KHTML, like Gecko) Chrome/58.0.3029.110 Safari/537.3"
136.243.220.210 - - [29/Nov/2024:07:22:36 -0500] "GET /product/fxn56/19329?keyword=pick HTTP/1.1" 404 1251 "-" "Mozilla/5.0 (compatible; DataForSeoBot/1.0; +https://dataforseo.com/dataforseo-bot)"
18.218.71.21 - - [29/Nov/2024:07:22:38 -0500] "GET /simple/function.php?action=view&dir=%2Fhome%2Finsiaiqb%2F.cagefs%2Fopt%2Falt%2Fphp80%2Fvar%2Flib%2Fphp%2Fsession&item=sess_7tid27oio6be3luoru1u0j7om2 HTTP/1.1" 200 120267 "-" "Mozilla/5.0 AppleWebKit/537.36 (KHTML, like Gecko; compatible; ClaudeBot/1.0; +claudebot@anthropic.com)"
23.23.213.182 - - [29/Nov/2024:07:22:39 -0500] "GET /simple/function.php?action=rename&dir=//opt/alt/php80/var/lib/php/session&item=sess_23vutd73sfh5trneg05je42b4t HTTP/1.1" 200 162197 "-" "Mozilla/5.0 (Macintosh; Intel Mac OS X 10_10_1) AppleWebKit/600.2.5 (KHTML, like Gecko) Version/8.0.2 Safari/600.2.5 (Amazonbot/0.1; +https://developer.amazon.com/support/amazonbot)"
136.243.220.210 - - [29/Nov/2024:07:22:40 -0500] "GET /product/djv161/39783?keyword=relatively HTTP/1.1" 404 1251 "-" "Mozilla/5.0 (compatible; DataForSeoBot/1.0; +https://dataforseo.com/dataforseo-bot)"
18.218.71.21 - - [29/Nov/2024:07:22:41 -0500] "GET /simple/function.php?action=chmod&dir=%2Fhome%2Finsiaiqb%2F.cagefs%2Fopt%2Falt%2Fphp80%2Fvar%2Flib%2Fphp%2Fsession&item=sess_ilee40ml8nbapnkkc96ibr59so HTTP/1.1" 200 121761 "-" "Mozilla/5.0 AppleWebKit/537.36 (KHTML, like Gecko; compatible; ClaudeBot/1.0; +claudebot@anthropic.com)"
52.54.157.23 - - [29/Nov/2024:07:22:43 -0500] "GET /simple/function.php?action=edit&dir=//opt/alt/php80/var/lib/php/session&item=sess_23vutd73sfh5trneg05je42b4t HTTP/1.1" 200 150192 "-" "Mozilla/5.0 (Macintosh; Intel Mac OS X 10_10_1) AppleWebKit/600.2.5 (KHTML, like Gecko) Version/8.0.2 Safari/600.2.5 (Amazonbot/0.1; +https://developer.amazon.com/support/amazonbot)"
18.218.71.21 - - [29/Nov/2024:07:22:44 -0500] "GET /simple/function.php?action=chmod&dir=%2Fhome%2Finsiaiqb%2F.cagefs%2Fopt%2Falt%2Fphp80%2Fvar%2Flib%2Fphp%2Fsession&item=sess_ndoscikcqgqk5g7suscinfpss1 HTTP/1.1" 200 123168 "-" "Mozilla/5.0 AppleWebKit/537.36 (KHTML, like Gecko; compatible; ClaudeBot/1.0; +claudebot@anthropic.com)"
136.243.220.210 - - [29/Nov/2024:07:22:44 -0500] "GET /product/dbn236/48457?keyword=poke HTTP/1.1" 404 1251 "-" "Mozilla/5.0 (compatible; DataForSeoBot/1.0; +https://dataforseo.com/dataforseo-bot)"
18.118.144.109 - - [29/Nov/2024:07:22:45 -0500] "GET /simple/function.php?dir=%2F%2Fproc%2Fself%2Froot%2Fproc%2F2016217 HTTP/1.1" 200 2158 "-" "Mozilla/5.0 AppleWebKit/537.36 (KHTML, like Gecko; compatible; ClaudeBot/1.0; +claudebot@anthropic.com)"
18.191.165.149 - - [29/Nov/2024:07:22:45 -0500] "GET /simple/function.php?action=rename&dir=%2F%2Fproc%2Fself%2Froot%2Fproc&item=1996070 HTTP/1.1" 200 5317 "-" "Mozilla/5.0 AppleWebKit/537.36 (KHTML, like Gecko; compatible; ClaudeBot/1.0; +claudebot@anthropic.com)"
18.118.144.109 - - [29/Nov/2024:07:22:45 -0500] "GET /simple/function.php?action=chmod&dir=%2F%2Flib%2Fnode_modules%2Fnpm%2Fnode_modules%2Fsocks&item=LICENSE HTTP/1.1" 200 2997 "-" "Mozilla/5.0 AppleWebKit/537.36 (KHTML, like Gecko; compatible; ClaudeBot/1.0; +claudebot@anthropic.com)"
18.118.144.109 - - [29/Nov/2024:07:22:45 -0500] "GET /simple/function.php?action=view&dir=%2Fhome%2Finsiaiqb%2F.cagefs%2Fopt%2Falt%2Fphp80%2Fvar%2Flib%2Fphp%2Fsession&item=sess_a27avm3076r7vm2svn3vrn88mb HTTP/1.1" 200 121611 "-" "Mozilla/5.0 AppleWebKit/537.36 (KHTML, like Gecko; compatible; ClaudeBot/1.0; +claudebot@anthropic.com)"
18.118.144.109 - - [29/Nov/2024:07:22:46 -0500] "GET /simple/function.php?action=view&dir=%2Fhome%2Finsiaiqb%2F.cagefs%2Fopt%2Falt%2Fphp80%2Fvar%2Flib%2Fphp%2Fsession&item=sess_rbdhg5b99bink22lsndlvfhrm1 HTTP/1.1" 200 122195 "-" "Mozilla/5.0 AppleWebKit/537.36 (KHTML, like Gecko; compatible; ClaudeBot/1.0; +claudebot@anthropic.com)"
18.118.144.109 - - [29/Nov/2024:07:22:46 -0500] "GET /simple/function.php?action=view&dir=%2Fhome%2Finsiaiqb%2F.cagefs%2Fopt%2Falt%2Fphp80%2Fvar%2Flib%2Fphp%2Fsession&item=sess_uimc5qlk7e0pkvgotrsol2tb5k HTTP/1.1" 200 123039 "-" "Mozilla/5.0 AppleWebKit/537.36 (KHTML, like Gecko; compatible; ClaudeBot/1.0; +claudebot@anthropic.com)"
18.118.144.109 - - [29/Nov/2024:07:22:46 -0500] "GET /simple/function.php?action=edit&dir=%2Fhome%2Finsiaiqb%2F.cagefs%2Fopt%2Falt%2Fphp80%2Fvar%2Flib%2Fphp%2Fsession&item=sess_clsls42belt9qfjoa4jqb46h13 HTTP/1.1" 200 118465 "-" "Mozilla/5.0 AppleWebKit/537.36 (KHTML, like Gecko; compatible; ClaudeBot/1.0; +claudebot@anthropic.com)"
18.118.144.109 - - [29/Nov/2024:07:22:46 -0500] "GET /simple/function.php?action=edit&dir=%2Fhome%2Finsiaiqb%2F.cagefs%2Fopt%2Falt%2Fphp80%2Fvar%2Flib%2Fphp%2Fsession&item=sess_ek9s9uns0rdp8crqip512400ji HTTP/1.1" 200 121822 "-" "Mozilla/5.0 AppleWebKit/537.36 (KHTML, like Gecko; compatible; ClaudeBot/1.0; +claudebot@anthropic.com)"
18.118.144.109 - - [29/Nov/2024:07:22:47 -0500] "GET /simple/function.php?action=chmod&dir=%2Fhome%2Finsiaiqb%2F.cagefs%2Fopt%2Falt%2Fphp80%2Fvar%2Flib%2Fphp%2Fsession&item=sess_tgq03tja5rs4nnr9th885l1hks HTTP/1.1" 200 125018 "-" "Mozilla/5.0 AppleWebKit/537.36 (KHTML, like Gecko; compatible; ClaudeBot/1.0; +claudebot@anthropic.com)"
52.202.233.37 - - [29/Nov/2024:07:22:47 -0500] "GET /simple/function.php?action=chmod&dir=//opt/alt/php80/var/lib/php/session&item=sess_1fqnlun8qnl74j5asq1t35e1bi HTTP/1.1" 200 149401 "-" "Mozilla/5.0 (Macintosh; Intel Mac OS X 10_10_1) AppleWebKit/600.2.5 (KHTML, like Gecko) Version/8.0.2 Safari/600.2.5 (Amazonbot/0.1; +https://developer.amazon.com/support/amazonbot)"
18.118.144.109 - - [29/Nov/2024:07:22:47 -0500] "GET /simple/function.php?action=chmod&dir=%2Fhome%2Finsiaiqb%2F.cagefs%2Fopt%2Falt%2Fphp80%2Fvar%2Flib%2Fphp%2Fsession&item=sess_km8qt98uh4769doctorsdu7g7v HTTP/1.1" 200 117230 "-" "Mozilla/5.0 AppleWebKit/537.36 (KHTML, like Gecko; compatible; ClaudeBot/1.0; +claudebot@anthropic.com)"
18.118.144.109 - - [29/Nov/2024:07:22:47 -0500] "GET /simple/function.php?action=chmod&dir=%2Fhome%2Finsiaiqb%2F.cagefs%2Fopt%2Falt%2Fphp80%2Fvar%2Flib%2Fphp%2Fsession&item=sess_mefmbv2p48svphbjef27gcpsp1 HTTP/1.1" 200 118235 "-" "Mozilla/5.0 AppleWebKit/537.36 (KHTML, like Gecko; compatible; ClaudeBot/1.0; +claudebot@anthropic.com)"
18.118.144.109 - - [29/Nov/2024:07:22:48 -0500] "GET /simple/function.php?action=rename&dir=%2Fhome%2Finsiaiqb%2F.cagefs%2Fopt%2Falt%2Fphp80%2Fvar%2Flib%2Fphp%2Fsession&item=sess_3l7o3ku1u14laoupc1d4cd81hm HTTP/1.1" 200 121275 "-" "Mozilla/5.0 AppleWebKit/537.36 (KHTML, like Gecko; compatible; ClaudeBot/1.0; +claudebot@anthropic.com)"
18.118.144.109 - - [29/Nov/2024:07:22:48 -0500] "GET /simple/function.php?action=rename&dir=%2Fhome%2Finsiaiqb%2F.cagefs%2Fopt%2Falt%2Fphp80%2Fvar%2Flib%2Fphp%2Fsession&item=sess_rlo0sclp70o3hjjm06amccdq9c HTTP/1.1" 200 120085 "-" "Mozilla/5.0 AppleWebKit/537.36 (KHTML, like Gecko; compatible; ClaudeBot/1.0; +claudebot@anthropic.com)"
136.243.220.210 - - [29/Nov/2024:07:22:48 -0500] "GET /product/wfa271/17432?keyword=adopt HTTP/1.1" 404 1251 "-" "Mozilla/5.0 (compatible; DataForSeoBot/1.0; +https://dataforseo.com/dataforseo-bot)"
18.118.144.109 - - [29/Nov/2024:07:22:48 -0500] "GET /simple/function.php?action=rename&dir=%2Fhome%2Finsiaiqb%2F.cagefs%2Fopt%2Falt%2Fphp80%2Fvar%2Flib%2Fphp%2Fsession&item=sess_ghlm9aq09p6rfhfef85d3jf4o8 HTTP/1.1" 200 119233 "-" "Mozilla/5.0 AppleWebKit/537.36 (KHTML, like Gecko; compatible; ClaudeBot/1.0; +claudebot@anthropic.com)"
3.128.171.192 - - [29/Nov/2024:07:22:49 -0500] "GET /simple/function.php?action=chmod&dir=%2F%2Fproc%2Fself%2Froot%2Fproc%2Fthread-self%2Froot%2Fproc&item=2159317 HTTP/1.1" 200 5303 "-" "Mozilla/5.0 AppleWebKit/537.36 (KHTML, like Gecko; compatible; ClaudeBot/1.0; +claudebot@anthropic.com)"
3.128.171.192 - - [29/Nov/2024:07:22:49 -0500] "GET /simple/function.php?action=view&dir=%2Fhome%2Finsiaiqb%2F.cagefs%2Fopt%2Falt%2Fphp80%2Fvar%2Flib%2Fphp%2Fsession&item=sess_1705adja0ives03dkltpt0detc HTTP/1.1" 200 125400 "-" "Mozilla/5.0 AppleWebKit/537.36 (KHTML, like Gecko; compatible; ClaudeBot/1.0; +claudebot@anthropic.com)"
3.128.171.192 - - [29/Nov/2024:07:22:49 -0500] "GET /simple/function.php?action=view&dir=%2Fhome%2Finsiaiqb%2F.cagefs%2Fopt%2Falt%2Fphp80%2Fvar%2Flib%2Fphp%2Fsession&item=sess_hul0vnmtgtetqu22u4v1apadbj HTTP/1.1" 200 120902 "-" "Mozilla/5.0 AppleWebKit/537.36 (KHTML, like Gecko; compatible; ClaudeBot/1.0; +claudebot@anthropic.com)"
3.128.171.192 - - [29/Nov/2024:07:22:49 -0500] "GET /simple/function.php?action=rename&dir=%2Fhome%2Finsiaiqb%2F.cagefs%2Fopt%2Falt%2Fphp80%2Fvar%2Flib%2Fphp%2Fsession&item=sess_qpvetmrnuf13epuftve3nvglq5 HTTP/1.1" 200 123846 "-" "Mozilla/5.0 AppleWebKit/537.36 (KHTML, like Gecko; compatible; ClaudeBot/1.0; +claudebot@anthropic.com)"
3.128.171.192 - - [29/Nov/2024:07:22:49 -0500] "GET /simple/function.php?action=rename&dir=%2Fhome%2Finsiaiqb%2F.cagefs%2Fopt%2Falt%2Fphp80%2Fvar%2Flib%2Fphp%2Fsession&item=sess_afjqthln3n64v7lmvcrkvpj60e HTTP/1.1" 200 127126 "-" "Mozilla/5.0 AppleWebKit/537.36 (KHTML, like Gecko; compatible; ClaudeBot/1.0; +claudebot@anthropic.com)"
3.128.171.192 - - [29/Nov/2024:07:22:50 -0500] "GET /simple/function.php?action=rename&dir=%2Fhome%2Finsiaiqb%2F.cagefs%2Fopt%2Falt%2Fphp80%2Fvar%2Flib%2Fphp%2Fsession&item=sess_1c2qnpdrnas205271j0fqvco51 HTTP/1.1" 200 121199 "-" "Mozilla/5.0 AppleWebKit/537.36 (KHTML, like Gecko; compatible; ClaudeBot/1.0; +claudebot@anthropic.com)"
3.128.171.192 - - [29/Nov/2024:07:22:50 -0500] "GET /simple/function.php?action=rename&dir=%2Fhome%2Finsiaiqb%2F.cagefs%2Fopt%2Falt%2Fphp80%2Fvar%2Flib%2Fphp%2Fsession&item=sess_pmuapm7rkp72id3fqiuo74ubek HTTP/1.1" 200 126108 "-" "Mozilla/5.0 AppleWebKit/537.36 (KHTML, like Gecko; compatible; ClaudeBot/1.0; +claudebot@anthropic.com)"
18.216.99.18 - - [29/Nov/2024:07:22:50 -0500] "GET /simple/function.php?action=chmod&dir=%2F%2Fusr%2Fshare%2Fvim%2Fvim80%2Fftplugin&item=passwd.vim HTTP/1.1" 200 11771 "-" "Mozilla/5.0 AppleWebKit/537.36 (KHTML, like Gecko; compatible; ClaudeBot/1.0; +claudebot@anthropic.com)"
18.216.99.18 - - [29/Nov/2024:07:22:50 -0500] "GET /simple/function.php?action=rename&dir=%2F%2Fusr%2Fshare%2Fvim%2Fvim80%2Fftplugin&item=gprof.vim HTTP/1.1" 200 11745 "-" "Mozilla/5.0 AppleWebKit/537.36 (KHTML, like Gecko; compatible; ClaudeBot/1.0; +claudebot@anthropic.com)"
3.14.251.103 - - [29/Nov/2024:07:22:50 -0500] "GET /simple/function.php?dir=%2F%2Fproc%2Fthread-self%2Froot%2Fproc%2F2000680 HTTP/1.1" 200 2167 "-" "Mozilla/5.0 AppleWebKit/537.36 (KHTML, like Gecko; compatible; ClaudeBot/1.0; +claudebot@anthropic.com)"
3.14.251.103 - - [29/Nov/2024:07:22:51 -0500] "GET /simple/function.php?action=rename&dir=%2F%2Fproc%2Fself%2Froot%2Fproc&item=2134108 HTTP/1.1" 200 5154 "-" "Mozilla/5.0 AppleWebKit/537.36 (KHTML, like Gecko; compatible; ClaudeBot/1.0; +claudebot@anthropic.com)"
18.216.99.18 - - [29/Nov/2024:07:22:50 -0500] "GET /simple/function.php?action=edit&dir=%2F%2Fusr%2Fshare%2Fvim%2Fvim80%2Fftplugin&item=logindefs.vim HTTP/1.1" 200 11963 "-" "Mozilla/5.0 AppleWebKit/537.36 (KHTML, like Gecko; compatible; ClaudeBot/1.0; +claudebot@anthropic.com)"
3.14.251.103 - - [29/Nov/2024:07:22:51 -0500] "GET /simple/function.php?action=view&dir=%2Fhome%2Finsiaiqb%2F.cagefs%2Fopt%2Falt%2Fphp80%2Fvar%2Flib%2Fphp%2Fsession&item=sess_c05seuinboq2dihjpr4ai1uvol HTTP/1.1" 200 124629 "-" "Mozilla/5.0 AppleWebKit/537.36 (KHTML, like Gecko; compatible; ClaudeBot/1.0; +claudebot@anthropic.com)"
3.14.251.103 - - [29/Nov/2024:07:22:51 -0500] "GET /simple/function.php?action=edit&dir=%2Fhome%2Finsiaiqb%2F.cagefs%2Fopt%2Falt%2Fphp80%2Fvar%2Flib%2Fphp%2Fsession&item=sess_0353pf5huhhtrccavget7od2nj HTTP/1.1" 200 126386 "-" "Mozilla/5.0 AppleWebKit/537.36 (KHTML, like Gecko; compatible; ClaudeBot/1.0; +claudebot@anthropic.com)"
3.144.235.138 - - [29/Nov/2024:07:22:51 -0500] "GET /simple/function.php?action=rename&dir=%2F%2Fproc%2Fself%2Froot%2Fproc%2Fthread-self%2Froot%2Fproc&item=1999899 HTTP/1.1" 200 5306 "-" "Mozilla/5.0 AppleWebKit/537.36 (KHTML, like Gecko; compatible; ClaudeBot/1.0; +claudebot@anthropic.com)"
54.91.122.193 - - [29/Nov/2024:07:22:51 -0500] "GET /simple/function.php?action=chmod&dir=//opt/alt/php80/var/lib/php/session&item=sess_ai3jvpjpt0q81lir0l3e14vpuf HTTP/1.1" 200 155337 "-" "Mozilla/5.0 (Macintosh; Intel Mac OS X 10_10_1) AppleWebKit/600.2.5 (KHTML, like Gecko) Version/8.0.2 Safari/600.2.5 (Amazonbot/0.1; +https://developer.amazon.com/support/amazonbot)"
3.144.235.138 - - [29/Nov/2024:07:22:51 -0500] "GET /simple/function.php?action=rename&dir=%2F%2Fusr%2Flib64%2Fqt5%2Fqml%2FQtMultimedia&item=libdeclarative_multimedia.so HTTP/1.1" 200 2868 "-" "Mozilla/5.0 AppleWebKit/537.36 (KHTML, like Gecko; compatible; ClaudeBot/1.0; +claudebot@anthropic.com)"
3.144.25.248 - - [29/Nov/2024:07:22:51 -0500] "GET /simple/function.php?dir=%2F%2Fproc%2Fself%2Froot%2Fproc%2Fthread-self%2Froot%2Fproc%2F2167471 HTTP/1.1" 200 2190 "-" "Mozilla/5.0 AppleWebKit/537.36 (KHTML, like Gecko; compatible; ClaudeBot/1.0; +claudebot@anthropic.com)"
3.144.25.248 - - [29/Nov/2024:07:22:51 -0500] "GET /simple/function.php?action=rename&dir=%2F%2Flib%2Fnode_modules%2Fnpm%2Fnode_modules%2Fcolumnify&item=utils.js HTTP/1.1" 200 3020 "-" "Mozilla/5.0 AppleWebKit/537.36 (KHTML, like Gecko; compatible; ClaudeBot/1.0; +claudebot@anthropic.com)"
3.144.25.248 - - [29/Nov/2024:07:22:52 -0500] "GET /simple/function.php?action=chmod&dir=%2F%2Flib%2Fnode_modules%2Fnpm%2Fnode_modules%2Fstream-shift&item=package.json HTTP/1.1" 200 2922 "-" "Mozilla/5.0 AppleWebKit/537.36 (KHTML, like Gecko; compatible; ClaudeBot/1.0; +claudebot@anthropic.com)"
3.144.25.248 - - [29/Nov/2024:07:22:52 -0500] "GET /simple/function.php?action=view&dir=%2Fhome%2Finsiaiqb%2F.cagefs%2Fopt%2Falt%2Fphp80%2Fvar%2Flib%2Fphp%2Fsession&item=sess_amia6pr0h1arfb1a35m51jsi3e HTTP/1.1" 200 119428 "-" "Mozilla/5.0 AppleWebKit/537.36 (KHTML, like Gecko; compatible; ClaudeBot/1.0; +claudebot@anthropic.com)"
3.144.25.248 - - [29/Nov/2024:07:22:52 -0500] "GET /simple/function.php?action=edit&dir=%2Fhome%2Finsiaiqb%2F.cagefs%2Fopt%2Falt%2Fphp80%2Fvar%2Flib%2Fphp%2Fsession&item=sess_756ittasffn4obrgaqkjglmsbm HTTP/1.1" 200 116259 "-" "Mozilla/5.0 AppleWebKit/537.36 (KHTML, like Gecko; compatible; ClaudeBot/1.0; +claudebot@anthropic.com)"
3.144.25.248 - - [29/Nov/2024:07:22:52 -0500] "GET /simple/function.php?action=view&dir=%2Fhome%2Finsiaiqb%2F.cagefs%2Fopt%2Falt%2Fphp80%2Fvar%2Flib%2Fphp%2Fsession&item=sess_53evpffm09lae2ieuiq7d0vooc HTTP/1.1" 200 122290 "-" "Mozilla/5.0 AppleWebKit/537.36 (KHTML, like Gecko; compatible; ClaudeBot/1.0; +claudebot@anthropic.com)"
136.243.220.210 - - [29/Nov/2024:07:22:52 -0500] "GET /product/fybbz6/43644?keyword=deep HTTP/1.1" 404 1251 "-" "Mozilla/5.0 (compatible; DataForSeoBot/1.0; +https://dataforseo.com/dataforseo-bot)"
3.144.25.248 - - [29/Nov/2024:07:22:52 -0500] "GET /simple/function.php?action=view&dir=%2Fhome%2Finsiaiqb%2F.cagefs%2Fopt%2Falt%2Fphp80%2Fvar%2Flib%2Fphp%2Fsession&item=sess_7cjb3v5l85kmvi4bqe8ee64raq HTTP/1.1" 200 124015 "-" "Mozilla/5.0 AppleWebKit/537.36 (KHTML, like Gecko; compatible; ClaudeBot/1.0; +claudebot@anthropic.com)"
3.144.25.248 - - [29/Nov/2024:07:22:53 -0500] "GET /simple/function.php?action=view&dir=%2Fhome%2Finsiaiqb%2F.cagefs%2Fopt%2Falt%2Fphp80%2Fvar%2Flib%2Fphp%2Fsession&item=sess_l3849dc1asienk8362rhqpnq5p HTTP/1.1" 200 118546 "-" "Mozilla/5.0 AppleWebKit/537.36 (KHTML, like Gecko; compatible; ClaudeBot/1.0; +claudebot@anthropic.com)"
3.144.25.248 - - [29/Nov/2024:07:22:53 -0500] "GET /simple/function.php?action=chmod&dir=%2Fhome%2Finsiaiqb%2F.cagefs%2Fopt%2Falt%2Fphp80%2Fvar%2Flib%2Fphp%2Fsession&item=sess_041rg8faj2bg0gp2gokpdgbeej HTTP/1.1" 200 120276 "-" "Mozilla/5.0 AppleWebKit/537.36 (KHTML, like Gecko; compatible; ClaudeBot/1.0; +claudebot@anthropic.com)"
3.144.25.248 - - [29/Nov/2024:07:22:53 -0500] "GET /simple/function.php?action=rename&dir=%2Fhome%2Finsiaiqb%2F.cagefs%2Fopt%2Falt%2Fphp80%2Fvar%2Flib%2Fphp%2Fsession&item=sess_8kbsbecsfeesput4td7pgs7g07 HTTP/1.1" 200 122000 "-" "Mozilla/5.0 AppleWebKit/537.36 (KHTML, like Gecko; compatible; ClaudeBot/1.0; +claudebot@anthropic.com)"
18.119.28.213 - - [29/Nov/2024:07:22:54 -0500] "GET /simple/function.php?action=rename&dir=%2F%2Fproc%2Fself%2Froot%2Fproc%2Fthread-self%2Froot%2Fproc&item=2107828 HTTP/1.1" 200 5147 "-" "Mozilla/5.0 AppleWebKit/537.36 (KHTML, like Gecko; compatible; ClaudeBot/1.0; +claudebot@anthropic.com)"
18.119.28.213 - - [29/Nov/2024:07:22:54 -0500] "GET /simple/function.php?action=edit&dir=%2Fhome%2Finsiaiqb%2F.cagefs%2Fopt%2Falt%2Fphp80%2Fvar%2Flib%2Fphp%2Fsession&item=sess_2mjobje5tn79g7qd30jettde9c HTTP/1.1" 200 123530 "-" "Mozilla/5.0 AppleWebKit/537.36 (KHTML, like Gecko; compatible; ClaudeBot/1.0; +claudebot@anthropic.com)"
18.119.28.213 - - [29/Nov/2024:07:22:54 -0500] "GET /simple/function.php?action=edit&dir=%2Fhome%2Finsiaiqb%2F.cagefs%2Fopt%2Falt%2Fphp80%2Fvar%2Flib%2Fphp%2Fsession&item=sess_5sceroj7js6o64o47469nmgj4j HTTP/1.1" 200 123213 "-" "Mozilla/5.0 AppleWebKit/537.36 (KHTML, like Gecko; compatible; ClaudeBot/1.0; +claudebot@anthropic.com)"
18.119.28.213 - - [29/Nov/2024:07:22:54 -0500] "GET /simple/function.php?action=view&dir=%2Fhome%2Finsiaiqb%2F.cagefs%2Fopt%2Falt%2Fphp80%2Fvar%2Flib%2Fphp%2Fsession&item=sess_f07lq5as2dek88r8c49gf20nh2 HTTP/1.1" 200 120674 "-" "Mozilla/5.0 AppleWebKit/537.36 (KHTML, like Gecko; compatible; ClaudeBot/1.0; +claudebot@anthropic.com)"
18.119.28.213 - - [29/Nov/2024:07:22:54 -0500] "GET /simple/function.php?action=view&dir=%2Fhome%2Finsiaiqb%2F.cagefs%2Fopt%2Falt%2Fphp80%2Fvar%2Flib%2Fphp%2Fsession&item=sess_oqp115kj42li6pfbgshhlugi2n HTTP/1.1" 200 123917 "-" "Mozilla/5.0 AppleWebKit/537.36 (KHTML, like Gecko; compatible; ClaudeBot/1.0; +claudebot@anthropic.com)"
18.119.28.213 - - [29/Nov/2024:07:22:55 -0500] "GET /simple/function.php?action=view&dir=%2Fhome%2Finsiaiqb%2F.cagefs%2Fopt%2Falt%2Fphp80%2Fvar%2Flib%2Fphp%2Fsession&item=sess_sr8vmo25db43r8cphb5hqjqs74 HTTP/1.1" 200 122901 "-" "Mozilla/5.0 AppleWebKit/537.36 (KHTML, like Gecko; compatible; ClaudeBot/1.0; +claudebot@anthropic.com)"
18.119.28.213 - - [29/Nov/2024:07:22:55 -0500] "GET /simple/function.php?action=view&dir=%2Fhome%2Finsiaiqb%2F.cagefs%2Fopt%2Falt%2Fphp80%2Fvar%2Flib%2Fphp%2Fsession&item=sess_9uggi52eadcp4r01s7kgil2grn HTTP/1.1" 200 125477 "-" "Mozilla/5.0 AppleWebKit/537.36 (KHTML, like Gecko; compatible; ClaudeBot/1.0; +claudebot@anthropic.com)"
18.119.28.213 - - [29/Nov/2024:07:22:55 -0500] "GET /simple/function.php?action=chmod&dir=%2Fhome%2Finsiaiqb%2F.cagefs%2Fopt%2Falt%2Fphp80%2Fvar%2Flib%2Fphp%2Fsession&item=sess_5a8uk8lgvo7csedaab3g4ql46q HTTP/1.1" 200 119390 "-" "Mozilla/5.0 AppleWebKit/537.36 (KHTML, like Gecko; compatible; ClaudeBot/1.0; +claudebot@anthropic.com)"
3.218.103.254 - - [29/Nov/2024:07:22:55 -0500] "GET /simple/function.php?action=rename&dir=//opt/alt/php80/var/lib/php/session&item=sess_ai3jvpjpt0q81lir0l3e14vpuf HTTP/1.1" 200 145800 "-" "Mozilla/5.0 (Macintosh; Intel Mac OS X 10_10_1) AppleWebKit/600.2.5 (KHTML, like Gecko) Version/8.0.2 Safari/600.2.5 (Amazonbot/0.1; +https://developer.amazon.com/support/amazonbot)"
18.119.28.213 - - [29/Nov/2024:07:22:55 -0500] "GET /simple/function.php?action=rename&dir=%2Fhome%2Finsiaiqb%2F.cagefs%2Fopt%2Falt%2Fphp80%2Fvar%2Flib%2Fphp%2Fsession&item=sess_0d5dckeasr39i9sj0hp183hnqf HTTP/1.1" 200 120626 "-" "Mozilla/5.0 AppleWebKit/537.36 (KHTML, like Gecko; compatible; ClaudeBot/1.0; +claudebot@anthropic.com)"
136.243.220.210 - - [29/Nov/2024:07:22:56 -0500] "GET /product/zrji261/8910?keyword=shooting HTTP/1.1" 404 1251 "-" "Mozilla/5.0 (compatible; DataForSeoBot/1.0; +https://dataforseo.com/dataforseo-bot)"
18.117.8.177 - - [29/Nov/2024:07:22:56 -0500] "GET /simple/function.php?dir=%2F%2Fproc%2Fthread-self%2Froot%2Fproc%2F1995985 HTTP/1.1" 200 2166 "-" "Mozilla/5.0 AppleWebKit/537.36 (KHTML, like Gecko; compatible; ClaudeBot/1.0; +claudebot@anthropic.com)"
18.117.8.177 - - [29/Nov/2024:07:22:56 -0500] "GET /simple/function.php?dir=%2F%2Fproc%2Fthread-self%2Froot%2Fproc%2F2003990 HTTP/1.1" 200 2167 "-" "Mozilla/5.0 AppleWebKit/537.36 (KHTML, like Gecko; compatible; ClaudeBot/1.0; +claudebot@anthropic.com)"
