18.117.107.78 - - [29/Nov/2024:07:18:01 -0500] "GET /simple/function.php?action=chmod&dir=%2Fhome%2Finsiaiqb%2F.cagefs%2Fopt%2Falt%2Fphp80%2Fvar%2Flib%2Fphp%2Fsession&item=sess_6ehk8a1o2k579pdk0biodm2lpf HTTP/1.1" 200 134081 "-" "Mozilla/5.0 AppleWebKit/537.36 (KHTML, like Gecko; compatible; ClaudeBot/1.0; +claudebot@anthropic.com)"
3.144.253.195 - - [29/Nov/2024:07:18:03 -0500] "GET /simple/function.php?action=chmod&dir=%2F%2Fproc&item=1918818 HTTP/1.1" 200 5267 "-" "Mozilla/5.0 AppleWebKit/537.36 (KHTML, like Gecko; compatible; ClaudeBot/1.0; +claudebot@anthropic.com)"
3.15.6.140 - - [29/Nov/2024:07:18:03 -0500] "GET /simple/function.php?action=rename&dir=%2F%2Fproc%2Fself%2Froot%2Fproc&item=1870250 HTTP/1.1" 200 5390 "-" "Mozilla/5.0 AppleWebKit/537.36 (KHTML, like Gecko; compatible; ClaudeBot/1.0; +claudebot@anthropic.com)"
3.145.62.36 - - [29/Nov/2024:07:18:02 -0500] "GET /simple/function.php?action=view&dir=%2Fhome%2Finsiaiqb%2F.cagefs%2Fopt%2Falt%2Fphp80%2Fvar%2Flib%2Fphp%2Fsession&item=sess_qno8d64g4v0iupl5hf2s0cle27 HTTP/1.1" 200 132264 "-" "Mozilla/5.0 AppleWebKit/537.36 (KHTML, like Gecko; compatible; ClaudeBot/1.0; +claudebot@anthropic.com)"
34.192.67.98 - - [29/Nov/2024:07:18:03 -0500] "GET /simple/function.php?action=chmod&dir=//opt/alt/php80/var/lib/php/session&item=sess_8lvjqjkufvjcp46crb2gmm36hh HTTP/1.1" 200 165787 "-" "Mozilla/5.0 (Macintosh; Intel Mac OS X 10_10_1) AppleWebKit/600.2.5 (KHTML, like Gecko) Version/8.0.2 Safari/600.2.5 (Amazonbot/0.1; +https://developer.amazon.com/support/amazonbot)"
3.16.82.182 - - [29/Nov/2024:07:18:02 -0500] "GET /simple/function.php?action=view&dir=%2Fhome%2Finsiaiqb%2F.cagefs%2Fopt%2Falt%2Fphp80%2Fvar%2Flib%2Fphp%2Fsession&item=sess_qc74qq6mf6hvrf7v78gkoth8hg HTTP/1.1" 200 132693 "-" "Mozilla/5.0 AppleWebKit/537.36 (KHTML, like Gecko; compatible; ClaudeBot/1.0; +claudebot@anthropic.com)"
18.219.253.199 - - [29/Nov/2024:07:18:03 -0500] "GET /simple/function.php?action=rename&dir=%2F%2Fproc%2Fself%2Froot%2Fproc&item=1906445 HTTP/1.1" 200 5336 "-" "Mozilla/5.0 AppleWebKit/537.36 (KHTML, like Gecko; compatible; ClaudeBot/1.0; +claudebot@anthropic.com)"
18.188.183.21 - - [29/Nov/2024:07:18:03 -0500] "GET /simple/function.php?action=view&dir=%2Fhome%2Finsiaiqb%2F.cagefs%2Fopt%2Falt%2Fphp80%2Fvar%2Flib%2Fphp%2Fsession&item=sess_5rlcfrdphj07okkhg7mte21a1d HTTP/1.1" 200 133534 "-" "Mozilla/5.0 AppleWebKit/537.36 (KHTML, like Gecko; compatible; ClaudeBot/1.0; +claudebot@anthropic.com)"
3.128.31.76 - - [29/Nov/2024:07:18:03 -0500] "GET /simple/function.php?action=rename&dir=%2F%2Fproc%2Fthread-self%2Froot%2Flib64&item=libkdb5.so.10 HTTP/1.1" 200 70877 "-" "Mozilla/5.0 AppleWebKit/537.36 (KHTML, like Gecko; compatible; ClaudeBot/1.0; +claudebot@anthropic.com)"
3.144.252.58 - - [29/Nov/2024:07:18:03 -0500] "GET /simple/function.php?action=view&dir=%2Fhome%2Finsiaiqb%2F.cagefs%2Fopt%2Falt%2Fphp80%2Fvar%2Flib%2Fphp%2Fsession&item=sess_0bq8hlkf732oif01r7phplf1kb HTTP/1.1" 200 139755 "-" "Mozilla/5.0 AppleWebKit/537.36 (KHTML, like Gecko; compatible; ClaudeBot/1.0; +claudebot@anthropic.com)"
3.148.117.237 - - [29/Nov/2024:07:18:04 -0500] "GET /simple/function.php?action=edit&dir=%2F%2Fusr%2Flib%2F.build-id%2Fab&item=cdccf6c3591b0acd11db51f62a65cbafa50e8d HTTP/1.1" 200 4631 "-" "Mozilla/5.0 AppleWebKit/537.36 (KHTML, like Gecko; compatible; ClaudeBot/1.0; +claudebot@anthropic.com)"
18.117.107.78 - - [29/Nov/2024:07:18:04 -0500] "GET /simple/function.php?action=chmod&dir=%2Fhome%2Finsiaiqb%2F.cagefs%2Fopt%2Falt%2Fphp80%2Fvar%2Flib%2Fphp%2Fsession&item=sess_vdnpg894vgsegoif8l21ju591j HTTP/1.1" 200 141354 "-" "Mozilla/5.0 AppleWebKit/537.36 (KHTML, like Gecko; compatible; ClaudeBot/1.0; +claudebot@anthropic.com)"
18.119.167.189 - - [29/Nov/2024:07:18:04 -0500] "GET /simple/function.php?dir=%2F%2Fproc%2Fself%2Froot%2Fproc%2F1724104 HTTP/1.1" 200 2158 "-" "Mozilla/5.0 AppleWebKit/537.36 (KHTML, like Gecko; compatible; ClaudeBot/1.0; +claudebot@anthropic.com)"
18.221.59.121 - - [29/Nov/2024:07:18:02 -0500] "GET /simple/function.php?action=chmod&dir=%2F%2Fusr%2Fshare%2Fvim%2Fvim80%2Fsyntax&item=aspvbs.vim HTTP/1.1" 200 27486 "-" "Mozilla/5.0 AppleWebKit/537.36 (KHTML, like Gecko; compatible; ClaudeBot/1.0; +claudebot@anthropic.com)"
3.143.218.180 - - [29/Nov/2024:07:18:04 -0500] "GET /simple/function.php?action=chmod&dir=%2F%2Fopt%2Fimunify360%2Fvenv%2Flib64%2Fpython3.11%2Fsite-packages%2FCrypto%2FSelfTest&item=Signature HTTP/1.1" 200 3265 "-" "Mozilla/5.0 AppleWebKit/537.36 (KHTML, like Gecko; compatible; ClaudeBot/1.0; +claudebot@anthropic.com)"
18.221.238.204 - - [29/Nov/2024:07:18:05 -0500] "GET /simple/function.php?action=rename&dir=%2F%2Fusr%2Flib%2F.build-id%2F7d&item=9b35cc35b4e8aa33b231b7e352daaa8fa62c3b HTTP/1.1" 200 3889 "-" "Mozilla/5.0 AppleWebKit/537.36 (KHTML, like Gecko; compatible; ClaudeBot/1.0; +claudebot@anthropic.com)"
3.137.178.122 - - [29/Nov/2024:07:18:03 -0500] "GET /simple/function.php?action=edit&dir=%2F%2Fusr%2Fshare%2Fvim%2Fvim80%2Fsyntax&item=dtrace.vim HTTP/1.1" 200 30716 "-" "Mozilla/5.0 AppleWebKit/537.36 (KHTML, like Gecko; compatible; ClaudeBot/1.0; +claudebot@anthropic.com)"
136.243.220.210 - - [29/Nov/2024:07:18:05 -0500] "GET /product/efsj194/19979?keyword=allow HTTP/1.1" 404 1251 "-" "Mozilla/5.0 (compatible; DataForSeoBot/1.0; +https://dataforseo.com/dataforseo-bot)"
3.145.62.36 - - [29/Nov/2024:07:18:05 -0500] "GET /simple/function.php?action=view&dir=%2Fhome%2Finsiaiqb%2F.cagefs%2Fopt%2Falt%2Fphp80%2Fvar%2Flib%2Fphp%2Fsession&item=sess_udsoo3mvmcp1l5s02165a8grb5 HTTP/1.1" 200 139635 "-" "Mozilla/5.0 AppleWebKit/537.36 (KHTML, like Gecko; compatible; ClaudeBot/1.0; +claudebot@anthropic.com)"
3.16.82.182 - - [29/Nov/2024:07:18:05 -0500] "GET /simple/function.php?action=view&dir=%2Fhome%2Finsiaiqb%2F.cagefs%2Fopt%2Falt%2Fphp80%2Fvar%2Flib%2Fphp%2Fsession&item=sess_13h08j540tpng2etqsi7cksb3e HTTP/1.1" 200 136898 "-" "Mozilla/5.0 AppleWebKit/537.36 (KHTML, like Gecko; compatible; ClaudeBot/1.0; +claudebot@anthropic.com)"
3.15.143.18 - - [29/Nov/2024:07:18:06 -0500] "GET /simple/function.php?dir=%2F%2Fproc%2F1809145 HTTP/1.1" 200 2121 "-" "Mozilla/5.0 AppleWebKit/537.36 (KHTML, like Gecko; compatible; ClaudeBot/1.0; +claudebot@anthropic.com)"
3.15.6.140 - - [29/Nov/2024:07:18:06 -0500] "GET /simple/function.php?action=view&dir=%2F%2Fusr%2Flib%2F.build-id%2F07&item=e637f49fab6700c9795b27a732d7b0b6762d22 HTTP/1.1" 200 4239 "-" "Mozilla/5.0 AppleWebKit/537.36 (KHTML, like Gecko; compatible; ClaudeBot/1.0; +claudebot@anthropic.com)"
18.219.253.199 - - [29/Nov/2024:07:18:06 -0500] "GET /simple/function.php?action=chmod&dir=%2F%2Fproc%2Fthread-self%2Froot%2Fproc&item=1730386 HTTP/1.1" 200 5469 "-" "Mozilla/5.0 AppleWebKit/537.36 (KHTML, like Gecko; compatible; ClaudeBot/1.0; +claudebot@anthropic.com)"
18.188.183.21 - - [29/Nov/2024:07:18:06 -0500] "GET /simple/function.php?action=edit&dir=%2Fhome%2Finsiaiqb%2F.cagefs%2Fopt%2Falt%2Fphp80%2Fvar%2Flib%2Fphp%2Fsession&item=sess_n04en9s4ak5225ulpmnbnhnph1 HTTP/1.1" 200 133558 "-" "Mozilla/5.0 AppleWebKit/537.36 (KHTML, like Gecko; compatible; ClaudeBot/1.0; +claudebot@anthropic.com)"
3.144.252.58 - - [29/Nov/2024:07:18:06 -0500] "GET /simple/function.php?action=view&dir=%2Fhome%2Finsiaiqb%2F.cagefs%2Fopt%2Falt%2Fphp80%2Fvar%2Flib%2Fphp%2Fsession&item=sess_8so6dmchnfnr21tavb8t2lqqj9 HTTP/1.1" 200 134881 "-" "Mozilla/5.0 AppleWebKit/537.36 (KHTML, like Gecko; compatible; ClaudeBot/1.0; +claudebot@anthropic.com)"
3.128.31.76 - - [29/Nov/2024:07:18:06 -0500] "GET /simple/function.php?action=edit&dir=%2F%2Fproc%2Fthread-self%2Froot%2Flib64&item=libaom.so.3.6.1 HTTP/1.1" 200 72864 "-" "Mozilla/5.0 AppleWebKit/537.36 (KHTML, like Gecko; compatible; ClaudeBot/1.0; +claudebot@anthropic.com)"
18.119.167.189 - - [29/Nov/2024:07:18:07 -0500] "GET /simple/function.php?action=chmod&dir=%2F%2Fproc%2Fself%2Froot%2Fproc&item=1848945 HTTP/1.1" 200 5459 "-" "Mozilla/5.0 AppleWebKit/537.36 (KHTML, like Gecko; compatible; ClaudeBot/1.0; +claudebot@anthropic.com)"
18.221.59.121 - - [29/Nov/2024:07:18:05 -0500] "GET /simple/function.php?action=rename&dir=%2F%2Fusr%2Fshare%2Fvim%2Fvim80%2Fsyntax&item=samba.vim HTTP/1.1" 200 27700 "-" "Mozilla/5.0 AppleWebKit/537.36 (KHTML, like Gecko; compatible; ClaudeBot/1.0; +claudebot@anthropic.com)"
34.196.237.236 - - [29/Nov/2024:07:18:07 -0500] "GET /simple/function.php?action=chmod&dir=//opt/alt/php80/var/lib/php/session&item=sess_8rko9la85miv9lh11ae1klejcg HTTP/1.1" 200 179920 "-" "Mozilla/5.0 (Macintosh; Intel Mac OS X 10_10_1) AppleWebKit/600.2.5 (KHTML, like Gecko) Version/8.0.2 Safari/600.2.5 (Amazonbot/0.1; +https://developer.amazon.com/support/amazonbot)"
3.149.25.117 - - [29/Nov/2024:07:18:07 -0500] "GET /simple/function.php?action=rename&dir=%2F%2Fproc%2Fself%2Froot%2Fproc%2Fthread-self%2Froot%2Fproc&item=2111052 HTTP/1.1" 200 5283 "-" "Mozilla/5.0 AppleWebKit/537.36 (KHTML, like Gecko; compatible; ClaudeBot/1.0; +claudebot@anthropic.com)"
3.137.178.122 - - [29/Nov/2024:07:18:06 -0500] "GET /simple/function.php?action=chmod&dir=%2F%2Fusr%2Fshare%2Fvim%2Fvim80%2Fsyntax&item=inittab.vim HTTP/1.1" 200 27998 "-" "Mozilla/5.0 AppleWebKit/537.36 (KHTML, like Gecko; compatible; ClaudeBot/1.0; +claudebot@anthropic.com)"
18.221.238.204 - - [29/Nov/2024:07:18:08 -0500] "GET /simple/function.php?action=edit&dir=%2F%2Flib%2Fnode_modules%2Fnpm%2Fnode_modules%2Fhttp-proxy-agent&item=README.md HTTP/1.1" 200 4161 "-" "Mozilla/5.0 AppleWebKit/537.36 (KHTML, like Gecko; compatible; ClaudeBot/1.0; +claudebot@anthropic.com)"
3.145.62.36 - - [29/Nov/2024:07:18:08 -0500] "GET /simple/function.php?action=edit&dir=%2Fhome%2Finsiaiqb%2F.cagefs%2Fopt%2Falt%2Fphp80%2Fvar%2Flib%2Fphp%2Fsession&item=sess_ta38sh9rujbckvimgqlk2mov1p HTTP/1.1" 200 141500 "-" "Mozilla/5.0 AppleWebKit/537.36 (KHTML, like Gecko; compatible; ClaudeBot/1.0; +claudebot@anthropic.com)"
3.16.82.182 - - [29/Nov/2024:07:18:08 -0500] "GET /simple/function.php?action=edit&dir=%2Fhome%2Finsiaiqb%2F.cagefs%2Fopt%2Falt%2Fphp80%2Fvar%2Flib%2Fphp%2Fsession&item=sess_hrm1dh38nc1h8eu5b35heidcfc HTTP/1.1" 200 143268 "-" "Mozilla/5.0 AppleWebKit/537.36 (KHTML, like Gecko; compatible; ClaudeBot/1.0; +claudebot@anthropic.com)"
3.15.143.18 - - [29/Nov/2024:07:18:09 -0500] "GET /simple/function.php?action=rename&dir=%2F%2Fproc&item=1779110 HTTP/1.1" 200 5420 "-" "Mozilla/5.0 AppleWebKit/537.36 (KHTML, like Gecko; compatible; ClaudeBot/1.0; +claudebot@anthropic.com)"
3.15.6.140 - - [29/Nov/2024:07:18:09 -0500] "GET /simple/function.php?action=rename&dir=%2F%2Fusr%2Flib%2F.build-id%2F14&item=662149313592e2404441ee4ff15bfdc29fd94c HTTP/1.1" 200 3779 "-" "Mozilla/5.0 AppleWebKit/537.36 (KHTML, like Gecko; compatible; ClaudeBot/1.0; +claudebot@anthropic.com)"
18.219.253.199 - - [29/Nov/2024:07:18:09 -0500] "GET /simple/function.php?action=chmod&dir=%2F%2Fusr%2Fshare%2Flocale%2Ftt_RU&item=LC_MESSAGES HTTP/1.1" 200 2570 "-" "Mozilla/5.0 AppleWebKit/537.36 (KHTML, like Gecko; compatible; ClaudeBot/1.0; +claudebot@anthropic.com)"
18.188.183.21 - - [29/Nov/2024:07:18:09 -0500] "GET /simple/function.php?action=view&dir=%2Fhome%2Finsiaiqb%2F.cagefs%2Fopt%2Falt%2Fphp80%2Fvar%2Flib%2Fphp%2Fsession&item=sess_o14efneecib1t8p26stgkbhtsi HTTP/1.1" 200 137030 "-" "Mozilla/5.0 AppleWebKit/537.36 (KHTML, like Gecko; compatible; ClaudeBot/1.0; +claudebot@anthropic.com)"
3.128.31.76 - - [29/Nov/2024:07:18:09 -0500] "GET /simple/function.php?action=edit&dir=%2F%2Fproc%2Fthread-self%2Froot%2Flib64&item=libXinerama.so.1 HTTP/1.1" 200 76030 "-" "Mozilla/5.0 AppleWebKit/537.36 (KHTML, like Gecko; compatible; ClaudeBot/1.0; +claudebot@anthropic.com)"
18.221.59.121 - - [29/Nov/2024:07:18:08 -0500] "GET /simple/function.php?action=edit&dir=%2F%2Fusr%2Fshare%2Fvim%2Fvim80%2Fsyntax&item=updatedb.vim HTTP/1.1" 200 28631 "-" "Mozilla/5.0 AppleWebKit/537.36 (KHTML, like Gecko; compatible; ClaudeBot/1.0; +claudebot@anthropic.com)"
136.243.220.210 - - [29/Nov/2024:07:18:10 -0500] "GET /product/bmufd262/15149?keyword=damn HTTP/1.1" 404 1251 "-" "Mozilla/5.0 (compatible; DataForSeoBot/1.0; +https://dataforseo.com/dataforseo-bot)"
18.118.154.237 - - [29/Nov/2024:07:18:10 -0500] "GET /simple/function.php?action=rename&dir=%2F%2Fproc&item=1737039 HTTP/1.1" 200 5431 "-" "Mozilla/5.0 AppleWebKit/537.36 (KHTML, like Gecko; compatible; ClaudeBot/1.0; +claudebot@anthropic.com)"
18.219.18.238 - - [29/Nov/2024:07:18:10 -0500] "GET /simple/function.php?action=rename&dir=%2F%2Fproc%2Fself%2Froot%2Fproc%2Fthread-self%2Froot%2Fproc&item=2156499 HTTP/1.1" 200 5434 "-" "Mozilla/5.0 AppleWebKit/537.36 (KHTML, like Gecko; compatible; ClaudeBot/1.0; +claudebot@anthropic.com)"
3.149.25.117 - - [29/Nov/2024:07:18:10 -0500] "GET /simple/function.php?action=edit&dir=%2Fhome%2Finsiaiqb%2F.cagefs%2Fopt%2Falt%2Fphp80%2Fvar%2Flib%2Fphp%2Fsession&item=sess_4kcmsae5r3vkin6u21pqokpnl0 HTTP/1.1" 200 144467 "-" "Mozilla/5.0 AppleWebKit/537.36 (KHTML, like Gecko; compatible; ClaudeBot/1.0; +claudebot@anthropic.com)"
3.137.178.122 - - [29/Nov/2024:07:18:09 -0500] "GET /simple/function.php?action=rename&dir=%2F%2Fusr%2Fshare%2Fvim%2Fvim80%2Fsyntax&item=syncolor.vim HTTP/1.1" 200 28058 "-" "Mozilla/5.0 AppleWebKit/537.36 (KHTML, like Gecko; compatible; ClaudeBot/1.0; +claudebot@anthropic.com)"
3.137.159.17 - - [29/Nov/2024:07:18:11 -0500] "GET /simple/function.php?dir=%2F%2Fproc%2Fself%2Froot%2Fproc%2Fthread-self%2Froot%2Fproc%2F1809481 HTTP/1.1" 200 2189 "-" "Mozilla/5.0 AppleWebKit/537.36 (KHTML, like Gecko; compatible; ClaudeBot/1.0; +claudebot@anthropic.com)"
18.221.238.204 - - [29/Nov/2024:07:18:11 -0500] "GET /simple/function.php?action=rename&dir=%2F%2Fopt%2Fimunify360%2Fvenv%2Flib64%2Fpython3.11%2Fsite-packages%2Fdocutils%2Fwriters&item=null.py HTTP/1.1" 200 3300 "-" "Mozilla/5.0 AppleWebKit/537.36 (KHTML, like Gecko; compatible; ClaudeBot/1.0; +claudebot@anthropic.com)"
34.197.28.78 - - [29/Nov/2024:07:18:11 -0500] "GET /simple/function.php?action=rename&dir=//opt/alt/php80/var/lib/php/session&item=sess_8rko9la85miv9lh11ae1klejcg HTTP/1.1" 200 182162 "-" "Mozilla/5.0 (Macintosh; Intel Mac OS X 10_10_1) AppleWebKit/600.2.5 (KHTML, like Gecko) Version/8.0.2 Safari/600.2.5 (Amazonbot/0.1; +https://developer.amazon.com/support/amazonbot)"
3.145.62.36 - - [29/Nov/2024:07:18:11 -0500] "GET /simple/function.php?action=chmod&dir=%2Fhome%2Finsiaiqb%2F.cagefs%2Fopt%2Falt%2Fphp80%2Fvar%2Flib%2Fphp%2Fsession&item=sess_qtupa1i23pn01pn4g1j0jr150p HTTP/1.1" 200 145662 "-" "Mozilla/5.0 AppleWebKit/537.36 (KHTML, like Gecko; compatible; ClaudeBot/1.0; +claudebot@anthropic.com)"
3.16.82.182 - - [29/Nov/2024:07:18:11 -0500] "GET /simple/function.php?action=edit&dir=%2Fhome%2Finsiaiqb%2F.cagefs%2Fopt%2Falt%2Fphp80%2Fvar%2Flib%2Fphp%2Fsession&item=sess_kgvhvq78hdrnt6i5ke1c5mfl6o HTTP/1.1" 200 142127 "-" "Mozilla/5.0 AppleWebKit/537.36 (KHTML, like Gecko; compatible; ClaudeBot/1.0; +claudebot@anthropic.com)"
3.15.6.140 - - [29/Nov/2024:07:18:12 -0500] "GET /simple/function.php?action=rename&dir=%2F%2Fopt%2Fimunify360%2Fvenv%2Flib64%2Fpython3.11%2Fsite-packages%2FCrypto%2FHash&item=RIPEMD160.pyi HTTP/1.1" 200 5972 "-" "Mozilla/5.0 AppleWebKit/537.36 (KHTML, like Gecko; compatible; ClaudeBot/1.0; +claudebot@anthropic.com)"
3.144.8.68 - - [29/Nov/2024:07:18:12 -0500] "GET /simple/function.php?dir=%2F%2Fproc%2Fself%2Froot%2Fproc%2Fthread-self%2Froot%2Fproc%2F1967122 HTTP/1.1" 200 2189 "-" "Mozilla/5.0 AppleWebKit/537.36 (KHTML, like Gecko; compatible; ClaudeBot/1.0; +claudebot@anthropic.com)"
18.188.183.21 - - [29/Nov/2024:07:18:12 -0500] "GET /simple/function.php?action=chmod&dir=%2Fhome%2Finsiaiqb%2F.cagefs%2Fopt%2Falt%2Fphp80%2Fvar%2Flib%2Fphp%2Fsession&item=sess_0v5lpu6ri4harur0lg9je56hmq HTTP/1.1" 200 136330 "-" "Mozilla/5.0 AppleWebKit/537.36 (KHTML, like Gecko; compatible; ClaudeBot/1.0; +claudebot@anthropic.com)"
18.219.253.199 - - [29/Nov/2024:07:18:12 -0500] "GET /simple/function.php?action=view&dir=%2F%2Fusr%2Finclude%2Ffreetype2%2Ffreetype&item=ftoutln.h HTTP/1.1" 200 10046 "-" "Mozilla/5.0 AppleWebKit/537.36 (KHTML, like Gecko; compatible; ClaudeBot/1.0; +claudebot@anthropic.com)"
3.15.143.18 - - [29/Nov/2024:07:18:11 -0500] "GET /simple/function.php?action=edit&dir=%2F%2Fproc%2Fthread-self%2Froot%2Flib64&item=libexslt.so HTTP/1.1" 200 76365 "-" "Mozilla/5.0 AppleWebKit/537.36 (KHTML, like Gecko; compatible; ClaudeBot/1.0; +claudebot@anthropic.com)"
3.137.178.122 - - [29/Nov/2024:07:18:12 -0500] "GET /simple/function.php?action=rename&dir=%2F%2Fusr%2Finclude%2FX11%2Fextensions&item=presenttokens.h HTTP/1.1" 200 6365 "-" "Mozilla/5.0 AppleWebKit/537.36 (KHTML, like Gecko; compatible; ClaudeBot/1.0; +claudebot@anthropic.com)"
3.128.31.76 - - [29/Nov/2024:07:18:12 -0500] "GET /simple/function.php?action=edit&dir=%2F%2Fproc%2Fthread-self%2Froot%2Flib64&item=libfreeblpriv3.chk HTTP/1.1" 200 76184 "-" "Mozilla/5.0 AppleWebKit/537.36 (KHTML, like Gecko; compatible; ClaudeBot/1.0; +claudebot@anthropic.com)"
18.221.59.121 - - [29/Nov/2024:07:18:11 -0500] "GET /simple/function.php?action=chmod&dir=%2F%2Fusr%2Fshare%2Fvim%2Fvim80%2Fsyntax&item=gitrebase.vim HTTP/1.1" 200 27985 "-" "Mozilla/5.0 AppleWebKit/537.36 (KHTML, like Gecko; compatible; ClaudeBot/1.0; +claudebot@anthropic.com)"
18.118.154.237 - - [29/Nov/2024:07:18:13 -0500] "GET /simple/function.php?action=view&dir=%2F%2Fusr%2Finclude%2FX11%2Fextensions&item=EVI.h HTTP/1.1" 200 7208 "-" "Mozilla/5.0 AppleWebKit/537.36 (KHTML, like Gecko; compatible; ClaudeBot/1.0; +claudebot@anthropic.com)"
136.243.220.210 - - [29/Nov/2024:07:18:13 -0500] "GET /product/ues297/8615?keyword=accept HTTP/1.1" 404 1251 "-" "Mozilla/5.0 (compatible; DataForSeoBot/1.0; +https://dataforseo.com/dataforseo-bot)"
3.149.25.117 - - [29/Nov/2024:07:18:13 -0500] "GET /simple/function.php?action=edit&dir=%2Fhome%2Finsiaiqb%2F.cagefs%2Fopt%2Falt%2Fphp80%2Fvar%2Flib%2Fphp%2Fsession&item=sess_2r1jes5d7ige5u3dhr5udmdlh7 HTTP/1.1" 200 145976 "-" "Mozilla/5.0 AppleWebKit/537.36 (KHTML, like Gecko; compatible; ClaudeBot/1.0; +claudebot@anthropic.com)"
3.137.159.17 - - [29/Nov/2024:07:18:13 -0500] "GET /simple/function.php?action=chmod&dir=%2F%2Fproc%2Fself%2Froot%2Fproc%2Fthread-self%2Froot%2Fproc&item=1912095 HTTP/1.1" 200 5464 "-" "Mozilla/5.0 AppleWebKit/537.36 (KHTML, like Gecko; compatible; ClaudeBot/1.0; +claudebot@anthropic.com)"
18.221.238.204 - - [29/Nov/2024:07:18:14 -0500] "GET /simple/function.php?action=edit&dir=%2Fhome%2Finsiaiqb%2F.cagefs%2Fopt%2Falt%2Fphp80%2Fvar%2Flib%2Fphp%2Fsession&item=sess_hu8q7ig3qsht0qj03ug9ar98vl HTTP/1.1" 200 146528 "-" "Mozilla/5.0 AppleWebKit/537.36 (KHTML, like Gecko; compatible; ClaudeBot/1.0; +claudebot@anthropic.com)"
18.221.59.121 - - [29/Nov/2024:07:18:14 -0500] "GET /simple/function.php?action=chmod&dir=%2F%2Fusr%2Finclude%2Ffreetype2%2Ffreetype&item=ftchapters.h HTTP/1.1" 200 4595 "-" "Mozilla/5.0 AppleWebKit/537.36 (KHTML, like Gecko; compatible; ClaudeBot/1.0; +claudebot@anthropic.com)"
3.128.31.76 - - [29/Nov/2024:07:18:15 -0500] "GET /simple/function.php?action=edit&dir=%2F%2Fusr%2Fshare%2Fzoneinfo%2FAmerica%2FArgentina&item=San_Juan HTTP/1.1" 200 3145 "-" "Mozilla/5.0 AppleWebKit/537.36 (KHTML, like Gecko; compatible; ClaudeBot/1.0; +claudebot@anthropic.com)"
3.138.105.4 - - [29/Nov/2024:07:18:15 -0500] "GET /simple/function.php?action=chmod&dir=%2F%2Fproc%2Fself%2Froot%2Fproc%2Fthread-self%2Froot%2Fproc&item=1895210 HTTP/1.1" 200 5338 "-" "Mozilla/5.0 AppleWebKit/537.36 (KHTML, like Gecko; compatible; ClaudeBot/1.0; +claudebot@anthropic.com)"
18.219.253.199 - - [29/Nov/2024:07:18:15 -0500] "GET /simple/function.php?action=view&dir=%2F%2Fusr%2Flib%2F.build-id%2Fd8&item=81f0a1b2a891e387f02769db50c350d505b888 HTTP/1.1" 200 4518 "-" "Mozilla/5.0 AppleWebKit/537.36 (KHTML, like Gecko; compatible; ClaudeBot/1.0; +claudebot@anthropic.com)"
18.218.75.58 - - [29/Nov/2024:07:18:15 -0500] "GET /simple/function.php?action=rename&dir=%2F%2Fproc&item=1998672 HTTP/1.1" 200 5307 "-" "Mozilla/5.0 AppleWebKit/537.36 (KHTML, like Gecko; compatible; ClaudeBot/1.0; +claudebot@anthropic.com)"
3.15.143.18 - - [29/Nov/2024:07:18:14 -0500] "GET /simple/function.php?action=chmod&dir=%2F%2Fproc%2Fthread-self%2Froot%2Flib64&item=libfa.so.1 HTTP/1.1" 200 74503 "-" "Mozilla/5.0 AppleWebKit/537.36 (KHTML, like Gecko; compatible; ClaudeBot/1.0; +claudebot@anthropic.com)"
18.188.183.21 - - [29/Nov/2024:07:18:15 -0500] "GET /simple/function.php?action=rename&dir=%2Fhome%2Finsiaiqb%2F.cagefs%2Fopt%2Falt%2Fphp80%2Fvar%2Flib%2Fphp%2Fsession&item=sess_li6065b7j4sft8g0gf3pn1alou HTTP/1.1" 200 135703 "-" "Mozilla/5.0 AppleWebKit/537.36 (KHTML, like Gecko; compatible; ClaudeBot/1.0; +claudebot@anthropic.com)"
184.73.239.35 - - [29/Nov/2024:07:18:15 -0500] "GET /simple/function.php?action=chmod&dir=//opt/alt/php80/var/lib/php/session&item=sess_b43hcgfn4ccn0e09oef79gcfut HTTP/1.1" 200 189409 "-" "Mozilla/5.0 (Macintosh; Intel Mac OS X 10_10_1) AppleWebKit/600.2.5 (KHTML, like Gecko) Version/8.0.2 Safari/600.2.5 (Amazonbot/0.1; +https://developer.amazon.com/support/amazonbot)"
3.145.78.117 - - [29/Nov/2024:07:18:15 -0500] "GET /simple/function.php?action=chmod&dir=%2F%2Fusr%2Fshare%2Flocale%2Fkbd&item=LC_MESSAGES HTTP/1.1" 200 2565 "-" "Mozilla/5.0 AppleWebKit/537.36 (KHTML, like Gecko; compatible; ClaudeBot/1.0; +claudebot@anthropic.com)"
18.118.154.237 - - [29/Nov/2024:07:18:15 -0500] "GET /simple/function.php?action=rename&dir=%2F%2Flib%2Fnode_modules%2Fnpm%2Fnode_modules%2Fwcwidth&item=combining.js HTTP/1.1" 200 2946 "-" "Mozilla/5.0 AppleWebKit/537.36 (KHTML, like Gecko; compatible; ClaudeBot/1.0; +claudebot@anthropic.com)"
3.149.25.117 - - [29/Nov/2024:07:18:16 -0500] "GET /simple/function.php?action=edit&dir=%2Fhome%2Finsiaiqb%2F.cagefs%2Fopt%2Falt%2Fphp80%2Fvar%2Flib%2Fphp%2Fsession&item=sess_sf1hnjh1nnkvdlj3br4496d845 HTTP/1.1" 200 142777 "-" "Mozilla/5.0 AppleWebKit/537.36 (KHTML, like Gecko; compatible; ClaudeBot/1.0; +claudebot@anthropic.com)"
3.137.159.17 - - [29/Nov/2024:07:18:16 -0500] "GET /simple/function.php?action=view&dir=%2F%2Fusr%2Flib%2F.build-id%2F53&item=20b950c8987279e714a22632b0da04d95da010 HTTP/1.1" 200 3905 "-" "Mozilla/5.0 AppleWebKit/537.36 (KHTML, like Gecko; compatible; ClaudeBot/1.0; +claudebot@anthropic.com)"
3.137.178.122 - - [29/Nov/2024:07:18:15 -0500] "GET /simple/function.php?action=chmod&dir=%2F%2Fusr%2Fshare%2Fvim%2Fvim80%2Fsyntax&item=msmessages.vim HTTP/1.1" 200 27891 "-" "Mozilla/5.0 AppleWebKit/537.36 (KHTML, like Gecko; compatible; ClaudeBot/1.0; +claudebot@anthropic.com)"
18.221.238.204 - - [29/Nov/2024:07:18:17 -0500] "GET /simple/function.php?action=rename&dir=%2Fhome%2Finsiaiqb%2F.cagefs%2Fopt%2Falt%2Fphp80%2Fvar%2Flib%2Fphp%2Fsession&item=sess_0r9p5omqeipl854m89i8lr8gka HTTP/1.1" 200 147559 "-" "Mozilla/5.0 AppleWebKit/537.36 (KHTML, like Gecko; compatible; ClaudeBot/1.0; +claudebot@anthropic.com)"
136.243.220.210 - - [29/Nov/2024:07:18:18 -0500] "GET /product/dlb207/20653?keyword=spoon HTTP/1.1" 404 1251 "-" "Mozilla/5.0 (compatible; DataForSeoBot/1.0; +https://dataforseo.com/dataforseo-bot)"
18.218.75.58 - - [29/Nov/2024:07:18:18 -0500] "GET /simple/function.php?action=chmod&dir=%2F%2Fproc%2Fself%2Froot%2Fproc&item=2182318 HTTP/1.1" 200 5395 "-" "Mozilla/5.0 AppleWebKit/537.36 (KHTML, like Gecko; compatible; ClaudeBot/1.0; +claudebot@anthropic.com)"
18.219.253.199 - - [29/Nov/2024:07:18:18 -0500] "GET /simple/function.php?action=view&dir=%2F%2Fusr%2Flib%2F.build-id%2F11&item=ce58d9dc60549f020f805646badaa6c032cee7 HTTP/1.1" 200 4195 "-" "Mozilla/5.0 AppleWebKit/537.36 (KHTML, like Gecko; compatible; ClaudeBot/1.0; +claudebot@anthropic.com)"
3.135.206.212 - - [29/Nov/2024:07:18:18 -0500] "GET /simple/function.php?dir=%2F%2Fproc%2F1962616 HTTP/1.1" 200 2121 "-" "Mozilla/5.0 AppleWebKit/537.36 (KHTML, like Gecko; compatible; ClaudeBot/1.0; +claudebot@anthropic.com)"
3.15.143.18 - - [29/Nov/2024:07:18:17 -0500] "GET /simple/function.php?action=edit&dir=%2F%2Fproc%2Fthread-self%2Froot%2Flib64&item=libgvc.so.6 HTTP/1.1" 200 75242 "-" "Mozilla/5.0 AppleWebKit/537.36 (KHTML, like Gecko; compatible; ClaudeBot/1.0; +claudebot@anthropic.com)"
3.145.78.117 - - [29/Nov/2024:07:18:18 -0500] "GET /simple/function.php?action=edit&dir=%2F%2Fproc%2Fthread-self%2Froot%2Flib64&item=libcriu.so HTTP/1.1" 200 76188 "-" "Mozilla/5.0 AppleWebKit/537.36 (KHTML, like Gecko; compatible; ClaudeBot/1.0; +claudebot@anthropic.com)"
18.118.154.237 - - [29/Nov/2024:07:18:18 -0500] "GET /simple/function.php?action=view&dir=%2F%2Fusr%2Flib%2F.build-id%2Fac&item=a774444a326719de82565e2c4122c522c2a64c HTTP/1.1" 200 4278 "-" "Mozilla/5.0 AppleWebKit/537.36 (KHTML, like Gecko; compatible; ClaudeBot/1.0; +claudebot@anthropic.com)"
18.221.59.121 - - [29/Nov/2024:07:18:17 -0500] "GET /simple/function.php?action=chmod&dir=%2F%2Fusr%2Fshare%2Fvim%2Fvim80%2Fsyntax&item=upstreamlog.vim HTTP/1.1" 200 27945 "-" "Mozilla/5.0 AppleWebKit/537.36 (KHTML, like Gecko; compatible; ClaudeBot/1.0; +claudebot@anthropic.com)"
3.149.25.117 - - [29/Nov/2024:07:18:19 -0500] "GET /simple/function.php?action=chmod&dir=%2Fhome%2Finsiaiqb%2F.cagefs%2Fopt%2Falt%2Fphp80%2Fvar%2Flib%2Fphp%2Fsession&item=sess_mdsr75cfvkm1r3b1t92oteak7h HTTP/1.1" 200 145383 "-" "Mozilla/5.0 AppleWebKit/537.36 (KHTML, like Gecko; compatible; ClaudeBot/1.0; +claudebot@anthropic.com)"
3.145.18.135 - - [29/Nov/2024:07:18:19 -0500] "GET /simple/function.php?action=chmod&dir=%2F%2Fproc%2F1519652&item=oom_score HTTP/1.1" 200 2188 "-" "Mozilla/5.0 AppleWebKit/537.36 (KHTML, like Gecko; compatible; ClaudeBot/1.0; +claudebot@anthropic.com)"
3.230.224.6 - - [29/Nov/2024:07:18:19 -0500] "GET /simple/function.php?action=chmod&dir=//opt/alt/php80/var/lib/php/session&item=sess_at10epqngk58v254rbso9mskbs HTTP/1.1" 200 176039 "-" "Mozilla/5.0 (Macintosh; Intel Mac OS X 10_10_1) AppleWebKit/600.2.5 (KHTML, like Gecko) Version/8.0.2 Safari/600.2.5 (Amazonbot/0.1; +https://developer.amazon.com/support/amazonbot)"
3.144.31.64 - - [29/Nov/2024:07:18:20 -0500] "GET /simple/function.php?action=edit&dir=%2Fhome%2Finsiaiqb%2F.cagefs%2Fopt%2Falt%2Fphp80%2Fvar%2Flib%2Fphp%2Fsession&item=sess_q6qdssqkfc0oqsd9p472ihmifl HTTP/1.1" 200 138851 "-" "Mozilla/5.0 AppleWebKit/537.36 (KHTML, like Gecko; compatible; ClaudeBot/1.0; +claudebot@anthropic.com)"
18.221.59.121 - - [29/Nov/2024:07:18:20 -0500] "GET /simple/function.php?action=edit&dir=%2Fhome%2Finsiaiqb%2F.cagefs%2Fopt%2Falt%2Fphp80%2Fvar%2Flib%2Fphp%2Fsession&item=sess_me8aaiq3r8pmjjiid0tula5n68 HTTP/1.1" 200 139002 "-" "Mozilla/5.0 AppleWebKit/537.36 (KHTML, like Gecko; compatible; ClaudeBot/1.0; +claudebot@anthropic.com)"
18.218.75.58 - - [29/Nov/2024:07:18:20 -0500] "GET /simple/function.php?action=rename&dir=%2F%2Fproc%2Fself%2Froot%2Fproc&item=2181725 HTTP/1.1" 200 5468 "-" "Mozilla/5.0 AppleWebKit/537.36 (KHTML, like Gecko; compatible; ClaudeBot/1.0; +claudebot@anthropic.com)"
3.135.206.212 - - [29/Nov/2024:07:18:21 -0500] "GET /simple/function.php?action=edit&dir=%2F%2Flib%2Fnode_modules%2Fnpm%2Fnode_modules%2Fextend&item=package.json HTTP/1.1" 200 3997 "-" "Mozilla/5.0 AppleWebKit/537.36 (KHTML, like Gecko; compatible; ClaudeBot/1.0; +claudebot@anthropic.com)"
18.219.253.199 - - [29/Nov/2024:07:18:21 -0500] "GET /simple/function.php?action=chmod&dir=%2F%2Fusr%2Flib%2F.build-id%2F9b&item=f39f6914ffb92f7cd04cc977871235c47e08b7 HTTP/1.1" 200 4127 "-" "Mozilla/5.0 AppleWebKit/537.36 (KHTML, like Gecko; compatible; ClaudeBot/1.0; +claudebot@anthropic.com)"
3.15.143.18 - - [29/Nov/2024:07:18:20 -0500] "GET /simple/function.php?action=chmod&dir=%2F%2Fproc%2Fthread-self%2Froot%2Flib64&item=libpanel.so HTTP/1.1" 200 74405 "-" "Mozilla/5.0 AppleWebKit/537.36 (KHTML, like Gecko; compatible; ClaudeBot/1.0; +claudebot@anthropic.com)"
18.188.223.120 - - [29/Nov/2024:07:18:21 -0500] "GET /simple/function.php?action=rename&dir=%2F%2Fproc&item=1734799 HTTP/1.1" 200 5205 "-" "Mozilla/5.0 AppleWebKit/537.36 (KHTML, like Gecko; compatible; ClaudeBot/1.0; +claudebot@anthropic.com)"
18.118.154.237 - - [29/Nov/2024:07:18:21 -0500] "GET /simple/function.php?action=chmod&dir=%2F%2Fusr%2Flib%2F.build-id%2F01&item=2e2305e5de886dcab641b5d5af1efba5720015 HTTP/1.1" 200 4058 "-" "Mozilla/5.0 AppleWebKit/537.36 (KHTML, like Gecko; compatible; ClaudeBot/1.0; +claudebot@anthropic.com)"
136.243.220.210 - - [29/Nov/2024:07:18:21 -0500] "GET /product/ijc222/37707?keyword=happiness HTTP/1.1" 404 1251 "-" "Mozilla/5.0 (compatible; DataForSeoBot/1.0; +https://dataforseo.com/dataforseo-bot)"
3.145.78.117 - - [29/Nov/2024:07:18:21 -0500] "GET /simple/function.php?action=view&dir=%2F%2Fproc%2Fthread-self%2Froot%2Flib64&item=libmagic.so HTTP/1.1" 200 72704 "-" "Mozilla/5.0 AppleWebKit/537.36 (KHTML, like Gecko; compatible; ClaudeBot/1.0; +claudebot@anthropic.com)"
3.149.25.117 - - [29/Nov/2024:07:18:22 -0500] "GET /simple/function.php?action=rename&dir=%2Fhome%2Finsiaiqb%2F.cagefs%2Fopt%2Falt%2Fphp80%2Fvar%2Flib%2Fphp%2Fsession&item=sess_8qvhrep7qd1ibkfpejluul3a5h HTTP/1.1" 200 141038 "-" "Mozilla/5.0 AppleWebKit/537.36 (KHTML, like Gecko; compatible; ClaudeBot/1.0; +claudebot@anthropic.com)"
3.145.18.135 - - [29/Nov/2024:07:18:22 -0500] "GET /simple/function.php?action=rename&dir=%2F%2Fusr%2Fshare%2Flocale%2Fkpe&item=LC_MESSAGES HTTP/1.1" 200 2563 "-" "Mozilla/5.0 AppleWebKit/537.36 (KHTML, like Gecko; compatible; ClaudeBot/1.0; +claudebot@anthropic.com)"
3.22.249.229 - - [29/Nov/2024:07:18:23 -0500] "GET /simple/function.php?action=view&dir=%2F%2Fopt%2Falt%2Flibicu%2Fusr%2Fshare%2Fdoc%2Falt-libicu-devel%2Fsamples%2Fudata&item=udata.sln HTTP/1.1" 200 3599 "-" "Mozilla/5.0 AppleWebKit/537.36 (KHTML, like Gecko; compatible; ClaudeBot/1.0; +claudebot@anthropic.com)"
18.221.59.121 - - [29/Nov/2024:07:18:23 -0500] "GET /simple/function.php?action=view&dir=%2Fhome%2Finsiaiqb%2F.cagefs%2Fopt%2Falt%2Fphp80%2Fvar%2Flib%2Fphp%2Fsession&item=sess_65782tb0l2rhf6uu9l2tle7pkt HTTP/1.1" 200 141409 "-" "Mozilla/5.0 AppleWebKit/537.36 (KHTML, like Gecko; compatible; ClaudeBot/1.0; +claudebot@anthropic.com)"
18.218.75.58 - - [29/Nov/2024:07:18:23 -0500] "GET /simple/function.php?action=chmod&dir=%2F%2Fproc%2Fthread-self%2Froot%2Fproc&item=2157379 HTTP/1.1" 200 5267 "-" "Mozilla/5.0 AppleWebKit/537.36 (KHTML, like Gecko; compatible; ClaudeBot/1.0; +claudebot@anthropic.com)"
3.145.169.122 - - [29/Nov/2024:07:18:23 -0500] "GET /simple/function.php?action=rename&dir=%2F%2Fproc%2Fself%2Froot%2Fproc%2Fthread-self%2Froot%2Fproc&item=2131769 HTTP/1.1" 200 5327 "-" "Mozilla/5.0 AppleWebKit/537.36 (KHTML, like Gecko; compatible; ClaudeBot/1.0; +claudebot@anthropic.com)"
3.135.206.212 - - [29/Nov/2024:07:18:23 -0500] "GET /simple/function.php?action=view&dir=%2F%2Fusr%2Flib%2F.build-id%2Fab&item=2a11cbba493f630cd3ff9d8aafdb0681223ece HTTP/1.1" 200 4828 "-" "Mozilla/5.0 AppleWebKit/537.36 (KHTML, like Gecko; compatible; ClaudeBot/1.0; +claudebot@anthropic.com)"
3.216.86.144 - - [29/Nov/2024:07:18:23 -0500] "GET /simple/function.php?action=chmod&dir=//opt/alt/php80/var/lib/php/session&item=sess_2g35otjsfori0a0i8j5evsne54 HTTP/1.1" 200 174767 "-" "Mozilla/5.0 (Macintosh; Intel Mac OS X 10_10_1) AppleWebKit/600.2.5 (KHTML, like Gecko) Version/8.0.2 Safari/600.2.5 (Amazonbot/0.1; +https://developer.amazon.com/support/amazonbot)"
3.15.143.18 - - [29/Nov/2024:07:18:23 -0500] "GET /simple/function.php?action=chmod&dir=%2F%2Fproc%2Fthread-self%2Froot%2Flib64&item=libGLX.so.0 HTTP/1.1" 200 75095 "-" "Mozilla/5.0 AppleWebKit/537.36 (KHTML, like Gecko; compatible; ClaudeBot/1.0; +claudebot@anthropic.com)"
18.219.253.199 - - [29/Nov/2024:07:18:23 -0500] "GET /simple/function.php?action=view&dir=%2Fhome%2Finsiaiqb%2F.cagefs%2Fopt%2Falt%2Fphp80%2Fvar%2Flib%2Fphp%2Fsession&item=sess_mrngs5b0ct1ecndr2jbh0pm74r HTTP/1.1" 200 138700 "-" "Mozilla/5.0 AppleWebKit/537.36 (KHTML, like Gecko; compatible; ClaudeBot/1.0; +claudebot@anthropic.com)"
18.188.223.120 - - [29/Nov/2024:07:18:24 -0500] "GET /simple/function.php?action=rename&dir=%2F%2Fproc%2Fsys%2Fnet%2Fipv6&item=max_dst_opts_length HTTP/1.1" 200 3892 "-" "Mozilla/5.0 AppleWebKit/537.36 (KHTML, like Gecko; compatible; ClaudeBot/1.0; +claudebot@anthropic.com)"
3.145.78.117 - - [29/Nov/2024:07:18:24 -0500] "GET /simple/function.php?action=view&dir=%2F%2Fproc%2Fthread-self%2Froot%2Flib64&item=libnftnl.so.11 HTTP/1.1" 200 75503 "-" "Mozilla/5.0 AppleWebKit/537.36 (KHTML, like Gecko; compatible; ClaudeBot/1.0; +claudebot@anthropic.com)"
18.216.104.106 - - [29/Nov/2024:07:18:24 -0500] "GET /simple/function.php?action=view&dir=%2Fhome%2Finsiaiqb%2F.cagefs%2Fopt%2Falt%2Fphp80%2Fvar%2Flib%2Fphp%2Fsession&item=sess_g0ignt614u61h6rrev71c5mmd0 HTTP/1.1" 200 140603 "-" "Mozilla/5.0 AppleWebKit/537.36 (KHTML, like Gecko; compatible; ClaudeBot/1.0; +claudebot@anthropic.com)"
3.145.18.135 - - [29/Nov/2024:07:18:25 -0500] "GET /simple/function.php?action=edit&dir=%2F%2Fusr%2Flib%2F.build-id%2Fab&item=d0a09803d167a342868ff7caa3eb444c5384ae HTTP/1.1" 200 4756 "-" "Mozilla/5.0 AppleWebKit/537.36 (KHTML, like Gecko; compatible; ClaudeBot/1.0; +claudebot@anthropic.com)"
18.224.73.124 - - [29/Nov/2024:07:18:25 -0500] "GET /simple/function.php?action=view&dir=%2Fhome%2Finsiaiqb%2F.cagefs%2Fopt%2Falt%2Fphp80%2Fvar%2Flib%2Fphp%2Fsession&item=sess_ptd74s3u49c7jh7b7lu79so06k HTTP/1.1" 200 139869 "-" "Mozilla/5.0 AppleWebKit/537.36 (KHTML, like Gecko; compatible; ClaudeBot/1.0; +claudebot@anthropic.com)"
136.243.220.210 - - [29/Nov/2024:07:18:25 -0500] "GET /product/wxfx130/27398?keyword=colonial HTTP/1.1" 404 1251 "-" "Mozilla/5.0 (compatible; DataForSeoBot/1.0; +https://dataforseo.com/dataforseo-bot)"
3.22.249.229 - - [29/Nov/2024:07:18:25 -0500] "GET /simple/function.php?action=rename&dir=%2Fhome%2Finsiaiqb%2F.cagefs%2Fopt%2Falt%2Fphp80%2Fvar%2Flib%2Fphp%2Fsession&item=sess_gl8grcj919hedjak1927u60hk3 HTTP/1.1" 200 149679 "-" "Mozilla/5.0 AppleWebKit/537.36 (KHTML, like Gecko; compatible; ClaudeBot/1.0; +claudebot@anthropic.com)"
3.145.169.122 - - [29/Nov/2024:07:18:26 -0500] "GET /simple/function.php?action=edit&dir=%2Fhome%2Finsiaiqb%2F.cagefs%2Fopt%2Falt%2Fphp80%2Fvar%2Flib%2Fphp%2Fsession&item=sess_5mj2f7gkmvk7j89od7tlirknnk HTTP/1.1" 200 137967 "-" "Mozilla/5.0 AppleWebKit/537.36 (KHTML, like Gecko; compatible; ClaudeBot/1.0; +claudebot@anthropic.com)"
3.135.206.212 - - [29/Nov/2024:07:18:26 -0500] "GET /simple/function.php?action=chmod&dir=%2F%2Fusr%2Flib%2F.build-id%2Ff4&item=7cc8ac862828796c7af277bfcb64bba91d301b HTTP/1.1" 200 4863 "-" "Mozilla/5.0 AppleWebKit/537.36 (KHTML, like Gecko; compatible; ClaudeBot/1.0; +claudebot@anthropic.com)"
18.218.75.58 - - [29/Nov/2024:07:18:26 -0500] "GET /simple/function.php?action=rename&dir=%2F%2Fusr%2Flib64%2Fpython3.8%2Fmultiprocessing%2F__pycache__&item=synchronize.cpython-38.pyc HTTP/1.1" 200 5230 "-" "Mozilla/5.0 AppleWebKit/537.36 (KHTML, like Gecko; compatible; ClaudeBot/1.0; +claudebot@anthropic.com)"
3.15.143.18 - - [29/Nov/2024:07:18:26 -0500] "GET /simple/function.php?action=edit&dir=%2F%2Fproc%2Fthread-self%2Froot%2Flib64&item=libmysqlclient.a HTTP/1.1" 200 76495 "-" "Mozilla/5.0 AppleWebKit/537.36 (KHTML, like Gecko; compatible; ClaudeBot/1.0; +claudebot@anthropic.com)"
18.219.253.199 - - [29/Nov/2024:07:18:26 -0500] "GET /simple/function.php?action=view&dir=%2Fhome%2Finsiaiqb%2F.cagefs%2Fopt%2Falt%2Fphp80%2Fvar%2Flib%2Fphp%2Fsession&item=sess_043ttisgd8q7dd897nuetlnbkn HTTP/1.1" 200 143667 "-" "Mozilla/5.0 AppleWebKit/537.36 (KHTML, like Gecko; compatible; ClaudeBot/1.0; +claudebot@anthropic.com)"
18.188.223.120 - - [29/Nov/2024:07:18:27 -0500] "GET /simple/function.php?action=edit&dir=%2F%2Fopt%2Falt%2Fpython34%2Flib64%2Fpython3.4&item=re.py HTTP/1.1" 200 16824 "-" "Mozilla/5.0 AppleWebKit/537.36 (KHTML, like Gecko; compatible; ClaudeBot/1.0; +claudebot@anthropic.com)"
3.145.78.117 - - [29/Nov/2024:07:18:27 -0500] "GET /simple/function.php?action=view&dir=%2F%2Fproc%2Fthread-self%2Froot%2Flib64&item=libcom_err.so.2 HTTP/1.1" 200 77018 "-" "Mozilla/5.0 AppleWebKit/537.36 (KHTML, like Gecko; compatible; ClaudeBot/1.0; +claudebot@anthropic.com)"
52.0.218.219 - - [29/Nov/2024:07:18:27 -0500] "GET /simple/function.php?action=rename&dir=//opt/alt/php80/var/lib/php/session&item=sess_2g35otjsfori0a0i8j5evsne54 HTTP/1.1" 200 187697 "-" "Mozilla/5.0 (Macintosh; Intel Mac OS X 10_10_1) AppleWebKit/600.2.5 (KHTML, like Gecko) Version/8.0.2 Safari/600.2.5 (Amazonbot/0.1; +https://developer.amazon.com/support/amazonbot)"
18.216.104.106 - - [29/Nov/2024:07:18:27 -0500] "GET /simple/function.php?action=view&dir=%2Fhome%2Finsiaiqb%2F.cagefs%2Fopt%2Falt%2Fphp80%2Fvar%2Flib%2Fphp%2Fsession&item=sess_jha8fcpve7hbsjgv0rsaetimd7 HTTP/1.1" 200 142684 "-" "Mozilla/5.0 AppleWebKit/537.36 (KHTML, like Gecko; compatible; ClaudeBot/1.0; +claudebot@anthropic.com)"
3.136.19.203 - - [29/Nov/2024:07:18:28 -0500] "GET /simple/function.php?action=rename&dir=%2Fhome%2Finsiaiqb%2Fpethavenspot.com%2Fwp-includes%2Fblocks%2Fcomments&item=style-rtl.css HTTP/1.1" 200 3038 "-" "Mozilla/5.0 AppleWebKit/537.36 (KHTML, like Gecko; compatible; ClaudeBot/1.0; +claudebot@anthropic.com)"
18.224.73.124 - - [29/Nov/2024:07:18:28 -0500] "GET /simple/function.php?action=view&dir=%2Fhome%2Finsiaiqb%2F.cagefs%2Fopt%2Falt%2Fphp80%2Fvar%2Flib%2Fphp%2Fsession&item=sess_rqnl08ikus23opdjnrglu4epag HTTP/1.1" 200 143299 "-" "Mozilla/5.0 AppleWebKit/537.36 (KHTML, like Gecko; compatible; ClaudeBot/1.0; +claudebot@anthropic.com)"
3.145.18.135 - - [29/Nov/2024:07:18:28 -0500] "GET /simple/function.php?action=chmod&dir=%2F%2Fusr%2Flib%2F.build-id%2Fdd&item=d3d00de96d6ab28e8db6587bbc803d3f6b39f6 HTTP/1.1" 200 4181 "-" "Mozilla/5.0 AppleWebKit/537.36 (KHTML, like Gecko; compatible; ClaudeBot/1.0; +claudebot@anthropic.com)"
18.223.210.249 - - [29/Nov/2024:07:18:28 -0500] "GET /simple/function.php?action=rename&dir=%2Fhome%2Finsiaiqb%2Fpublic_html%2Fwp-content%2Fplugins%2Fwordpress-seo%2Fsrc&item=commands HTTP/1.1" 200 4186 "-" "Mozilla/5.0 AppleWebKit/537.36 (KHTML, like Gecko; compatible; ClaudeBot/1.0; +claudebot@anthropic.com)"
3.135.200.121 - - [29/Nov/2024:07:18:29 -0500] "GET /simple/function.php?action=rename&dir=%2F%2Fusr%2Flib%2Ffirmware%2Fmrvl%2Fcpt03&item=se.out HTTP/1.1" 200 2675 "-" "Mozilla/5.0 AppleWebKit/537.36 (KHTML, like Gecko; compatible; ClaudeBot/1.0; +claudebot@anthropic.com)"
136.243.220.210 - - [29/Nov/2024:07:18:29 -0500] "GET /product/favw158/20913?keyword=lonely HTTP/1.1" 404 1251 "-" "Mozilla/5.0 (compatible; DataForSeoBot/1.0; +https://dataforseo.com/dataforseo-bot)"
18.218.75.58 - - [29/Nov/2024:07:18:29 -0500] "GET /simple/function.php?action=edit&dir=%2F%2Fusr%2Flib64%2Fpython3.8%2Fmultiprocessing%2F__pycache__&item=forkserver.cpython-38.opt-2.pyc HTTP/1.1" 200 5239 "-" "Mozilla/5.0 AppleWebKit/537.36 (KHTML, like Gecko; compatible; ClaudeBot/1.0; +claudebot@anthropic.com)"
3.145.169.122 - - [29/Nov/2024:07:18:29 -0500] "GET /simple/function.php?action=chmod&dir=%2Fhome%2Finsiaiqb%2F.cagefs%2Fopt%2Falt%2Fphp80%2Fvar%2Flib%2Fphp%2Fsession&item=sess_99110ilim6r7k17mlmn1d0var9 HTTP/1.1" 200 141398 "-" "Mozilla/5.0 AppleWebKit/537.36 (KHTML, like Gecko; compatible; ClaudeBot/1.0; +claudebot@anthropic.com)"
18.219.253.199 - - [29/Nov/2024:07:18:29 -0500] "GET /simple/function.php?action=edit&dir=%2Fhome%2Finsiaiqb%2F.cagefs%2Fopt%2Falt%2Fphp80%2Fvar%2Flib%2Fphp%2Fsession&item=sess_dvgqpkpekllf2qjdoho4c7bn2l HTTP/1.1" 200 143006 "-" "Mozilla/5.0 AppleWebKit/537.36 (KHTML, like Gecko; compatible; ClaudeBot/1.0; +claudebot@anthropic.com)"
3.15.143.18 - - [29/Nov/2024:07:18:29 -0500] "GET /simple/function.php?action=edit&dir=%2F%2Fproc%2Fthread-self%2Froot%2Flib64&item=libncurses++.so.6.1 HTTP/1.1" 200 75105 "-" "Mozilla/5.0 AppleWebKit/537.36 (KHTML, like Gecko; compatible; ClaudeBot/1.0; +claudebot@anthropic.com)"
3.142.98.111 - - [29/Nov/2024:07:18:29 -0500] "GET /simple/function.php?action=edit&dir=%2F%2Fusr%2Flib%2F.build-id%2Fc4&item=6e7cb19323d66e51a0c4f584d30cc45b4a24b7 HTTP/1.1" 200 4644 "-" "Mozilla/5.0 AppleWebKit/537.36 (KHTML, like Gecko; compatible; ClaudeBot/1.0; +claudebot@anthropic.com)"
18.188.223.120 - - [29/Nov/2024:07:18:29 -0500] "GET /simple/function.php?action=rename&dir=%2F%2Fopt%2Falt%2Fpython34%2Flib64%2Fpython3.4&item=bdb.py HTTP/1.1" 200 11813 "-" "Mozilla/5.0 AppleWebKit/537.36 (KHTML, like Gecko; compatible; ClaudeBot/1.0; +claudebot@anthropic.com)"
3.145.78.117 - - [29/Nov/2024:07:18:29 -0500] "GET /simple/function.php?action=rename&dir=%2F%2Fproc%2Fthread-self%2Froot%2Flib64&item=libip4tc.so.2 HTTP/1.1" 200 76149 "-" "Mozilla/5.0 AppleWebKit/537.36 (KHTML, like Gecko; compatible; ClaudeBot/1.0; +claudebot@anthropic.com)"
18.216.104.106 - - [29/Nov/2024:07:18:30 -0500] "GET /simple/function.php?action=view&dir=%2Fhome%2Finsiaiqb%2F.cagefs%2Fopt%2Falt%2Fphp80%2Fvar%2Flib%2Fphp%2Fsession&item=sess_2ls597am2lcbat229kj5r562v4 HTTP/1.1" 200 143842 "-" "Mozilla/5.0 AppleWebKit/537.36 (KHTML, like Gecko; compatible; ClaudeBot/1.0; +claudebot@anthropic.com)"
18.219.176.215 - - [29/Nov/2024:07:18:30 -0500] "GET /simple/function.php?action=chmod&dir=%2F%2Fproc%2Fself%2Froot%2Fproc%2Fthread-self%2Froot%2Fproc&item=2102117 HTTP/1.1" 200 5506 "-" "Mozilla/5.0 AppleWebKit/537.36 (KHTML, like Gecko; compatible; ClaudeBot/1.0; +claudebot@anthropic.com)"
3.136.19.203 - - [29/Nov/2024:07:18:30 -0500] "GET /simple/function.php?action=view&dir=%2Fhome%2Finsiaiqb%2F.cagefs%2Fopt%2Falt%2Fphp80%2Fvar%2Flib%2Fphp%2Fsession&item=sess_7ff5m5ipp278lflulp42to26lm HTTP/1.1" 200 137589 "-" "Mozilla/5.0 AppleWebKit/537.36 (KHTML, like Gecko; compatible; ClaudeBot/1.0; +claudebot@anthropic.com)"
18.224.73.124 - - [29/Nov/2024:07:18:31 -0500] "GET /simple/function.php?action=edit&dir=%2Fhome%2Finsiaiqb%2F.cagefs%2Fopt%2Falt%2Fphp80%2Fvar%2Flib%2Fphp%2Fsession&item=sess_ditg7susponm1kq46s5foen9jc HTTP/1.1" 200 138356 "-" "Mozilla/5.0 AppleWebKit/537.36 (KHTML, like Gecko; compatible; ClaudeBot/1.0; +claudebot@anthropic.com)"
18.222.78.65 - - [29/Nov/2024:07:18:31 -0500] "GET /simple/function.php?dir=%2F%2Fusr%2Fshare%2Flocale%2Fna%2FLC_MESSAGES HTTP/1.1" 200 2643 "-" "Mozilla/5.0 AppleWebKit/537.36 (KHTML, like Gecko; compatible; ClaudeBot/1.0; +claudebot@anthropic.com)"
3.144.47.115 - - [29/Nov/2024:07:18:31 -0500] "GET /simple/function.php?action=chmod&dir=%2F%2Fproc&item=1889636 HTTP/1.1" 200 5275 "-" "Mozilla/5.0 AppleWebKit/537.36 (KHTML, like Gecko; compatible; ClaudeBot/1.0; +claudebot@anthropic.com)"
34.192.67.98 - - [29/Nov/2024:07:18:31 -0500] "GET /simple/function.php?action=chmod&dir=//opt/alt/php80/var/lib/php/session&item=sess_979dupgureld8s4g02q65nqqvj HTTP/1.1" 200 192919 "-" "Mozilla/5.0 (Macintosh; Intel Mac OS X 10_10_1) AppleWebKit/600.2.5 (KHTML, like Gecko) Version/8.0.2 Safari/600.2.5 (Amazonbot/0.1; +https://developer.amazon.com/support/amazonbot)"
3.135.200.121 - - [29/Nov/2024:07:18:32 -0500] "GET /simple/function.php?action=edit&dir=%2F%2Fusr%2Flib%2F.build-id%2Fec&item=91c9e9a74fa707e5646a6ecda9801753763c2d HTTP/1.1" 200 4283 "-" "Mozilla/5.0 AppleWebKit/537.36 (KHTML, like Gecko; compatible; ClaudeBot/1.0; +claudebot@anthropic.com)"
3.145.169.122 - - [29/Nov/2024:07:18:32 -0500] "GET /simple/function.php?action=chmod&dir=%2Fhome%2Finsiaiqb%2F.cagefs%2Fopt%2Falt%2Fphp80%2Fvar%2Flib%2Fphp%2Fsession&item=sess_9jscntmpagomgmqp3brcpl1s4c HTTP/1.1" 200 142327 "-" "Mozilla/5.0 AppleWebKit/537.36 (KHTML, like Gecko; compatible; ClaudeBot/1.0; +claudebot@anthropic.com)"
18.218.95.236 - - [29/Nov/2024:07:18:32 -0500] "GET /simple/function.php?action=chmod&dir=%2F%2Fproc&item=1972734 HTTP/1.1" 200 5452 "-" "Mozilla/5.0 AppleWebKit/537.36 (KHTML, like Gecko; compatible; ClaudeBot/1.0; +claudebot@anthropic.com)"
3.142.98.111 - - [29/Nov/2024:07:18:32 -0500] "GET /simple/function.php?action=edit&dir=%2Fhome%2Finsiaiqb%2F.cagefs%2Fopt%2Falt%2Fphp80%2Fvar%2Flib%2Fphp%2Fsession&item=sess_c6gom60p7v79bjjtotl3kabo1r HTTP/1.1" 200 137459 "-" "Mozilla/5.0 AppleWebKit/537.36 (KHTML, like Gecko; compatible; ClaudeBot/1.0; +claudebot@anthropic.com)"
18.188.219.131 - - [29/Nov/2024:07:18:32 -0500] "GET /simple/function.php?dir=%2F%2Fproc%2F2151924 HTTP/1.1" 200 2121 "-" "Mozilla/5.0 AppleWebKit/537.36 (KHTML, like Gecko; compatible; ClaudeBot/1.0; +claudebot@anthropic.com)"
18.219.253.199 - - [29/Nov/2024:07:18:32 -0500] "GET /simple/function.php?action=edit&dir=%2Fhome%2Finsiaiqb%2F.cagefs%2Fopt%2Falt%2Fphp80%2Fvar%2Flib%2Fphp%2Fsession&item=sess_qk5q4gcmp82u6nh785eflji2v4 HTTP/1.1" 200 138276 "-" "Mozilla/5.0 AppleWebKit/537.36 (KHTML, like Gecko; compatible; ClaudeBot/1.0; +claudebot@anthropic.com)"
18.188.223.120 - - [29/Nov/2024:07:18:32 -0500] "GET /simple/function.php?action=edit&dir=%2F%2Fopt%2Falt%2Fpython34%2Flib64%2Fpython3.4&item=fileinput.py HTTP/1.1" 200 15825 "-" "Mozilla/5.0 AppleWebKit/537.36 (KHTML, like Gecko; compatible; ClaudeBot/1.0; +claudebot@anthropic.com)"
3.145.78.117 - - [29/Nov/2024:07:18:32 -0500] "GET /simple/function.php?action=view&dir=%2F%2Fproc%2Fthread-self%2Froot%2Flib64&item=libxcb-dpms.so.0 HTTP/1.1" 200 75572 "-" "Mozilla/5.0 AppleWebKit/537.36 (KHTML, like Gecko; compatible; ClaudeBot/1.0; +claudebot@anthropic.com)"
18.216.104.106 - - [29/Nov/2024:07:18:33 -0500] "GET /simple/function.php?action=edit&dir=%2Fhome%2Finsiaiqb%2F.cagefs%2Fopt%2Falt%2Fphp80%2Fvar%2Flib%2Fphp%2Fsession&item=sess_02o1uqhccm7p5k1ld4ok52ofm3 HTTP/1.1" 200 144991 "-" "Mozilla/5.0 AppleWebKit/537.36 (KHTML, like Gecko; compatible; ClaudeBot/1.0; +claudebot@anthropic.com)"
3.136.19.203 - - [29/Nov/2024:07:18:33 -0500] "GET /simple/function.php?action=edit&dir=%2Fhome%2Finsiaiqb%2F.cagefs%2Fopt%2Falt%2Fphp80%2Fvar%2Flib%2Fphp%2Fsession&item=sess_gsmpbbjlfjhgs830r1osirtd6s HTTP/1.1" 200 144059 "-" "Mozilla/5.0 AppleWebKit/537.36 (KHTML, like Gecko; compatible; ClaudeBot/1.0; +claudebot@anthropic.com)"
18.222.78.65 - - [29/Nov/2024:07:18:33 -0500] "GET /simple/function.php?action=rename&dir=%2F%2Fproc%2Fself%2Froot%2Fproc&item=1810707 HTTP/1.1" 200 5446 "-" "Mozilla/5.0 AppleWebKit/537.36 (KHTML, like Gecko; compatible; ClaudeBot/1.0; +claudebot@anthropic.com)"
18.224.73.124 - - [29/Nov/2024:07:18:33 -0500] "GET /simple/function.php?action=view&dir=%2Fhome%2Finsiaiqb%2F.cagefs%2Fopt%2Falt%2Fphp80%2Fvar%2Flib%2Fphp%2Fsession&item=sess_tnbdo4l60s8gkstmtd15hhjt7l HTTP/1.1" 200 147773 "-" "Mozilla/5.0 AppleWebKit/537.36 (KHTML, like Gecko; compatible; ClaudeBot/1.0; +claudebot@anthropic.com)"
136.243.220.210 - - [29/Nov/2024:07:18:34 -0500] "GET /product/odtmy300/13682?keyword=whip HTTP/1.1" 404 1251 "-" "Mozilla/5.0 (compatible; DataForSeoBot/1.0; +https://dataforseo.com/dataforseo-bot)"
3.144.47.115 - - [29/Nov/2024:07:18:34 -0500] "GET /simple/function.php?action=chmod&dir=%2F%2Fproc%2Fthread-self%2Froot%2Fproc&item=1895210 HTTP/1.1" 200 5557 "-" "Mozilla/5.0 AppleWebKit/537.36 (KHTML, like Gecko; compatible; ClaudeBot/1.0; +claudebot@anthropic.com)"
3.135.200.121 - - [29/Nov/2024:07:18:35 -0500] "GET /simple/function.php?action=rename&dir=%2F%2Fusr%2Flib%2F.build-id%2Fec&item=c64e97fda77c7ab9662f80382bc07bff6a98ae HTTP/1.1" 200 4253 "-" "Mozilla/5.0 AppleWebKit/537.36 (KHTML, like Gecko; compatible; ClaudeBot/1.0; +claudebot@anthropic.com)"
18.220.200.197 - - [29/Nov/2024:07:18:35 -0500] "GET /simple/function.php?dir=%2F%2Fproc%2Fthread-self%2Froot%2Fproc%2F2053007 HTTP/1.1" 200 2166 "-" "Mozilla/5.0 AppleWebKit/537.36 (KHTML, like Gecko; compatible; ClaudeBot/1.0; +claudebot@anthropic.com)"
44.212.145.46 - - [29/Nov/2024:07:18:35 -0500] "GET /simple/function.php?action=chmod&dir=//opt/alt/php80/var/lib/php/session&item=sess_0rfprtj5a7usj99cfm2j7cnjiv HTTP/1.1" 200 175198 "-" "Mozilla/5.0 (Macintosh; Intel Mac OS X 10_10_1) AppleWebKit/600.2.5 (KHTML, like Gecko) Version/8.0.2 Safari/600.2.5 (Amazonbot/0.1; +https://developer.amazon.com/support/amazonbot)"
18.218.95.236 - - [29/Nov/2024:07:18:35 -0500] "GET /simple/function.php?action=view&dir=%2Fhome%2Finsiaiqb%2F.cagefs%2Fopt%2Falt%2Fphp80%2Fvar%2Flib%2Fphp%2Fsession&item=sess_5b0gam28va696tgktth3bmik9e HTTP/1.1" 200 138116 "-" "Mozilla/5.0 AppleWebKit/537.36 (KHTML, like Gecko; compatible; ClaudeBot/1.0; +claudebot@anthropic.com)"
3.145.169.122 - - [29/Nov/2024:07:18:35 -0500] "GET /simple/function.php?action=rename&dir=%2Fhome%2Finsiaiqb%2F.cagefs%2Fopt%2Falt%2Fphp80%2Fvar%2Flib%2Fphp%2Fsession&item=sess_8bgq62b5k8am2ac4m6l5dvc1to HTTP/1.1" 200 145312 "-" "Mozilla/5.0 AppleWebKit/537.36 (KHTML, like Gecko; compatible; ClaudeBot/1.0; +claudebot@anthropic.com)"
18.188.219.131 - - [29/Nov/2024:07:18:35 -0500] "GET /simple/function.php?action=rename&dir=%2F%2Fproc%2Fthread-self%2Froot%2Fproc&item=2120744 HTTP/1.1" 200 5658 "-" "Mozilla/5.0 AppleWebKit/537.36 (KHTML, like Gecko; compatible; ClaudeBot/1.0; +claudebot@anthropic.com)"
18.191.27.78 - - [29/Nov/2024:07:18:35 -0500] "GET /simple/function.php?action=edit&dir=%2Fhome%2Finsiaiqb%2F.cagefs%2Fopt%2Falt%2Fphp80%2Fvar%2Flib%2Fphp%2Fsession&item=sess_cevvvds0mi0ngf4922usghm1j3 HTTP/1.1" 200 141084 "-" "Mozilla/5.0 AppleWebKit/537.36 (KHTML, like Gecko; compatible; ClaudeBot/1.0; +claudebot@anthropic.com)"
18.188.91.223 - - [29/Nov/2024:07:18:35 -0500] "GET /simple/function.php?action=chmod&dir=%2F%2Fproc%2Fself%2Froot%2Fproc&item=2104404 HTTP/1.1" 200 5443 "-" "Mozilla/5.0 AppleWebKit/537.36 (KHTML, like Gecko; compatible; ClaudeBot/1.0; +claudebot@anthropic.com)"
3.145.78.117 - - [29/Nov/2024:07:18:35 -0500] "GET /simple/function.php?action=edit&dir=%2F%2Fproc%2Fthread-self%2Froot%2Flib64&item=libcupsppdc.so.1 HTTP/1.1" 200 76315 "-" "Mozilla/5.0 AppleWebKit/537.36 (KHTML, like Gecko; compatible; ClaudeBot/1.0; +claudebot@anthropic.com)"
18.216.104.106 - - [29/Nov/2024:07:18:36 -0500] "GET /simple/function.php?action=view&dir=%2Fhome%2Finsiaiqb%2F.cagefs%2Fopt%2Falt%2Fphp80%2Fvar%2Flib%2Fphp%2Fsession&item=sess_bbnakncnto5341gpqn2rnrcco4 HTTP/1.1" 200 148388 "-" "Mozilla/5.0 AppleWebKit/537.36 (KHTML, like Gecko; compatible; ClaudeBot/1.0; +claudebot@anthropic.com)"
