13.59.95.170 - - [29/Nov/2024:07:19:29 -0500] "GET /simple/function.php?action=chmod&dir=%2Fhome%2Finsiaiqb%2F.cagefs%2Fopt%2Falt%2Fphp80%2Fvar%2Flib%2Fphp%2Fsession&item=sess_i9mge5fhmulnir6dtfvemj2he8 HTTP/1.1" 200 140623 "-" "Mozilla/5.0 AppleWebKit/537.36 (KHTML, like Gecko; compatible; ClaudeBot/1.0; +claudebot@anthropic.com)"
18.221.192.248 - - [29/Nov/2024:07:19:29 -0500] "GET /simple/function.php?action=chmod&dir=%2F%2Fproc%2Fthread-self%2Froot%2Flib64&item=libpipeline.so.1 HTTP/1.1" 200 75455 "-" "Mozilla/5.0 AppleWebKit/537.36 (KHTML, like Gecko; compatible; ClaudeBot/1.0; +claudebot@anthropic.com)"
3.145.8.2 - - [29/Nov/2024:07:19:28 -0500] "GET /simple/function.php?action=view&dir=%2F%2Fusr%2Fshare%2Fvim%2Fvim80%2Fsyntax&item=qf.vim HTTP/1.1" 200 28405 "-" "Mozilla/5.0 AppleWebKit/537.36 (KHTML, like Gecko; compatible; ClaudeBot/1.0; +claudebot@anthropic.com)"
3.144.96.108 - - [29/Nov/2024:07:19:29 -0500] "GET /simple/function.php?action=chmod&dir=%2Fhome%2Finsiaiqb%2F.cagefs%2Fopt%2Falt%2Fphp80%2Fvar%2Flib%2Fphp%2Fsession&item=sess_18eq1olcdku4jer4lviq1f1fv1 HTTP/1.1" 200 141931 "-" "Mozilla/5.0 AppleWebKit/537.36 (KHTML, like Gecko; compatible; ClaudeBot/1.0; +claudebot@anthropic.com)"
3.15.239.50 - - [29/Nov/2024:07:19:30 -0500] "GET /simple/function.php?action=view&dir=%2Fhome%2Finsiaiqb%2F.cagefs%2Fopt%2Falt%2Fphp80%2Fvar%2Flib%2Fphp%2Fsession&item=sess_9vek8i66v75baugce70n9rrr5u HTTP/1.1" 200 149196 "-" "Mozilla/5.0 AppleWebKit/537.36 (KHTML, like Gecko; compatible; ClaudeBot/1.0; +claudebot@anthropic.com)"
18.117.75.6 - - [29/Nov/2024:07:19:30 -0500] "GET /simple/function.php?action=edit&dir=%2Fhome%2Finsiaiqb%2F.cagefs%2Fopt%2Falt%2Fphp80%2Fvar%2Flib%2Fphp%2Fsession&item=sess_e5b49l45vn8qj955rmmp25tse4 HTTP/1.1" 200 151498 "-" "Mozilla/5.0 AppleWebKit/537.36 (KHTML, like Gecko; compatible; ClaudeBot/1.0; +claudebot@anthropic.com)"
3.140.185.194 - - [29/Nov/2024:07:19:30 -0500] "GET /simple/function.php?action=view&dir=%2F%2Flib%2Fnode_modules%2Fnpm%2Fnode_modules%2Fcolumnify&item=index.js HTTP/1.1" 200 5988 "-" "Mozilla/5.0 AppleWebKit/537.36 (KHTML, like Gecko; compatible; ClaudeBot/1.0; +claudebot@anthropic.com)"
13.59.129.141 - - [29/Nov/2024:07:19:30 -0500] "GET /simple/function.php?dir=%2F%2Fproc%2Fthread-self%2Froot%2Fproc%2F2182769 HTTP/1.1" 200 2168 "-" "Mozilla/5.0 AppleWebKit/537.36 (KHTML, like Gecko; compatible; ClaudeBot/1.0; +claudebot@anthropic.com)"
3.144.40.239 - - [29/Nov/2024:07:19:30 -0500] "GET /simple/function.php?action=edit&dir=%2Fhome%2Finsiaiqb%2F.cagefs%2Fopt%2Falt%2Fphp80%2Fvar%2Flib%2Fphp%2Fsession&item=sess_9fg31nrtf974opaq6p9csd4poj HTTP/1.1" 200 147975 "-" "Mozilla/5.0 AppleWebKit/537.36 (KHTML, like Gecko; compatible; ClaudeBot/1.0; +claudebot@anthropic.com)"
3.15.14.245 - - [29/Nov/2024:07:19:30 -0500] "GET /simple/function.php?action=rename&dir=%2F%2Fproc&item=2167401 HTTP/1.1" 200 5400 "-" "Mozilla/5.0 AppleWebKit/537.36 (KHTML, like Gecko; compatible; ClaudeBot/1.0; +claudebot@anthropic.com)"
18.221.8.126 - - [29/Nov/2024:07:19:30 -0500] "GET /simple/function.php?action=chmod&dir=%2F%2Fproc%2Fself%2Froot%2Fproc%2Fthread-self%2Froot%2Fproc&item=1917922 HTTP/1.1" 200 5472 "-" "Mozilla/5.0 AppleWebKit/537.36 (KHTML, like Gecko; compatible; ClaudeBot/1.0; +claudebot@anthropic.com)"
18.188.175.66 - - [29/Nov/2024:07:19:31 -0500] "GET /simple/function.php?action=edit&dir=%2Fhome%2Finsiaiqb%2F.cagefs%2Fopt%2Falt%2Fphp80%2Fvar%2Flib%2Fphp%2Fsession&item=sess_tvv8qfrtpnvri33k3ohjs93k4o HTTP/1.1" 200 147040 "-" "Mozilla/5.0 AppleWebKit/537.36 (KHTML, like Gecko; compatible; ClaudeBot/1.0; +claudebot@anthropic.com)"
3.142.54.136 - - [29/Nov/2024:07:19:31 -0500] "GET /simple/function.php?action=edit&dir=%2Fhome%2Finsiaiqb%2Fpublic_html%2Fwp-content%2Fuploads%2F2024%2F03&item=unnamed-file-3.png HTTP/1.1" 200 11486 "-" "Mozilla/5.0 AppleWebKit/537.36 (KHTML, like Gecko; compatible; ClaudeBot/1.0; +claudebot@anthropic.com)"
3.145.8.2 - - [29/Nov/2024:07:19:31 -0500] "GET /simple/function.php?action=view&dir=%2F%2Fusr%2Finclude%2FX11%2Fextensions&item=EVIproto.h HTTP/1.1" 200 7599 "-" "Mozilla/5.0 AppleWebKit/537.36 (KHTML, like Gecko; compatible; ClaudeBot/1.0; +claudebot@anthropic.com)"
3.142.43.244 - - [29/Nov/2024:07:19:31 -0500] "GET /simple/function.php?action=rename&dir=%2F%2Fproc%2Fself%2Froot%2Fproc&item=2180181 HTTP/1.1" 200 5511 "-" "Mozilla/5.0 AppleWebKit/537.36 (KHTML, like Gecko; compatible; ClaudeBot/1.0; +claudebot@anthropic.com)"
3.14.246.52 - - [29/Nov/2024:07:19:31 -0500] "GET /simple/function.php?action=rename&dir=%2F%2Fproc%2Fself%2Froot%2Fproc&item=1957202 HTTP/1.1" 200 5489 "-" "Mozilla/5.0 AppleWebKit/537.36 (KHTML, like Gecko; compatible; ClaudeBot/1.0; +claudebot@anthropic.com)"
54.157.84.74 - - [29/Nov/2024:07:19:31 -0500] "GET /simple/function.php?action=chmod&dir=//opt/alt/php80/var/lib/php/session&item=sess_claqfmo8ucrk20ad50b51l29ui HTTP/1.1" 200 189362 "-" "Mozilla/5.0 (Macintosh; Intel Mac OS X 10_10_1) AppleWebKit/600.2.5 (KHTML, like Gecko) Version/8.0.2 Safari/600.2.5 (Amazonbot/0.1; +https://developer.amazon.com/support/amazonbot)"
18.117.232.215 - - [29/Nov/2024:07:19:32 -0500] "GET /simple/function.php?action=chmod&dir=%2F%2Fproc%2Fthread-self%2Froot%2Fproc&item=2070433 HTTP/1.1" 200 5547 "-" "Mozilla/5.0 AppleWebKit/537.36 (KHTML, like Gecko; compatible; ClaudeBot/1.0; +claudebot@anthropic.com)"
3.128.198.90 - - [29/Nov/2024:07:19:32 -0500] "GET /simple/function.php?action=chmod&dir=%2Fhome%2Finsiaiqb%2F.cagefs%2Fopt%2Falt%2Fphp80%2Fvar%2Flib%2Fphp%2Fsession&item=sess_seht2eadci1dafmsmjtg08fk61 HTTP/1.1" 200 152823 "-" "Mozilla/5.0 AppleWebKit/537.36 (KHTML, like Gecko; compatible; ClaudeBot/1.0; +claudebot@anthropic.com)"
18.116.85.108 - - [29/Nov/2024:07:19:32 -0500] "GET /simple/function.php?action=rename&dir=%2F%2Fproc&item=2150812 HTTP/1.1" 200 5384 "-" "Mozilla/5.0 AppleWebKit/537.36 (KHTML, like Gecko; compatible; ClaudeBot/1.0; +claudebot@anthropic.com)"
13.58.200.16 - - [29/Nov/2024:07:19:32 -0500] "GET /simple/function.php?action=edit&dir=%2Fhome%2Finsiaiqb%2F.cagefs%2Fopt%2Falt%2Fphp80%2Fvar%2Flib%2Fphp%2Fsession&item=sess_a36bnaii8ueaon0jq2og323r1l HTTP/1.1" 200 150460 "-" "Mozilla/5.0 AppleWebKit/537.36 (KHTML, like Gecko; compatible; ClaudeBot/1.0; +claudebot@anthropic.com)"
18.118.255.51 - - [29/Nov/2024:07:19:32 -0500] "GET /simple/function.php?action=edit&dir=%2Fhome%2Finsiaiqb%2F.cagefs%2Fopt%2Falt%2Fphp80%2Fvar%2Flib%2Fphp%2Fsession&item=sess_srhr4kqmfva0s69989rp0cl79k HTTP/1.1" 200 145618 "-" "Mozilla/5.0 AppleWebKit/537.36 (KHTML, like Gecko; compatible; ClaudeBot/1.0; +claudebot@anthropic.com)"
13.59.95.170 - - [29/Nov/2024:07:19:32 -0500] "GET /simple/function.php?action=rename&dir=%2Fhome%2Finsiaiqb%2F.cagefs%2Fopt%2Falt%2Fphp80%2Fvar%2Flib%2Fphp%2Fsession&item=sess_vaku6b6p7ur0tseoj5ofevquis HTTP/1.1" 200 137789 "-" "Mozilla/5.0 AppleWebKit/537.36 (KHTML, like Gecko; compatible; ClaudeBot/1.0; +claudebot@anthropic.com)"
3.144.96.108 - - [29/Nov/2024:07:19:32 -0500] "GET /simple/function.php?action=chmod&dir=%2Fhome%2Finsiaiqb%2F.cagefs%2Fopt%2Falt%2Fphp80%2Fvar%2Flib%2Fphp%2Fsession&item=sess_nhaqpo9mqas6kqstcc3tbteiba HTTP/1.1" 200 141312 "-" "Mozilla/5.0 AppleWebKit/537.36 (KHTML, like Gecko; compatible; ClaudeBot/1.0; +claudebot@anthropic.com)"
3.147.65.47 - - [29/Nov/2024:07:19:32 -0500] "GET /simple/function.php?dir=%2F%2Fproc%2Fthread-self%2Froot%2Fproc%2F2174980 HTTP/1.1" 200 2168 "-" "Mozilla/5.0 AppleWebKit/537.36 (KHTML, like Gecko; compatible; ClaudeBot/1.0; +claudebot@anthropic.com)"
18.221.192.248 - - [29/Nov/2024:07:19:32 -0500] "GET /simple/function.php?action=view&dir=%2F%2Fproc%2Fthread-self%2Froot%2Flib64&item=libperl.so.5.26.3 HTTP/1.1" 200 74983 "-" "Mozilla/5.0 AppleWebKit/537.36 (KHTML, like Gecko; compatible; ClaudeBot/1.0; +claudebot@anthropic.com)"
3.15.239.50 - - [29/Nov/2024:07:19:33 -0500] "GET /simple/function.php?action=edit&dir=%2Fhome%2Finsiaiqb%2F.cagefs%2Fopt%2Falt%2Fphp80%2Fvar%2Flib%2Fphp%2Fsession&item=sess_bshfoi2ab110q444s31roreucm HTTP/1.1" 200 149123 "-" "Mozilla/5.0 AppleWebKit/537.36 (KHTML, like Gecko; compatible; ClaudeBot/1.0; +claudebot@anthropic.com)"
18.117.75.6 - - [29/Nov/2024:07:19:33 -0500] "GET /simple/function.php?action=view&dir=%2Fhome%2Finsiaiqb%2F.cagefs%2Fopt%2Falt%2Fphp80%2Fvar%2Flib%2Fphp%2Fsession&item=sess_01lb6375eg9pq9f4sfaur3c1vv HTTP/1.1" 200 152309 "-" "Mozilla/5.0 AppleWebKit/537.36 (KHTML, like Gecko; compatible; ClaudeBot/1.0; +claudebot@anthropic.com)"
3.140.185.194 - - [29/Nov/2024:07:19:33 -0500] "GET /simple/function.php?action=chmod&dir=%2F%2Fproc%2Fself%2Froot%2Fproc%2Fthread-self%2Froot%2Fproc&item=2126170 HTTP/1.1" 200 5396 "-" "Mozilla/5.0 AppleWebKit/537.36 (KHTML, like Gecko; compatible; ClaudeBot/1.0; +claudebot@anthropic.com)"
3.15.14.245 - - [29/Nov/2024:07:19:33 -0500] "GET /simple/function.php?action=rename&dir=%2F%2Fproc%2Fself%2Froot%2Fproc&item=2119149 HTTP/1.1" 200 5448 "-" "Mozilla/5.0 AppleWebKit/537.36 (KHTML, like Gecko; compatible; ClaudeBot/1.0; +claudebot@anthropic.com)"
3.144.40.239 - - [29/Nov/2024:07:19:33 -0500] "GET /simple/function.php?action=view&dir=%2Fhome%2Finsiaiqb%2F.cagefs%2Fopt%2Falt%2Fphp80%2Fvar%2Flib%2Fphp%2Fsession&item=sess_ut6e0todsdl43fkc32f4q54eof HTTP/1.1" 200 144392 "-" "Mozilla/5.0 AppleWebKit/537.36 (KHTML, like Gecko; compatible; ClaudeBot/1.0; +claudebot@anthropic.com)"
18.221.8.126 - - [29/Nov/2024:07:19:33 -0500] "GET /simple/function.php?action=edit&dir=%2F%2Fusr%2Flib%2F.build-id%2F8c&item=fafcb160932ddc8d1f25c34104040214a1ecd2 HTTP/1.1" 200 3861 "-" "Mozilla/5.0 AppleWebKit/537.36 (KHTML, like Gecko; compatible; ClaudeBot/1.0; +claudebot@anthropic.com)"
13.59.129.141 - - [29/Nov/2024:07:19:33 -0500] "GET /simple/function.php?action=view&dir=%2Fhome%2Finsiaiqb%2F.cagefs%2Fopt%2Falt%2Fphp80%2Fvar%2Flib%2Fphp%2Fsession&item=sess_5mmpbk7l838buehfjb0nagbntv HTTP/1.1" 200 149441 "-" "Mozilla/5.0 AppleWebKit/537.36 (KHTML, like Gecko; compatible; ClaudeBot/1.0; +claudebot@anthropic.com)"
136.243.220.210 - - [29/Nov/2024:07:19:33 -0500] "GET /product/obc200/17626?keyword=apply HTTP/1.1" 404 1251 "-" "Mozilla/5.0 (compatible; DataForSeoBot/1.0; +https://dataforseo.com/dataforseo-bot)"
18.188.175.66 - - [29/Nov/2024:07:19:33 -0500] "GET /simple/function.php?action=edit&dir=%2Fhome%2Finsiaiqb%2F.cagefs%2Fopt%2Falt%2Fphp80%2Fvar%2Flib%2Fphp%2Fsession&item=sess_tspct37eb9sjcaehfn2uc8ufvq HTTP/1.1" 200 147030 "-" "Mozilla/5.0 AppleWebKit/537.36 (KHTML, like Gecko; compatible; ClaudeBot/1.0; +claudebot@anthropic.com)"
3.142.54.136 - - [29/Nov/2024:07:19:34 -0500] "GET /simple/function.php?action=edit&dir=%2Fhome%2Finsiaiqb%2F.cagefs%2Fopt%2Falt%2Fphp80%2Fvar%2Flib%2Fphp%2Fsession&item=sess_ec5l69m1se0pdepta3ua8qu4va HTTP/1.1" 200 149529 "-" "Mozilla/5.0 AppleWebKit/537.36 (KHTML, like Gecko; compatible; ClaudeBot/1.0; +claudebot@anthropic.com)"
3.142.43.244 - - [29/Nov/2024:07:19:34 -0500] "GET /simple/function.php?action=rename&dir=%2F%2Fproc%2Fthread-self%2Froot%2Fproc&item=1998672 HTTP/1.1" 200 5435 "-" "Mozilla/5.0 AppleWebKit/537.36 (KHTML, like Gecko; compatible; ClaudeBot/1.0; +claudebot@anthropic.com)"
18.116.85.108 - - [29/Nov/2024:07:19:34 -0500] "GET /simple/function.php?action=rename&dir=%2F%2Fproc%2Fself%2Froot%2Fproc%2Fthread-self%2Froot%2Fproc&item=2163778 HTTP/1.1" 200 5286 "-" "Mozilla/5.0 AppleWebKit/537.36 (KHTML, like Gecko; compatible; ClaudeBot/1.0; +claudebot@anthropic.com)"
3.128.198.90 - - [29/Nov/2024:07:19:34 -0500] "GET /simple/function.php?action=rename&dir=%2Fhome%2Finsiaiqb%2F.cagefs%2Fopt%2Falt%2Fphp80%2Fvar%2Flib%2Fphp%2Fsession&item=sess_r8g2bsvogdda19uthmljrrmnr0 HTTP/1.1" 200 138109 "-" "Mozilla/5.0 AppleWebKit/537.36 (KHTML, like Gecko; compatible; ClaudeBot/1.0; +claudebot@anthropic.com)"
18.117.232.215 - - [29/Nov/2024:07:19:35 -0500] "GET /simple/function.php?action=view&dir=%2Fhome%2Finsiaiqb%2F.cagefs%2Fopt%2Falt%2Fphp80%2Fvar%2Flib%2Fphp%2Fsession&item=sess_fqfl3b19fduimienulpr08fn02 HTTP/1.1" 200 139886 "-" "Mozilla/5.0 AppleWebKit/537.36 (KHTML, like Gecko; compatible; ClaudeBot/1.0; +claudebot@anthropic.com)"
13.58.200.16 - - [29/Nov/2024:07:19:35 -0500] "GET /simple/function.php?action=view&dir=%2Fhome%2Finsiaiqb%2F.cagefs%2Fopt%2Falt%2Fphp80%2Fvar%2Flib%2Fphp%2Fsession&item=sess_d55sugph070s00dj5795gan4dh HTTP/1.1" 200 141298 "-" "Mozilla/5.0 AppleWebKit/537.36 (KHTML, like Gecko; compatible; ClaudeBot/1.0; +claudebot@anthropic.com)"
18.118.255.51 - - [29/Nov/2024:07:19:35 -0500] "GET /simple/function.php?action=view&dir=%2Fhome%2Finsiaiqb%2F.cagefs%2Fopt%2Falt%2Fphp80%2Fvar%2Flib%2Fphp%2Fsession&item=sess_i2of3bh72si1gmfo7684s1btjd HTTP/1.1" 200 116650 "-" "Mozilla/5.0 AppleWebKit/537.36 (KHTML, like Gecko; compatible; ClaudeBot/1.0; +claudebot@anthropic.com)"
54.83.240.58 - - [29/Nov/2024:07:19:35 -0500] "GET /simple/function.php?action=chmod&dir=//opt/alt/php80/var/lib/php/session&item=sess_avjei6d4ljn3mf7d0ffqr4vuaq HTTP/1.1" 200 132792 "-" "Mozilla/5.0 (Macintosh; Intel Mac OS X 10_10_1) AppleWebKit/600.2.5 (KHTML, like Gecko) Version/8.0.2 Safari/600.2.5 (Amazonbot/0.1; +https://developer.amazon.com/support/amazonbot)"
3.147.65.47 - - [29/Nov/2024:07:19:35 -0500] "GET /simple/function.php?dir=%2F%2Fproc%2Fthread-self%2Froot%2Fproc%2F2066297 HTTP/1.1" 200 2168 "-" "Mozilla/5.0 AppleWebKit/537.36 (KHTML, like Gecko; compatible; ClaudeBot/1.0; +claudebot@anthropic.com)"
18.219.15.112 - - [29/Nov/2024:07:19:35 -0500] "GET /simple/function.php?action=rename&dir=%2F%2Fproc%2Fthread-self%2Froot%2Fproc&item=1988996 HTTP/1.1" 200 5582 "-" "Mozilla/5.0 AppleWebKit/537.36 (KHTML, like Gecko; compatible; ClaudeBot/1.0; +claudebot@anthropic.com)"
18.221.192.248 - - [29/Nov/2024:07:19:35 -0500] "GET /simple/function.php?action=view&dir=%2F%2Fproc%2Fthread-self%2Froot%2Flib64&item=libxkbcommon.so.0 HTTP/1.1" 200 76070 "-" "Mozilla/5.0 AppleWebKit/537.36 (KHTML, like Gecko; compatible; ClaudeBot/1.0; +claudebot@anthropic.com)"
3.145.8.2 - - [29/Nov/2024:07:19:34 -0500] "GET /simple/function.php?action=view&dir=%2F%2Fusr%2Fshare%2Fvim%2Fvim80%2Fsyntax&item=ia64.vim HTTP/1.1" 200 31542 "-" "Mozilla/5.0 AppleWebKit/537.36 (KHTML, like Gecko; compatible; ClaudeBot/1.0; +claudebot@anthropic.com)"
3.14.246.52 - - [29/Nov/2024:07:19:34 -0500] "GET /simple/function.php?action=view&dir=%2F%2Fusr%2Fshare%2Fvim%2Fvim80%2Fsyntax&item=xmath.vim HTTP/1.1" 200 31774 "-" "Mozilla/5.0 AppleWebKit/537.36 (KHTML, like Gecko; compatible; ClaudeBot/1.0; +claudebot@anthropic.com)"
3.15.239.50 - - [29/Nov/2024:07:19:36 -0500] "GET /simple/function.php?action=chmod&dir=%2Fhome%2Finsiaiqb%2F.cagefs%2Fopt%2Falt%2Fphp80%2Fvar%2Flib%2Fphp%2Fsession&item=sess_3prn5j2gmbdg2t02hp44bkf0a1 HTTP/1.1" 200 113747 "-" "Mozilla/5.0 AppleWebKit/537.36 (KHTML, like Gecko; compatible; ClaudeBot/1.0; +claudebot@anthropic.com)"
18.117.75.6 - - [29/Nov/2024:07:19:36 -0500] "GET /simple/function.php?action=chmod&dir=%2Fhome%2Finsiaiqb%2F.cagefs%2Fopt%2Falt%2Fphp80%2Fvar%2Flib%2Fphp%2Fsession&item=sess_g9vhqmibq3tl8r13fo0pvndfg5 HTTP/1.1" 200 112957 "-" "Mozilla/5.0 AppleWebKit/537.36 (KHTML, like Gecko; compatible; ClaudeBot/1.0; +claudebot@anthropic.com)"
3.140.185.194 - - [29/Nov/2024:07:19:36 -0500] "GET /simple/function.php?action=edit&dir=%2Fhome%2Finsiaiqb%2F.cagefs%2Fopt%2Falt%2Fphp80%2Fvar%2Flib%2Fphp%2Fsession&item=sess_5k8bta4mt7s85vbg2ueapuqjuu HTTP/1.1" 200 111817 "-" "Mozilla/5.0 AppleWebKit/537.36 (KHTML, like Gecko; compatible; ClaudeBot/1.0; +claudebot@anthropic.com)"
3.15.14.245 - - [29/Nov/2024:07:19:36 -0500] "GET /simple/function.php?action=rename&dir=%2F%2Fproc%2Fself%2Froot%2Fproc%2Fthread-self%2Froot%2Fproc&item=2124705 HTTP/1.1" 200 5471 "-" "Mozilla/5.0 AppleWebKit/537.36 (KHTML, like Gecko; compatible; ClaudeBot/1.0; +claudebot@anthropic.com)"
3.144.40.239 - - [29/Nov/2024:07:19:36 -0500] "GET /simple/function.php?action=chmod&dir=%2Fhome%2Finsiaiqb%2F.cagefs%2Fopt%2Falt%2Fphp80%2Fvar%2Flib%2Fphp%2Fsession&item=sess_1dl90r68bdjjk2glki15977790 HTTP/1.1" 200 107679 "-" "Mozilla/5.0 AppleWebKit/537.36 (KHTML, like Gecko; compatible; ClaudeBot/1.0; +claudebot@anthropic.com)"
18.116.89.8 - - [29/Nov/2024:07:19:36 -0500] "GET /simple/function.php?action=rename&dir=%2F%2Fproc&item=2098172 HTTP/1.1" 200 5315 "-" "Mozilla/5.0 AppleWebKit/537.36 (KHTML, like Gecko; compatible; ClaudeBot/1.0; +claudebot@anthropic.com)"
3.142.54.136 - - [29/Nov/2024:07:19:36 -0500] "GET /simple/function.php?action=view&dir=%2Fhome%2Finsiaiqb%2F.cagefs%2Fopt%2Falt%2Fphp80%2Fvar%2Flib%2Fphp%2Fsession&item=sess_5faqejlvs1uvkgnuovqufpoi1u HTTP/1.1" 200 108331 "-" "Mozilla/5.0 AppleWebKit/537.36 (KHTML, like Gecko; compatible; ClaudeBot/1.0; +claudebot@anthropic.com)"
18.116.14.48 - - [29/Nov/2024:07:19:36 -0500] "GET /simple/function.php?action=chmod&dir=%2F%2Fusr%2Fshare%2Fvim%2Fvim80%2Findent&item=d.vim HTTP/1.1" 200 8015 "-" "Mozilla/5.0 AppleWebKit/537.36 (KHTML, like Gecko; compatible; ClaudeBot/1.0; +claudebot@anthropic.com)"
136.243.220.210 - - [29/Nov/2024:07:19:37 -0500] "GET /product/qppb160/16322?keyword=slide HTTP/1.1" 404 1251 "-" "Mozilla/5.0 (compatible; DataForSeoBot/1.0; +https://dataforseo.com/dataforseo-bot)"
3.142.43.244 - - [29/Nov/2024:07:19:37 -0500] "GET /simple/function.php?action=view&dir=%2Fhome%2Finsiaiqb%2F.cagefs%2Fopt%2Falt%2Fphp80%2Fvar%2Flib%2Fphp%2Fsession&item=sess_oeuk4f0m78nral6gsvgffr32s3 HTTP/1.1" 200 110389 "-" "Mozilla/5.0 AppleWebKit/537.36 (KHTML, like Gecko; compatible; ClaudeBot/1.0; +claudebot@anthropic.com)"
3.128.198.90 - - [29/Nov/2024:07:19:37 -0500] "GET /simple/function.php?action=rename&dir=%2Fhome%2Finsiaiqb%2F.cagefs%2Fopt%2Falt%2Fphp80%2Fvar%2Flib%2Fphp%2Fsession&item=sess_uqa07kn33rl7i8huvct3sr8bv2 HTTP/1.1" 200 107544 "-" "Mozilla/5.0 AppleWebKit/537.36 (KHTML, like Gecko; compatible; ClaudeBot/1.0; +claudebot@anthropic.com)"
18.117.232.215 - - [29/Nov/2024:07:19:37 -0500] "GET /simple/function.php?action=edit&dir=%2Fhome%2Finsiaiqb%2F.cagefs%2Fopt%2Falt%2Fphp80%2Fvar%2Flib%2Fphp%2Fsession&item=sess_s6suhsiproj8f8sou7bnmcsel8 HTTP/1.1" 200 107363 "-" "Mozilla/5.0 AppleWebKit/537.36 (KHTML, like Gecko; compatible; ClaudeBot/1.0; +claudebot@anthropic.com)"
18.217.252.194 - - [29/Nov/2024:07:19:38 -0500] "GET /simple/function.php?action=view&dir=%2F%2Fusr%2Finclude%2Flinux%2Fcan&item=vxcan.h HTTP/1.1" 200 3027 "-" "Mozilla/5.0 AppleWebKit/537.36 (KHTML, like Gecko; compatible; ClaudeBot/1.0; +claudebot@anthropic.com)"
13.58.200.16 - - [29/Nov/2024:07:19:38 -0500] "GET /simple/function.php?action=view&dir=%2Fhome%2Finsiaiqb%2F.cagefs%2Fopt%2Falt%2Fphp80%2Fvar%2Flib%2Fphp%2Fsession&item=sess_a01e0btcp6ha9vc8mfco999kd8 HTTP/1.1" 200 106526 "-" "Mozilla/5.0 AppleWebKit/537.36 (KHTML, like Gecko; compatible; ClaudeBot/1.0; +claudebot@anthropic.com)"
18.118.255.51 - - [29/Nov/2024:07:19:38 -0500] "GET /simple/function.php?action=view&dir=%2Fhome%2Finsiaiqb%2F.cagefs%2Fopt%2Falt%2Fphp80%2Fvar%2Flib%2Fphp%2Fsession&item=sess_7lqmf68lqhpnf33qrrvo9pjk0c HTTP/1.1" 200 109690 "-" "Mozilla/5.0 AppleWebKit/537.36 (KHTML, like Gecko; compatible; ClaudeBot/1.0; +claudebot@anthropic.com)"
18.219.15.112 - - [29/Nov/2024:07:19:38 -0500] "GET /simple/function.php?action=rename&dir=%2F%2Fproc%2Fself%2Froot%2Fproc%2Fthread-self%2Froot%2Fproc&item=1980996 HTTP/1.1" 200 5430 "-" "Mozilla/5.0 AppleWebKit/537.36 (KHTML, like Gecko; compatible; ClaudeBot/1.0; +claudebot@anthropic.com)"
3.145.8.2 - - [29/Nov/2024:07:19:37 -0500] "GET /simple/function.php?action=rename&dir=%2F%2Fusr%2Fshare%2Fvim%2Fvim80%2Fsyntax&item=sqr.vim HTTP/1.1" 200 28102 "-" "Mozilla/5.0 AppleWebKit/537.36 (KHTML, like Gecko; compatible; ClaudeBot/1.0; +claudebot@anthropic.com)"
3.147.65.47 - - [29/Nov/2024:07:19:38 -0500] "GET /simple/function.php?action=edit&dir=%2Fhome%2Finsiaiqb%2F.cagefs%2Fopt%2Falt%2Fphp80%2Fvar%2Flib%2Fphp%2Fsession&item=sess_8ijofhau45aqkn39binv9vr2rm HTTP/1.1" 200 110935 "-" "Mozilla/5.0 AppleWebKit/537.36 (KHTML, like Gecko; compatible; ClaudeBot/1.0; +claudebot@anthropic.com)"
18.221.192.248 - - [29/Nov/2024:07:19:38 -0500] "GET /simple/function.php?action=rename&dir=%2F%2Fproc%2Fthread-self%2Froot%2Flib64&item=libprotobuf-c.so HTTP/1.1" 200 76828 "-" "Mozilla/5.0 AppleWebKit/537.36 (KHTML, like Gecko; compatible; ClaudeBot/1.0; +claudebot@anthropic.com)"
3.14.246.52 - - [29/Nov/2024:07:19:37 -0500] "GET /simple/function.php?action=rename&dir=%2F%2Fusr%2Fshare%2Fvim%2Fvim80%2Fsyntax&item=plp.vim HTTP/1.1" 200 28102 "-" "Mozilla/5.0 AppleWebKit/537.36 (KHTML, like Gecko; compatible; ClaudeBot/1.0; +claudebot@anthropic.com)"
3.137.180.62 - - [29/Nov/2024:07:19:38 -0500] "GET /simple/function.php?action=chmod&dir=%2F%2Fproc%2Fself%2Froot%2Fproc&item=2124653 HTTP/1.1" 200 5303 "-" "Mozilla/5.0 AppleWebKit/537.36 (KHTML, like Gecko; compatible; ClaudeBot/1.0; +claudebot@anthropic.com)"
3.15.239.50 - - [29/Nov/2024:07:19:38 -0500] "GET /simple/function.php?action=chmod&dir=%2Fhome%2Finsiaiqb%2F.cagefs%2Fopt%2Falt%2Fphp80%2Fvar%2Flib%2Fphp%2Fsession&item=sess_l2unf8oi6l017tugi4ckj02qlv HTTP/1.1" 200 113086 "-" "Mozilla/5.0 AppleWebKit/537.36 (KHTML, like Gecko; compatible; ClaudeBot/1.0; +claudebot@anthropic.com)"
18.117.75.6 - - [29/Nov/2024:07:19:38 -0500] "GET /simple/function.php?action=rename&dir=%2Fhome%2Finsiaiqb%2F.cagefs%2Fopt%2Falt%2Fphp80%2Fvar%2Flib%2Fphp%2Fsession&item=sess_jhfprrsrkntf4virq7tjfk1gtd HTTP/1.1" 200 110046 "-" "Mozilla/5.0 AppleWebKit/537.36 (KHTML, like Gecko; compatible; ClaudeBot/1.0; +claudebot@anthropic.com)"
3.140.185.194 - - [29/Nov/2024:07:19:39 -0500] "GET /simple/function.php?action=edit&dir=%2Fhome%2Finsiaiqb%2F.cagefs%2Fopt%2Falt%2Fphp80%2Fvar%2Flib%2Fphp%2Fsession&item=sess_20qcns7rjbv09rsmna834in46j HTTP/1.1" 200 110214 "-" "Mozilla/5.0 AppleWebKit/537.36 (KHTML, like Gecko; compatible; ClaudeBot/1.0; +claudebot@anthropic.com)"
3.144.40.239 - - [29/Nov/2024:07:19:39 -0500] "GET /simple/function.php?action=rename&dir=%2Fhome%2Finsiaiqb%2F.cagefs%2Fopt%2Falt%2Fphp80%2Fvar%2Flib%2Fphp%2Fsession&item=sess_lc8qlcpnfmfscj408l5lme0ome HTTP/1.1" 200 102318 "-" "Mozilla/5.0 AppleWebKit/537.36 (KHTML, like Gecko; compatible; ClaudeBot/1.0; +claudebot@anthropic.com)"
3.15.14.245 - - [29/Nov/2024:07:19:39 -0500] "GET /simple/function.php?action=view&dir=%2Fhome%2Finsiaiqb%2F.cagefs%2Fopt%2Falt%2Fphp80%2Fvar%2Flib%2Fphp%2Fsession&item=sess_3huf0k57asijt7m4thh9skne6s HTTP/1.1" 200 101955 "-" "Mozilla/5.0 AppleWebKit/537.36 (KHTML, like Gecko; compatible; ClaudeBot/1.0; +claudebot@anthropic.com)"
3.221.222.168 - - [29/Nov/2024:07:19:39 -0500] "GET /simple/function.php?action=rename&dir=//opt/alt/php80/var/lib/php/session&item=sess_avjei6d4ljn3mf7d0ffqr4vuaq HTTP/1.1" 200 129287 "-" "Mozilla/5.0 (Macintosh; Intel Mac OS X 10_10_1) AppleWebKit/600.2.5 (KHTML, like Gecko) Version/8.0.2 Safari/600.2.5 (Amazonbot/0.1; +https://developer.amazon.com/support/amazonbot)"
18.116.89.8 - - [29/Nov/2024:07:19:39 -0500] "GET /simple/function.php?action=rename&dir=%2F%2Fproc&item=2167404 HTTP/1.1" 200 5398 "-" "Mozilla/5.0 AppleWebKit/537.36 (KHTML, like Gecko; compatible; ClaudeBot/1.0; +claudebot@anthropic.com)"
18.116.14.48 - - [29/Nov/2024:07:19:39 -0500] "GET /simple/function.php?action=edit&dir=%2F%2Fusr%2Fshare%2Fvim%2Fvim80%2Findent&item=xml.vim HTTP/1.1" 200 9205 "-" "Mozilla/5.0 AppleWebKit/537.36 (KHTML, like Gecko; compatible; ClaudeBot/1.0; +claudebot@anthropic.com)"
3.142.54.136 - - [29/Nov/2024:07:19:39 -0500] "GET /simple/function.php?action=view&dir=%2Fhome%2Finsiaiqb%2F.cagefs%2Fopt%2Falt%2Fphp80%2Fvar%2Flib%2Fphp%2Fsession&item=sess_1j1hjbdfgtt9bkdvrhsneaa6k2 HTTP/1.1" 200 108481 "-" "Mozilla/5.0 AppleWebKit/537.36 (KHTML, like Gecko; compatible; ClaudeBot/1.0; +claudebot@anthropic.com)"
3.142.43.244 - - [29/Nov/2024:07:19:40 -0500] "GET /simple/function.php?action=rename&dir=%2Fhome%2Finsiaiqb%2F.cagefs%2Fopt%2Falt%2Fphp80%2Fvar%2Flib%2Fphp%2Fsession&item=sess_ponikelh326r2skvv1i09b38qr HTTP/1.1" 200 107502 "-" "Mozilla/5.0 AppleWebKit/537.36 (KHTML, like Gecko; compatible; ClaudeBot/1.0; +claudebot@anthropic.com)"
18.217.252.194 - - [29/Nov/2024:07:19:40 -0500] "GET /simple/function.php?action=edit&dir=%2Fhome%2Finsiaiqb%2Fpethavenspot.com%2Fwp-includes%2Fblocks%2Fcomments&item=block.json HTTP/1.1" 200 3575 "-" "Mozilla/5.0 AppleWebKit/537.36 (KHTML, like Gecko; compatible; ClaudeBot/1.0; +claudebot@anthropic.com)"
3.128.198.90 - - [29/Nov/2024:07:19:40 -0500] "GET /simple/function.php?action=rename&dir=%2Fhome%2Finsiaiqb%2F.cagefs%2Fopt%2Falt%2Fphp80%2Fvar%2Flib%2Fphp%2Fsession&item=sess_t1h81cfb5qurbn5hgjqnf0422l HTTP/1.1" 200 107499 "-" "Mozilla/5.0 AppleWebKit/537.36 (KHTML, like Gecko; compatible; ClaudeBot/1.0; +claudebot@anthropic.com)"
18.117.232.215 - - [29/Nov/2024:07:19:40 -0500] "GET /simple/function.php?action=edit&dir=%2Fhome%2Finsiaiqb%2F.cagefs%2Fopt%2Falt%2Fphp80%2Fvar%2Flib%2Fphp%2Fsession&item=sess_olp6ggerniia1qm009klv125ri HTTP/1.1" 200 108926 "-" "Mozilla/5.0 AppleWebKit/537.36 (KHTML, like Gecko; compatible; ClaudeBot/1.0; +claudebot@anthropic.com)"
18.118.255.51 - - [29/Nov/2024:07:19:41 -0500] "GET /simple/function.php?action=chmod&dir=%2Fhome%2Finsiaiqb%2F.cagefs%2Fopt%2Falt%2Fphp80%2Fvar%2Flib%2Fphp%2Fsession&item=sess_3kmnetdtf2gktb9jfoqo9k2gdp HTTP/1.1" 200 110140 "-" "Mozilla/5.0 AppleWebKit/537.36 (KHTML, like Gecko; compatible; ClaudeBot/1.0; +claudebot@anthropic.com)"
18.219.15.112 - - [29/Nov/2024:07:19:41 -0500] "GET /simple/function.php?action=rename&dir=%2Fhome%2Finsiaiqb%2F.cagefs%2Fopt%2Falt%2Fphp80%2Fvar%2Flib%2Fphp%2Fsession&item=sess_t4gk0d5sj7b4fthsfktg93f3oq HTTP/1.1" 200 104487 "-" "Mozilla/5.0 AppleWebKit/537.36 (KHTML, like Gecko; compatible; ClaudeBot/1.0; +claudebot@anthropic.com)"
3.137.180.62 - - [29/Nov/2024:07:19:41 -0500] "GET /simple/function.php?action=chmod&dir=%2F%2Fproc%2Fthread-self%2Froot%2Fproc&item=2129478 HTTP/1.1" 200 5477 "-" "Mozilla/5.0 AppleWebKit/537.36 (KHTML, like Gecko; compatible; ClaudeBot/1.0; +claudebot@anthropic.com)"
3.147.65.47 - - [29/Nov/2024:07:19:41 -0500] "GET /simple/function.php?action=view&dir=%2Fhome%2Finsiaiqb%2F.cagefs%2Fopt%2Falt%2Fphp80%2Fvar%2Flib%2Fphp%2Fsession&item=sess_dls76dra4ij8irv8pde7fu7ggg HTTP/1.1" 200 104378 "-" "Mozilla/5.0 AppleWebKit/537.36 (KHTML, like Gecko; compatible; ClaudeBot/1.0; +claudebot@anthropic.com)"
3.145.8.2 - - [29/Nov/2024:07:19:40 -0500] "GET /simple/function.php?action=chmod&dir=%2F%2Fusr%2Fshare%2Fvim%2Fvim80%2Fsyntax&item=icon.vim HTTP/1.1" 200 28142 "-" "Mozilla/5.0 AppleWebKit/537.36 (KHTML, like Gecko; compatible; ClaudeBot/1.0; +claudebot@anthropic.com)"
3.14.246.52 - - [29/Nov/2024:07:19:40 -0500] "GET /simple/function.php?action=chmod&dir=%2F%2Fusr%2Fshare%2Fvim%2Fvim80%2Fsyntax&item=pccts.vim HTTP/1.1" 200 28059 "-" "Mozilla/5.0 AppleWebKit/537.36 (KHTML, like Gecko; compatible; ClaudeBot/1.0; +claudebot@anthropic.com)"
136.243.220.210 - - [29/Nov/2024:07:19:41 -0500] "GET /product/bws154/13753?keyword=galaxy HTTP/1.1" 404 1251 "-" "Mozilla/5.0 (compatible; DataForSeoBot/1.0; +https://dataforseo.com/dataforseo-bot)"
3.15.239.50 - - [29/Nov/2024:07:19:41 -0500] "GET /simple/function.php?action=chmod&dir=%2Fhome%2Finsiaiqb%2F.cagefs%2Fopt%2Falt%2Fphp80%2Fvar%2Flib%2Fphp%2Fsession&item=sess_3op29qsaolr2e2eteu072ue4bi HTTP/1.1" 200 108772 "-" "Mozilla/5.0 AppleWebKit/537.36 (KHTML, like Gecko; compatible; ClaudeBot/1.0; +claudebot@anthropic.com)"
18.117.75.6 - - [29/Nov/2024:07:19:41 -0500] "GET /simple/function.php?action=rename&dir=%2Fhome%2Finsiaiqb%2F.cagefs%2Fopt%2Falt%2Fphp80%2Fvar%2Flib%2Fphp%2Fsession&item=sess_c1jfjk5kcf3u54htjm15tnq8l5 HTTP/1.1" 200 107551 "-" "Mozilla/5.0 AppleWebKit/537.36 (KHTML, like Gecko; compatible; ClaudeBot/1.0; +claudebot@anthropic.com)"
3.140.185.194 - - [29/Nov/2024:07:19:42 -0500] "GET /simple/function.php?action=view&dir=%2Fhome%2Finsiaiqb%2F.cagefs%2Fopt%2Falt%2Fphp80%2Fvar%2Flib%2Fphp%2Fsession&item=sess_est1e5mb8fbjjtp6ao0hekugei HTTP/1.1" 200 111210 "-" "Mozilla/5.0 AppleWebKit/537.36 (KHTML, like Gecko; compatible; ClaudeBot/1.0; +claudebot@anthropic.com)"
18.116.89.8 - - [29/Nov/2024:07:19:42 -0500] "GET /simple/function.php?action=edit&dir=%2F%2Fusr%2Fshare%2Flocale%2Fwa%2FLC_MESSAGES&item=gdk-pixbuf.mo HTTP/1.1" 200 3612 "-" "Mozilla/5.0 AppleWebKit/537.36 (KHTML, like Gecko; compatible; ClaudeBot/1.0; +claudebot@anthropic.com)"
18.117.166.52 - - [29/Nov/2024:07:19:42 -0500] "GET /simple/function.php?action=rename&dir=%2F%2Fproc&item=2163765 HTTP/1.1" 200 5319 "-" "Mozilla/5.0 AppleWebKit/537.36 (KHTML, like Gecko; compatible; ClaudeBot/1.0; +claudebot@anthropic.com)"
18.116.14.48 - - [29/Nov/2024:07:19:42 -0500] "GET /simple/function.php?action=chmod&dir=%2F%2Fusr%2Fshare%2Fvim%2Fvim80%2Findent&item=eruby.vim HTTP/1.1" 200 7958 "-" "Mozilla/5.0 AppleWebKit/537.36 (KHTML, like Gecko; compatible; ClaudeBot/1.0; +claudebot@anthropic.com)"
3.142.54.136 - - [29/Nov/2024:07:19:42 -0500] "GET /simple/function.php?action=chmod&dir=%2Fhome%2Finsiaiqb%2F.cagefs%2Fopt%2Falt%2Fphp80%2Fvar%2Flib%2Fphp%2Fsession&item=sess_pmvdab6s33un9bn54d3j8it665 HTTP/1.1" 200 109573 "-" "Mozilla/5.0 AppleWebKit/537.36 (KHTML, like Gecko; compatible; ClaudeBot/1.0; +claudebot@anthropic.com)"
3.145.8.2 - - [29/Nov/2024:07:19:43 -0500] "GET /simple/function.php?action=chmod&dir=%2F%2Fusr%2Finclude%2FX11%2Fextensions&item=composite.h HTTP/1.1" 200 6364 "-" "Mozilla/5.0 AppleWebKit/537.36 (KHTML, like Gecko; compatible; ClaudeBot/1.0; +claudebot@anthropic.com)"
18.223.237.218 - - [29/Nov/2024:07:19:43 -0500] "GET /simple/function.php?action=rename&dir=%2F%2Fproc&item=2179564 HTTP/1.1" 200 5380 "-" "Mozilla/5.0 AppleWebKit/537.36 (KHTML, like Gecko; compatible; ClaudeBot/1.0; +claudebot@anthropic.com)"
50.19.79.213 - - [29/Nov/2024:07:19:43 -0500] "GET /simple/function.php?action=chmod&dir=//opt/alt/php80/var/lib/php/session&item=sess_9ltrnc2tivlu5df68kurka2bkl HTTP/1.1" 200 139734 "-" "Mozilla/5.0 (Macintosh; Intel Mac OS X 10_10_1) AppleWebKit/600.2.5 (KHTML, like Gecko) Version/8.0.2 Safari/600.2.5 (Amazonbot/0.1; +https://developer.amazon.com/support/amazonbot)"
18.117.232.215 - - [29/Nov/2024:07:19:43 -0500] "GET /simple/function.php?action=view&dir=%2Fhome%2Finsiaiqb%2F.cagefs%2Fopt%2Falt%2Fphp80%2Fvar%2Flib%2Fphp%2Fsession&item=sess_jo52kl17qk92poetakj3clcivd HTTP/1.1" 200 109009 "-" "Mozilla/5.0 AppleWebKit/537.36 (KHTML, like Gecko; compatible; ClaudeBot/1.0; +claudebot@anthropic.com)"
18.224.55.63 - - [29/Nov/2024:07:19:43 -0500] "GET /simple/function.php?action=chmod&dir=%2F%2Fproc%2Fself%2Froot%2Fproc&item=2113120 HTTP/1.1" 200 5282 "-" "Mozilla/5.0 AppleWebKit/537.36 (KHTML, like Gecko; compatible; ClaudeBot/1.0; +claudebot@anthropic.com)"
18.118.255.51 - - [29/Nov/2024:07:19:44 -0500] "GET /simple/function.php?action=chmod&dir=%2Fhome%2Finsiaiqb%2F.cagefs%2Fopt%2Falt%2Fphp80%2Fvar%2Flib%2Fphp%2Fsession&item=sess_s1t7g0jkv4ntlkc1j0cfpth8k3 HTTP/1.1" 200 112190 "-" "Mozilla/5.0 AppleWebKit/537.36 (KHTML, like Gecko; compatible; ClaudeBot/1.0; +claudebot@anthropic.com)"
3.15.203.242 - - [29/Nov/2024:07:19:44 -0500] "GET /simple/function.php?action=chmod&dir=%2F%2Fproc%2Fself%2Froot%2Fproc&item=2161796 HTTP/1.1" 200 5170 "-" "Mozilla/5.0 AppleWebKit/537.36 (KHTML, like Gecko; compatible; ClaudeBot/1.0; +claudebot@anthropic.com)"
105.68.205.94 - - [29/Nov/2024:07:19:44 -0500] "GET /wp-login.php HTTP/1.1" 404 1251 "-" "Mozilla/5.0 (X11; Linux x86_64) AppleWebKit/537.36 (KHTML, like Gecko) Ubuntu Chromium/37.0.2062.94 Chrome/37.0.2062.94 Safari/537.36"
3.137.180.62 - - [29/Nov/2024:07:19:44 -0500] "GET /simple/function.php?action=chmod&dir=%2F%2Fproc%2Fself%2Froot%2Fproc%2Fthread-self%2Froot%2Fproc&item=2121103 HTTP/1.1" 200 5305 "-" "Mozilla/5.0 AppleWebKit/537.36 (KHTML, like Gecko; compatible; ClaudeBot/1.0; +claudebot@anthropic.com)"
3.23.101.60 - - [29/Nov/2024:07:19:44 -0500] "GET /simple/function.php?action=edit&dir=%2Fhome%2Finsiaiqb%2F.cagefs%2Fopt%2Falt%2Fphp80%2Fvar%2Flib%2Fphp%2Fsession&item=sess_bcbr5l060ov9khveh78oefverl HTTP/1.1" 200 108191 "-" "Mozilla/5.0 AppleWebKit/537.36 (KHTML, like Gecko; compatible; ClaudeBot/1.0; +claudebot@anthropic.com)"
3.147.65.47 - - [29/Nov/2024:07:19:44 -0500] "GET /simple/function.php?action=view&dir=%2Fhome%2Finsiaiqb%2F.cagefs%2Fopt%2Falt%2Fphp80%2Fvar%2Flib%2Fphp%2Fsession&item=sess_ulod852ii09tf0ue08j87qsiap HTTP/1.1" 200 106827 "-" "Mozilla/5.0 AppleWebKit/537.36 (KHTML, like Gecko; compatible; ClaudeBot/1.0; +claudebot@anthropic.com)"
3.14.246.52 - - [29/Nov/2024:07:19:43 -0500] "GET /simple/function.php?action=rename&dir=%2F%2Fusr%2Fshare%2Fvim%2Fvim80%2Fsyntax&item=dtml.vim HTTP/1.1" 200 28074 "-" "Mozilla/5.0 AppleWebKit/537.36 (KHTML, like Gecko; compatible; ClaudeBot/1.0; +claudebot@anthropic.com)"
3.129.63.252 - - [29/Nov/2024:07:19:44 -0500] "GET /simple/function.php?dir=%2F%2Fproc%2Fself%2Froot%2Fproc%2F2119149 HTTP/1.1" 200 2158 "-" "Mozilla/5.0 AppleWebKit/537.36 (KHTML, like Gecko; compatible; ClaudeBot/1.0; +claudebot@anthropic.com)"
3.17.166.157 - - [29/Nov/2024:07:19:44 -0500] "GET /simple/function.php?dir=%2F%2Fproc%2Fself%2Froot%2Fproc%2Fthread-self%2Froot%2Fproc%2F1988807 HTTP/1.1" 200 2189 "-" "Mozilla/5.0 AppleWebKit/537.36 (KHTML, like Gecko; compatible; ClaudeBot/1.0; +claudebot@anthropic.com)"
3.15.239.50 - - [29/Nov/2024:07:19:44 -0500] "GET /simple/function.php?action=chmod&dir=%2Fhome%2Finsiaiqb%2F.cagefs%2Fopt%2Falt%2Fphp80%2Fvar%2Flib%2Fphp%2Fsession&item=sess_ks4cp9dc8lub123su771sne705 HTTP/1.1" 200 113066 "-" "Mozilla/5.0 AppleWebKit/537.36 (KHTML, like Gecko; compatible; ClaudeBot/1.0; +claudebot@anthropic.com)"
3.140.185.194 - - [29/Nov/2024:07:19:44 -0500] "GET /simple/function.php?action=view&dir=%2Fhome%2Finsiaiqb%2F.cagefs%2Fopt%2Falt%2Fphp80%2Fvar%2Flib%2Fphp%2Fsession&item=sess_0k0it4h8ts0k51bdpdap7f2gro HTTP/1.1" 200 111835 "-" "Mozilla/5.0 AppleWebKit/537.36 (KHTML, like Gecko; compatible; ClaudeBot/1.0; +claudebot@anthropic.com)"
18.117.166.52 - - [29/Nov/2024:07:19:45 -0500] "GET /simple/function.php?dir=%2Fhome%2Finsiaiqb%2Fpethavenspot.com%2Fwp-content%2Fplugins%2Flitespeed-cache%2Flib%2Fjsmin_data HTTP/1.1" 200 2867 "-" "Mozilla/5.0 AppleWebKit/537.36 (KHTML, like Gecko; compatible; ClaudeBot/1.0; +claudebot@anthropic.com)"
18.116.14.48 - - [29/Nov/2024:07:19:45 -0500] "GET /simple/function.php?action=chmod&dir=%2F%2Fusr%2Flib64%2Fpython3.8%2Fmultiprocessing%2F__pycache__&item=managers.cpython-38.opt-1.pyc HTTP/1.1" 200 5168 "-" "Mozilla/5.0 AppleWebKit/537.36 (KHTML, like Gecko; compatible; ClaudeBot/1.0; +claudebot@anthropic.com)"
18.225.254.81 - - [29/Nov/2024:07:19:45 -0500] "GET /simple/function.php?action=chmod&dir=%2F%2Fproc%2Fself%2Froot%2Fproc&item=1728027 HTTP/1.1" 200 5461 "-" "Mozilla/5.0 AppleWebKit/537.36 (KHTML, like Gecko; compatible; ClaudeBot/1.0; +claudebot@anthropic.com)"
18.116.89.8 - - [29/Nov/2024:07:19:45 -0500] "GET /simple/function.php?action=view&dir=%2Fhome%2Finsiaiqb%2F.cagefs%2Fopt%2Falt%2Fphp80%2Fvar%2Flib%2Fphp%2Fsession&item=sess_l928899eoqrrkmkqfep5qlcp6r HTTP/1.1" 200 110118 "-" "Mozilla/5.0 AppleWebKit/537.36 (KHTML, like Gecko; compatible; ClaudeBot/1.0; +claudebot@anthropic.com)"
136.243.220.210 - - [29/Nov/2024:07:19:45 -0500] "GET /product/pzf17/38656?keyword=bench HTTP/1.1" 404 1251 "-" "Mozilla/5.0 (compatible; DataForSeoBot/1.0; +https://dataforseo.com/dataforseo-bot)"
3.142.54.136 - - [29/Nov/2024:07:19:45 -0500] "GET /simple/function.php?action=rename&dir=%2Fhome%2Finsiaiqb%2F.cagefs%2Fopt%2Falt%2Fphp80%2Fvar%2Flib%2Fphp%2Fsession&item=sess_700c4r4co76dtu57d69gmtnj4u HTTP/1.1" 200 110397 "-" "Mozilla/5.0 AppleWebKit/537.36 (KHTML, like Gecko; compatible; ClaudeBot/1.0; +claudebot@anthropic.com)"
18.223.237.218 - - [29/Nov/2024:07:19:46 -0500] "GET /simple/function.php?action=chmod&dir=%2F%2Fusr%2Fshare%2Fvim%2Fvim80%2Findent&item=ada.vim HTTP/1.1" 200 8075 "-" "Mozilla/5.0 AppleWebKit/537.36 (KHTML, like Gecko; compatible; ClaudeBot/1.0; +claudebot@anthropic.com)"
18.117.232.215 - - [29/Nov/2024:07:19:46 -0500] "GET /simple/function.php?action=chmod&dir=%2Fhome%2Finsiaiqb%2F.cagefs%2Fopt%2Falt%2Fphp80%2Fvar%2Flib%2Fphp%2Fsession&item=sess_r2o38cctmf2v5l37n42f689v5f HTTP/1.1" 200 111535 "-" "Mozilla/5.0 AppleWebKit/537.36 (KHTML, like Gecko; compatible; ClaudeBot/1.0; +claudebot@anthropic.com)"
18.223.43.106 - - [29/Nov/2024:07:19:47 -0500] "GET /simple/function.php?action=view&dir=%2Fhome%2Finsiaiqb%2F.cagefs%2Fopt%2Falt%2Fphp80%2Fvar%2Flib%2Fphp%2Fsession&item=sess_1c1fb0936hif6u5tqqfh4adamh HTTP/1.1" 200 104385 "-" "Mozilla/5.0 AppleWebKit/537.36 (KHTML, like Gecko; compatible; ClaudeBot/1.0; +claudebot@anthropic.com)"
50.19.79.213 - - [29/Nov/2024:07:19:47 -0500] "GET /simple/function.php?action=chmod&dir=//opt/alt/php80/var/lib/php/session&item=sess_0eli2g51btp6mul68lve43qcbn HTTP/1.1" 200 130090 "-" "Mozilla/5.0 (Macintosh; Intel Mac OS X 10_10_1) AppleWebKit/600.2.5 (KHTML, like Gecko) Version/8.0.2 Safari/600.2.5 (Amazonbot/0.1; +https://developer.amazon.com/support/amazonbot)"
3.23.101.60 - - [29/Nov/2024:07:19:47 -0500] "GET /simple/function.php?action=chmod&dir=%2Fhome%2Finsiaiqb%2F.cagefs%2Fopt%2Falt%2Fphp80%2Fvar%2Flib%2Fphp%2Fsession&item=sess_tppkrladiafrln071caj50re8p HTTP/1.1" 200 106713 "-" "Mozilla/5.0 AppleWebKit/537.36 (KHTML, like Gecko; compatible; ClaudeBot/1.0; +claudebot@anthropic.com)"
3.129.63.252 - - [29/Nov/2024:07:19:47 -0500] "GET /simple/function.php?action=chmod&dir=%2F%2Fproc%2Fthread-self%2Froot%2Fproc&item=2119683 HTTP/1.1" 200 5440 "-" "Mozilla/5.0 AppleWebKit/537.36 (KHTML, like Gecko; compatible; ClaudeBot/1.0; +claudebot@anthropic.com)"
3.14.246.52 - - [29/Nov/2024:07:19:46 -0500] "GET /simple/function.php?action=edit&dir=%2F%2Fusr%2Fshare%2Fvim%2Fvim80%2Fsyntax&item=treetop.vim HTTP/1.1" 200 28976 "-" "Mozilla/5.0 AppleWebKit/537.36 (KHTML, like Gecko; compatible; ClaudeBot/1.0; +claudebot@anthropic.com)"
3.137.180.62 - - [29/Nov/2024:07:19:47 -0500] "GET /simple/function.php?action=chmod&dir=%2Fhome%2Finsiaiqb%2F.cagefs%2Fopt%2Falt%2Fphp80%2Fvar%2Flib%2Fphp%2Fsession&item=sess_iagp0nhmgsehkk2ielrnn0t8lf HTTP/1.1" 200 106405 "-" "Mozilla/5.0 AppleWebKit/537.36 (KHTML, like Gecko; compatible; ClaudeBot/1.0; +claudebot@anthropic.com)"
3.147.65.47 - - [29/Nov/2024:07:19:47 -0500] "GET /simple/function.php?action=chmod&dir=%2Fhome%2Finsiaiqb%2F.cagefs%2Fopt%2Falt%2Fphp80%2Fvar%2Flib%2Fphp%2Fsession&item=sess_kes6ubf6k400rmr22ntq5lphmf HTTP/1.1" 200 106564 "-" "Mozilla/5.0 AppleWebKit/537.36 (KHTML, like Gecko; compatible; ClaudeBot/1.0; +claudebot@anthropic.com)"
3.17.166.157 - - [29/Nov/2024:07:19:47 -0500] "GET /simple/function.php?action=edit&dir=%2F%2Fopt%2Fcloudlinux%2Falt-php81%2Froot%2Fusr%2Fshare%2Fdoc%2Falt-php81-ioncube-loader&item=loader-wizard.php HTTP/1.1" 200 48261 "-" "Mozilla/5.0 AppleWebKit/537.36 (KHTML, like Gecko; compatible; ClaudeBot/1.0; +claudebot@anthropic.com)"
18.218.71.21 - - [29/Nov/2024:07:19:47 -0500] "GET /simple/function.php?action=rename&dir=%2F%2Fproc%2Fthread-self%2Froot%2Fproc&item=1959488 HTTP/1.1" 200 5562 "-" "Mozilla/5.0 AppleWebKit/537.36 (KHTML, like Gecko; compatible; ClaudeBot/1.0; +claudebot@anthropic.com)"
3.15.239.50 - - [29/Nov/2024:07:19:47 -0500] "GET /simple/function.php?action=chmod&dir=%2Fhome%2Finsiaiqb%2F.cagefs%2Fopt%2Falt%2Fphp80%2Fvar%2Flib%2Fphp%2Fsession&item=sess_p48cmk9hfr2d32gg2phnn0ekoa HTTP/1.1" 200 113821 "-" "Mozilla/5.0 AppleWebKit/537.36 (KHTML, like Gecko; compatible; ClaudeBot/1.0; +claudebot@anthropic.com)"
3.140.185.194 - - [29/Nov/2024:07:19:47 -0500] "GET /simple/function.php?action=chmod&dir=%2Fhome%2Finsiaiqb%2F.cagefs%2Fopt%2Falt%2Fphp80%2Fvar%2Flib%2Fphp%2Fsession&item=sess_4te40iid8lr9dv61m37g47qv1l HTTP/1.1" 200 107073 "-" "Mozilla/5.0 AppleWebKit/537.36 (KHTML, like Gecko; compatible; ClaudeBot/1.0; +claudebot@anthropic.com)"
18.117.166.52 - - [29/Nov/2024:07:19:48 -0500] "GET /simple/function.php?action=chmod&dir=%2F%2Fopt%2Falt%2Flibicu%2Fusr%2Fshare%2Fdoc%2Falt-libicu-devel%2Fsamples%2Fciter&item=citer.vcxproj HTTP/1.1" 200 2941 "-" "Mozilla/5.0 AppleWebKit/537.36 (KHTML, like Gecko; compatible; ClaudeBot/1.0; +claudebot@anthropic.com)"
18.225.254.81 - - [29/Nov/2024:07:19:48 -0500] "GET /simple/function.php?action=chmod&dir=%2F%2Fproc%2Fself%2Froot%2Fproc&item=1733342 HTTP/1.1" 200 5428 "-" "Mozilla/5.0 AppleWebKit/537.36 (KHTML, like Gecko; compatible; ClaudeBot/1.0; +claudebot@anthropic.com)"
18.116.89.8 - - [29/Nov/2024:07:19:48 -0500] "GET /simple/function.php?action=view&dir=%2Fhome%2Finsiaiqb%2F.cagefs%2Fopt%2Falt%2Fphp80%2Fvar%2Flib%2Fphp%2Fsession&item=sess_cen24nq3nbpll08th03tk48aj5 HTTP/1.1" 200 107789 "-" "Mozilla/5.0 AppleWebKit/537.36 (KHTML, like Gecko; compatible; ClaudeBot/1.0; +claudebot@anthropic.com)"
3.147.205.19 - - [29/Nov/2024:07:19:48 -0500] "GET /simple/function.php?action=view&dir=%2Fhome%2Finsiaiqb%2F.cagefs%2Fopt%2Falt%2Fphp80%2Fvar%2Flib%2Fphp%2Fsession&item=sess_gi3cg2li06mbc89sdqbg5fp3ik HTTP/1.1" 200 112780 "-" "Mozilla/5.0 AppleWebKit/537.36 (KHTML, like Gecko; compatible; ClaudeBot/1.0; +claudebot@anthropic.com)"
3.128.31.76 - - [29/Nov/2024:07:19:48 -0500] "GET /simple/function.php?action=chmod&dir=%2F%2Fproc%2Fthread-self%2Froot%2Flib64&item=libnfsidmap.so.1.0.0 HTTP/1.1" 200 76567 "-" "Mozilla/5.0 AppleWebKit/537.36 (KHTML, like Gecko; compatible; ClaudeBot/1.0; +claudebot@anthropic.com)"
18.223.237.218 - - [29/Nov/2024:07:19:49 -0500] "GET /simple/function.php?action=edit&dir=%2F%2Fusr%2Fshare%2Fvim%2Fvim80%2Findent&item=haml.vim HTTP/1.1" 200 9121 "-" "Mozilla/5.0 AppleWebKit/537.36 (KHTML, like Gecko; compatible; ClaudeBot/1.0; +claudebot@anthropic.com)"
18.117.232.215 - - [29/Nov/2024:07:19:49 -0500] "GET /simple/function.php?action=chmod&dir=%2Fhome%2Finsiaiqb%2F.cagefs%2Fopt%2Falt%2Fphp80%2Fvar%2Flib%2Fphp%2Fsession&item=sess_a55tkf5f215u4mtp4khlrc49dt HTTP/1.1" 200 110351 "-" "Mozilla/5.0 AppleWebKit/537.36 (KHTML, like Gecko; compatible; ClaudeBot/1.0; +claudebot@anthropic.com)"
136.243.220.210 - - [29/Nov/2024:07:19:50 -0500] "GET /product/wqn66/23974?keyword=host HTTP/1.1" 404 1251 "-" "Mozilla/5.0 (compatible; DataForSeoBot/1.0; +https://dataforseo.com/dataforseo-bot)"
3.23.101.60 - - [29/Nov/2024:07:19:50 -0500] "GET /simple/function.php?action=rename&dir=%2Fhome%2Finsiaiqb%2F.cagefs%2Fopt%2Falt%2Fphp80%2Fvar%2Flib%2Fphp%2Fsession&item=sess_2m6s9lolfspv10d44n4j5m9sk5 HTTP/1.1" 200 109964 "-" "Mozilla/5.0 AppleWebKit/537.36 (KHTML, like Gecko; compatible; ClaudeBot/1.0; +claudebot@anthropic.com)"
18.218.71.21 - - [29/Nov/2024:07:19:50 -0500] "GET /simple/function.php?action=view&dir=%2F%2Fproc%2Fsys%2Fkernel%2Fseccomp&item=actions_avail HTTP/1.1" 200 2695 "-" "Mozilla/5.0 AppleWebKit/537.36 (KHTML, like Gecko; compatible; ClaudeBot/1.0; +claudebot@anthropic.com)"
3.147.65.47 - - [29/Nov/2024:07:19:50 -0500] "GET /simple/function.php?action=chmod&dir=%2Fhome%2Finsiaiqb%2F.cagefs%2Fopt%2Falt%2Fphp80%2Fvar%2Flib%2Fphp%2Fsession&item=sess_i73r76gmhgh1qp76g4kcbbtihv HTTP/1.1" 200 106239 "-" "Mozilla/5.0 AppleWebKit/537.36 (KHTML, like Gecko; compatible; ClaudeBot/1.0; +claudebot@anthropic.com)"
3.137.180.62 - - [29/Nov/2024:07:19:50 -0500] "GET /simple/function.php?action=chmod&dir=%2Fhome%2Finsiaiqb%2F.cagefs%2Fopt%2Falt%2Fphp80%2Fvar%2Flib%2Fphp%2Fsession&item=sess_0so2es3881ifhh04jamc4q864l HTTP/1.1" 200 104799 "-" "Mozilla/5.0 AppleWebKit/537.36 (KHTML, like Gecko; compatible; ClaudeBot/1.0; +claudebot@anthropic.com)"
3.145.95.233 - - [29/Nov/2024:07:19:50 -0500] "GET /simple/function.php?action=chmod&dir=%2Fhome%2Finsiaiqb%2F.cagefs%2Fopt%2Falt%2Fphp80%2Fvar%2Flib%2Fphp%2Fsession&item=sess_57kvu021sp5ardckjprufj9lqb HTTP/1.1" 200 110665 "-" "Mozilla/5.0 AppleWebKit/537.36 (KHTML, like Gecko; compatible; ClaudeBot/1.0; +claudebot@anthropic.com)"
3.15.239.50 - - [29/Nov/2024:07:19:50 -0500] "GET /simple/function.php?action=rename&dir=%2Fhome%2Finsiaiqb%2F.cagefs%2Fopt%2Falt%2Fphp80%2Fvar%2Flib%2Fphp%2Fsession&item=sess_otnuqham0lb1orcrl9d5sv0trp HTTP/1.1" 200 114934 "-" "Mozilla/5.0 AppleWebKit/537.36 (KHTML, like Gecko; compatible; ClaudeBot/1.0; +claudebot@anthropic.com)"
13.59.112.169 - - [29/Nov/2024:07:19:50 -0500] "GET /simple/function.php?dir=%2F%2Fproc%2F2148444 HTTP/1.1" 200 2123 "-" "Mozilla/5.0 AppleWebKit/537.36 (KHTML, like Gecko; compatible; ClaudeBot/1.0; +claudebot@anthropic.com)"
3.140.185.194 - - [29/Nov/2024:07:19:50 -0500] "GET /simple/function.php?action=chmod&dir=%2Fhome%2Finsiaiqb%2F.cagefs%2Fopt%2Falt%2Fphp80%2Fvar%2Flib%2Fphp%2Fsession&item=sess_7839s1gbktr1pl9t69grrnc004 HTTP/1.1" 200 114019 "-" "Mozilla/5.0 AppleWebKit/537.36 (KHTML, like Gecko; compatible; ClaudeBot/1.0; +claudebot@anthropic.com)"
3.14.246.52 - - [29/Nov/2024:07:19:48 -0500] "GET /simple/function.php?action=rename&dir=%2F%2Fusr%2Fshare%2Fvim%2Fvim80%2Fsyntax&item=eterm.vim HTTP/1.1" 200 27980 "-" "Mozilla/5.0 AppleWebKit/537.36 (KHTML, like Gecko; compatible; ClaudeBot/1.0; +claudebot@anthropic.com)"
3.149.250.19 - - [29/Nov/2024:07:19:50 -0500] "GET /simple/function.php?action=edit&dir=%2Fhome%2Finsiaiqb%2F.cagefs%2Fopt%2Falt%2Fphp80%2Fvar%2Flib%2Fphp%2Fsession&item=sess_vl8ai325vkpsdqvbrhnti0rhpe HTTP/1.1" 200 107533 "-" "Mozilla/5.0 AppleWebKit/537.36 (KHTML, like Gecko; compatible; ClaudeBot/1.0; +claudebot@anthropic.com)"
18.225.254.81 - - [29/Nov/2024:07:19:51 -0500] "GET /simple/function.php?action=chmod&dir=%2F%2Fproc%2Fthread-self%2Froot%2Fproc&item=1729580 HTTP/1.1" 200 5615 "-" "Mozilla/5.0 AppleWebKit/537.36 (KHTML, like Gecko; compatible; ClaudeBot/1.0; +claudebot@anthropic.com)"
18.117.166.52 - - [29/Nov/2024:07:19:51 -0500] "GET /simple/function.php?action=rename&dir=%2Fhome%2Finsiaiqb%2F.cagefs%2Fopt%2Falt%2Fphp80%2Fvar%2Flib%2Fphp%2Fsession&item=sess_a3caje7i49v99t2fr0vnqp4kd4 HTTP/1.1" 200 109004 "-" "Mozilla/5.0 AppleWebKit/537.36 (KHTML, like Gecko; compatible; ClaudeBot/1.0; +claudebot@anthropic.com)"
18.116.89.8 - - [29/Nov/2024:07:19:51 -0500] "GET /simple/function.php?action=view&dir=%2Fhome%2Finsiaiqb%2F.cagefs%2Fopt%2Falt%2Fphp80%2Fvar%2Flib%2Fphp%2Fsession&item=sess_dkrbtv92tp1mvk9oqs1mgrqkhd HTTP/1.1" 200 112224 "-" "Mozilla/5.0 AppleWebKit/537.36 (KHTML, like Gecko; compatible; ClaudeBot/1.0; +claudebot@anthropic.com)"
44.213.36.21 - - [29/Nov/2024:07:19:51 -0500] "GET /simple/function.php?action=chmod&dir=//opt/alt/php80/var/lib/php/session&item=sess_0cdh57a1vdaffiiu2dkm9du4v8 HTTP/1.1" 200 131745 "-" "Mozilla/5.0 (Macintosh; Intel Mac OS X 10_10_1) AppleWebKit/600.2.5 (KHTML, like Gecko) Version/8.0.2 Safari/600.2.5 (Amazonbot/0.1; +https://developer.amazon.com/support/amazonbot)"
3.147.205.19 - - [29/Nov/2024:07:19:51 -0500] "GET /simple/function.php?action=view&dir=%2Fhome%2Finsiaiqb%2F.cagefs%2Fopt%2Falt%2Fphp80%2Fvar%2Flib%2Fphp%2Fsession&item=sess_4t3vlih5ac0gptt9v57r4l1lol HTTP/1.1" 200 102942 "-" "Mozilla/5.0 AppleWebKit/537.36 (KHTML, like Gecko; compatible; ClaudeBot/1.0; +claudebot@anthropic.com)"
3.128.31.76 - - [29/Nov/2024:07:19:51 -0500] "GET /simple/function.php?action=chmod&dir=%2F%2Fproc%2Fthread-self%2Froot%2Flib64&item=.libcrypto.so.10.hmac HTTP/1.1" 200 75682 "-" "Mozilla/5.0 AppleWebKit/537.36 (KHTML, like Gecko; compatible; ClaudeBot/1.0; +claudebot@anthropic.com)"
3.14.246.52 - - [29/Nov/2024:07:19:51 -0500] "GET /simple/function.php?action=edit&dir=%2Fhome%2Finsiaiqb%2F.cagefs%2Fopt%2Falt%2Fphp80%2Fvar%2Flib%2Fphp%2Fsession&item=sess_sq3u5jjc6ak6g2ph5od5dosiht HTTP/1.1" 200 109008 "-" "Mozilla/5.0 AppleWebKit/537.36 (KHTML, like Gecko; compatible; ClaudeBot/1.0; +claudebot@anthropic.com)"
18.223.237.218 - - [29/Nov/2024:07:19:51 -0500] "GET /simple/function.php?action=chmod&dir=%2F%2Fopt%2Fhc_python%2Flib64%2Fpython3.8%2Fsite-packages&item=mysqlx HTTP/1.1" 200 6621 "-" "Mozilla/5.0 AppleWebKit/537.36 (KHTML, like Gecko; compatible; ClaudeBot/1.0; +claudebot@anthropic.com)"
18.117.232.215 - - [29/Nov/2024:07:19:52 -0500] "GET /simple/function.php?action=rename&dir=%2Fhome%2Finsiaiqb%2F.cagefs%2Fopt%2Falt%2Fphp80%2Fvar%2Flib%2Fphp%2Fsession&item=sess_t36gnfb4aquhmgjriocis22l05 HTTP/1.1" 200 111817 "-" "Mozilla/5.0 AppleWebKit/537.36 (KHTML, like Gecko; compatible; ClaudeBot/1.0; +claudebot@anthropic.com)"
3.23.101.60 - - [29/Nov/2024:07:19:52 -0500] "GET /simple/function.php?action=rename&dir=%2Fhome%2Finsiaiqb%2F.cagefs%2Fopt%2Falt%2Fphp80%2Fvar%2Flib%2Fphp%2Fsession&item=sess_oo35pjmjcpq6t8ortdl6j69due HTTP/1.1" 200 110388 "-" "Mozilla/5.0 AppleWebKit/537.36 (KHTML, like Gecko; compatible; ClaudeBot/1.0; +claudebot@anthropic.com)"
3.147.65.47 - - [29/Nov/2024:07:19:53 -0500] "GET /simple/function.php?action=chmod&dir=%2Fhome%2Finsiaiqb%2F.cagefs%2Fopt%2Falt%2Fphp80%2Fvar%2Flib%2Fphp%2Fsession&item=sess_gen44g1frgru2k11n4s3vi0b62 HTTP/1.1" 200 107464 "-" "Mozilla/5.0 AppleWebKit/537.36 (KHTML, like Gecko; compatible; ClaudeBot/1.0; +claudebot@anthropic.com)"
18.223.158.132 - - [29/Nov/2024:07:19:53 -0500] "GET /simple/function.php?dir=%2F%2Fproc%2Fself%2Froot%2Fproc%2F1980996 HTTP/1.1" 200 2158 "-" "Mozilla/5.0 AppleWebKit/537.36 (KHTML, like Gecko; compatible; ClaudeBot/1.0; +claudebot@anthropic.com)"
3.137.180.62 - - [29/Nov/2024:07:19:53 -0500] "GET /simple/function.php?action=chmod&dir=%2Fhome%2Finsiaiqb%2F.cagefs%2Fopt%2Falt%2Fphp80%2Fvar%2Flib%2Fphp%2Fsession&item=sess_0ienajfq648vjftp46ffaqaka8 HTTP/1.1" 200 106859 "-" "Mozilla/5.0 AppleWebKit/537.36 (KHTML, like Gecko; compatible; ClaudeBot/1.0; +claudebot@anthropic.com)"
13.59.112.169 - - [29/Nov/2024:07:19:53 -0500] "GET /simple/function.php?action=edit&dir=%2Fhome%2Finsiaiqb%2F.cagefs%2Fopt%2Falt%2Fphp80%2Fvar%2Flib%2Fphp%2Fsession&item=sess_b70jhrkpv7e32227ufc26o91mc HTTP/1.1" 200 105277 "-" "Mozilla/5.0 AppleWebKit/537.36 (KHTML, like Gecko; compatible; ClaudeBot/1.0; +claudebot@anthropic.com)"
136.243.220.210 - - [29/Nov/2024:07:19:53 -0500] "GET /product/sinpt175/41007?keyword=explicit HTTP/1.1" 404 1251 "-" "Mozilla/5.0 (compatible; DataForSeoBot/1.0; +https://dataforseo.com/dataforseo-bot)"
