18.118.162.8 - - [29/Nov/2024:07:10:54 -0500] "GET /simple/function.php?action=edit&dir=%2F%2Fopt%2Fimunify360%2Fvenv%2Flib64%2Fpython3.11%2Fsite-packages%2FCrypto%2FHash&item=SHA224.pyi HTTP/1.1" 200 5984 "-" "Mozilla/5.0 AppleWebKit/537.36 (KHTML, like Gecko; compatible; ClaudeBot/1.0; +claudebot@anthropic.com)"
18.224.63.123 - - [29/Nov/2024:07:10:54 -0500] "GET /simple/function.php?action=rename&dir=%2F%2Fusr%2Flib%2F.build-id%2F53&item=f8dfae4a9ac79e2becec15072a7fa74191eac4 HTTP/1.1" 200 3885 "-" "Mozilla/5.0 AppleWebKit/537.36 (KHTML, like Gecko; compatible; ClaudeBot/1.0; +claudebot@anthropic.com)"
3.139.67.228 - - [29/Nov/2024:07:10:54 -0500] "GET /simple/function.php?dir=%2F%2Fproc%2Fself%2Froot%2Fproc%2Fthread-self%2Froot%2Fproc%2F1919845 HTTP/1.1" 200 2190 "-" "Mozilla/5.0 AppleWebKit/537.36 (KHTML, like Gecko; compatible; ClaudeBot/1.0; +claudebot@anthropic.com)"
136.243.220.210 - - [29/Nov/2024:07:10:54 -0500] "GET /product/adit21/17572?keyword=acceptable HTTP/1.1" 404 1251 "-" "Mozilla/5.0 (compatible; DataForSeoBot/1.0; +https://dataforseo.com/dataforseo-bot)"
18.222.98.29 - - [29/Nov/2024:07:10:55 -0500] "GET /simple/function.php?action=chmod&dir=%2F%2Fopt%2Falt%2Fpython27%2Fbin&item=easy_install HTTP/1.1" 200 3367 "-" "Mozilla/5.0 AppleWebKit/537.36 (KHTML, like Gecko; compatible; ClaudeBot/1.0; +claudebot@anthropic.com)"
3.149.24.192 - - [29/Nov/2024:07:10:55 -0500] "GET /simple/function.php?action=edit&dir=%2Fhome%2Finsiaiqb%2F.cagefs%2Fopt%2Falt%2Fphp80%2Fvar%2Flib%2Fphp%2Fsession&item=sess_qta3fp1l20isenq2iu554jtkfr HTTP/1.1" 200 158220 "-" "Mozilla/5.0 AppleWebKit/537.36 (KHTML, like Gecko; compatible; ClaudeBot/1.0; +claudebot@anthropic.com)"
18.119.122.140 - - [29/Nov/2024:07:10:55 -0500] "GET /simple/function.php?dir=%2F%2Fopt%2Falt%2Fpython34%2Flib64%2Fpython3.4%2Flogging HTTP/1.1" 200 2771 "-" "Mozilla/5.0 AppleWebKit/537.36 (KHTML, like Gecko; compatible; ClaudeBot/1.0; +claudebot@anthropic.com)"
100.29.160.53 - - [29/Nov/2024:07:10:55 -0500] "GET /simple/function.php?action=chmod&dir=//opt/alt/php80/var/lib/php/session&item=sess_ag8g3qq6112qg2ogbi9eqlobb8 HTTP/1.1" 200 201846 "-" "Mozilla/5.0 (Macintosh; Intel Mac OS X 10_10_1) AppleWebKit/600.2.5 (KHTML, like Gecko) Version/8.0.2 Safari/600.2.5 (Amazonbot/0.1; +https://developer.amazon.com/support/amazonbot)"
18.191.165.192 - - [29/Nov/2024:07:10:55 -0500] "GET /simple/function.php?action=view&dir=%2F%2Fproc%2Fthread-self%2Froot%2Flib64&item=libidn.so HTTP/1.1" 200 75752 "-" "Mozilla/5.0 AppleWebKit/537.36 (KHTML, like Gecko; compatible; ClaudeBot/1.0; +claudebot@anthropic.com)"
18.191.129.241 - - [29/Nov/2024:07:10:55 -0500] "GET /simple/function.php?action=rename&dir=%2Fhome%2Finsiaiqb%2F.cagefs%2Fopt%2Falt%2Fphp80%2Fvar%2Flib%2Fphp%2Fsession&item=sess_6bb67em9pmuo8qesqf2kb187to HTTP/1.1" 200 154311 "-" "Mozilla/5.0 AppleWebKit/537.36 (KHTML, like Gecko; compatible; ClaudeBot/1.0; +claudebot@anthropic.com)"
3.131.13.24 - - [29/Nov/2024:07:10:56 -0500] "GET /simple/function.php?action=chmod&dir=%2F%2Fopt%2Falt%2Fphp82%2Fusr%2Finclude%2Fphp%2Fext%2Fswoole&item=config.h HTTP/1.1" 200 2859 "-" "Mozilla/5.0 AppleWebKit/537.36 (KHTML, like Gecko; compatible; ClaudeBot/1.0; +claudebot@anthropic.com)"
3.15.239.145 - - [29/Nov/2024:07:10:56 -0500] "GET /simple/function.php?action=view&dir=%2Fhome%2Finsiaiqb%2F.cagefs%2Fopt%2Falt%2Fphp80%2Fvar%2Flib%2Fphp%2Fsession&item=sess_vestqvfgb7lsd9lkcthbksnvhm HTTP/1.1" 200 146420 "-" "Mozilla/5.0 AppleWebKit/537.36 (KHTML, like Gecko; compatible; ClaudeBot/1.0; +claudebot@anthropic.com)"
3.147.73.85 - - [29/Nov/2024:07:10:56 -0500] "GET /simple/function.php?action=chmod&dir=%2Fhome%2Finsiaiqb%2F.cagefs%2Fopt%2Falt%2Fphp80%2Fvar%2Flib%2Fphp%2Fsession&item=sess_97pc8ka2vr7r81l332j3msmap4 HTTP/1.1" 200 149221 "-" "Mozilla/5.0 AppleWebKit/537.36 (KHTML, like Gecko; compatible; ClaudeBot/1.0; +claudebot@anthropic.com)"
3.137.159.17 - - [29/Nov/2024:07:10:56 -0500] "GET /simple/function.php?action=rename&dir=%2F%2Fproc&item=1842581 HTTP/1.1" 200 5325 "-" "Mozilla/5.0 AppleWebKit/537.36 (KHTML, like Gecko; compatible; ClaudeBot/1.0; +claudebot@anthropic.com)"
3.138.122.90 - - [29/Nov/2024:07:10:56 -0500] "GET /simple/function.php?action=rename&dir=%2Fhome%2Finsiaiqb%2F.cagefs%2Fopt%2Falt%2Fphp80%2Fvar%2Flib%2Fphp%2Fsession&item=sess_ev9srnrcfrmug3u85ul6ljrj70 HTTP/1.1" 200 158849 "-" "Mozilla/5.0 AppleWebKit/537.36 (KHTML, like Gecko; compatible; ClaudeBot/1.0; +claudebot@anthropic.com)"
18.188.68.115 - - [29/Nov/2024:07:10:57 -0500] "GET /simple/function.php?dir=%2F%2Fproc%2Fthread-self%2Froot%2Fproc%2F1884670 HTTP/1.1" 200 2168 "-" "Mozilla/5.0 AppleWebKit/537.36 (KHTML, like Gecko; compatible; ClaudeBot/1.0; +claudebot@anthropic.com)"
3.139.67.228 - - [29/Nov/2024:07:10:57 -0500] "GET /simple/function.php?action=edit&dir=%2F%2Flib%2Fdracut%2Fmodules.d%2F06rngd&item=module-setup.sh HTTP/1.1" 200 3440 "-" "Mozilla/5.0 AppleWebKit/537.36 (KHTML, like Gecko; compatible; ClaudeBot/1.0; +claudebot@anthropic.com)"
18.224.63.123 - - [29/Nov/2024:07:10:57 -0500] "GET /simple/function.php?action=view&dir=%2Fhome%2Finsiaiqb%2F.cagefs%2Fopt%2Falt%2Fphp80%2Fvar%2Flib%2Fphp%2Fsession&item=sess_n537hg3ibrv7ck5nua7iq2llc0 HTTP/1.1" 200 157977 "-" "Mozilla/5.0 AppleWebKit/537.36 (KHTML, like Gecko; compatible; ClaudeBot/1.0; +claudebot@anthropic.com)"
18.222.98.29 - - [29/Nov/2024:07:10:57 -0500] "GET /simple/function.php?action=chmod&dir=%2F%2Fusr%2Finclude%2FX11%2Fextensions&item=agproto.h HTTP/1.1" 200 6363 "-" "Mozilla/5.0 AppleWebKit/537.36 (KHTML, like Gecko; compatible; ClaudeBot/1.0; +claudebot@anthropic.com)"
18.119.122.140 - - [29/Nov/2024:07:10:58 -0500] "GET /simple/function.php?action=rename&dir=%2F%2Fproc%2Fthread-self%2Froot%2Fproc&item=1876934 HTTP/1.1" 200 5519 "-" "Mozilla/5.0 AppleWebKit/537.36 (KHTML, like Gecko; compatible; ClaudeBot/1.0; +claudebot@anthropic.com)"
3.149.24.192 - - [29/Nov/2024:07:10:58 -0500] "GET /simple/function.php?action=edit&dir=%2Fhome%2Finsiaiqb%2F.cagefs%2Fopt%2Falt%2Fphp80%2Fvar%2Flib%2Fphp%2Fsession&item=sess_of0me3va30q32325u28bfjs27m HTTP/1.1" 200 155616 "-" "Mozilla/5.0 AppleWebKit/537.36 (KHTML, like Gecko; compatible; ClaudeBot/1.0; +claudebot@anthropic.com)"
18.191.165.192 - - [29/Nov/2024:07:10:58 -0500] "GET /simple/function.php?action=edit&dir=%2F%2Fproc%2Fthread-self%2Froot%2Flib64&item=libevent.so HTTP/1.1" 200 74655 "-" "Mozilla/5.0 AppleWebKit/537.36 (KHTML, like Gecko; compatible; ClaudeBot/1.0; +claudebot@anthropic.com)"
18.191.129.241 - - [29/Nov/2024:07:10:58 -0500] "GET /simple/function.php?action=rename&dir=%2Fhome%2Finsiaiqb%2F.cagefs%2Fopt%2Falt%2Fphp80%2Fvar%2Flib%2Fphp%2Fsession&item=sess_vokadihmm85mhe8b50en6jb0rb HTTP/1.1" 200 151604 "-" "Mozilla/5.0 AppleWebKit/537.36 (KHTML, like Gecko; compatible; ClaudeBot/1.0; +claudebot@anthropic.com)"
18.224.56.127 - - [29/Nov/2024:07:10:58 -0500] "GET /simple/function.php?action=edit&dir=%2Fhome%2Finsiaiqb%2F.cagefs%2Fopt%2Falt%2Fphp80%2Fvar%2Flib%2Fphp%2Fsession&item=sess_e30ue69dtksdpee66d6erq0fmf HTTP/1.1" 200 154489 "-" "Mozilla/5.0 AppleWebKit/537.36 (KHTML, like Gecko; compatible; ClaudeBot/1.0; +claudebot@anthropic.com)"
136.243.220.210 - - [29/Nov/2024:07:10:59 -0500] "GET /product/aspa275/13964?keyword=need HTTP/1.1" 404 1251 "-" "Mozilla/5.0 (compatible; DataForSeoBot/1.0; +https://dataforseo.com/dataforseo-bot)"
3.137.159.17 - - [29/Nov/2024:07:10:59 -0500] "GET /simple/function.php?dir=%2F%2Fusr%2Fshare%2Flocale%2Fjbo%2FLC_MESSAGES HTTP/1.1" 200 2416 "-" "Mozilla/5.0 AppleWebKit/537.36 (KHTML, like Gecko; compatible; ClaudeBot/1.0; +claudebot@anthropic.com)"
3.15.239.145 - - [29/Nov/2024:07:10:58 -0500] "GET /simple/function.php?action=chmod&dir=%2Fhome%2Finsiaiqb%2F.cagefs%2Fopt%2Falt%2Fphp80%2Fvar%2Flib%2Fphp%2Fsession&item=sess_me3ggor4icq2ukvji04pn62d3j HTTP/1.1" 200 149344 "-" "Mozilla/5.0 AppleWebKit/537.36 (KHTML, like Gecko; compatible; ClaudeBot/1.0; +claudebot@anthropic.com)"
3.147.73.85 - - [29/Nov/2024:07:10:58 -0500] "GET /simple/function.php?action=chmod&dir=%2Fhome%2Finsiaiqb%2F.cagefs%2Fopt%2Falt%2Fphp80%2Fvar%2Flib%2Fphp%2Fsession&item=sess_t7a7asf66eadps7jn6lflufj1n HTTP/1.1" 200 149560 "-" "Mozilla/5.0 AppleWebKit/537.36 (KHTML, like Gecko; compatible; ClaudeBot/1.0; +claudebot@anthropic.com)"
3.131.13.24 - - [29/Nov/2024:07:10:58 -0500] "GET /simple/function.php?action=edit&dir=%2Fhome%2Finsiaiqb%2F.cagefs%2Fopt%2Falt%2Fphp80%2Fvar%2Flib%2Fphp%2Fsession&item=sess_9ids01k209v8krpqeood4jkuvk HTTP/1.1" 200 149249 "-" "Mozilla/5.0 AppleWebKit/537.36 (KHTML, like Gecko; compatible; ClaudeBot/1.0; +claudebot@anthropic.com)"
54.84.147.79 - - [29/Nov/2024:07:10:59 -0500] "GET /simple/function.php?action=rename&dir=//opt/alt/php80/var/lib/php/session&item=sess_ag8g3qq6112qg2ogbi9eqlobb8 HTTP/1.1" 200 199661 "-" "Mozilla/5.0 (Macintosh; Intel Mac OS X 10_10_1) AppleWebKit/600.2.5 (KHTML, like Gecko) Version/8.0.2 Safari/600.2.5 (Amazonbot/0.1; +https://developer.amazon.com/support/amazonbot)"
3.139.234.124 - - [29/Nov/2024:07:10:59 -0500] "GET /simple/function.php?action=chmod&dir=%2F%2Fproc%2Fself%2Froot%2Fproc&item=1875483 HTTP/1.1" 200 5175 "-" "Mozilla/5.0 AppleWebKit/537.36 (KHTML, like Gecko; compatible; ClaudeBot/1.0; +claudebot@anthropic.com)"
18.188.68.115 - - [29/Nov/2024:07:10:59 -0500] "GET /simple/function.php?action=edit&dir=%2F%2Fusr%2Flib%2F.build-id%2F14&item=4f0a593cfe08283d68aa299889ecd0a789fe72 HTTP/1.1" 200 3769 "-" "Mozilla/5.0 AppleWebKit/537.36 (KHTML, like Gecko; compatible; ClaudeBot/1.0; +claudebot@anthropic.com)"
3.139.67.228 - - [29/Nov/2024:07:11:00 -0500] "GET /simple/function.php?action=view&dir=%2Fhome%2Finsiaiqb%2Fpethavenspot.com%2Fwp-includes%2Fblocks%2Fpost-navigation-link&item=style-rtl.min.css HTTP/1.1" 200 3026 "-" "Mozilla/5.0 AppleWebKit/537.36 (KHTML, like Gecko; compatible; ClaudeBot/1.0; +claudebot@anthropic.com)"
18.224.63.123 - - [29/Nov/2024:07:11:00 -0500] "GET /simple/function.php?action=edit&dir=%2Fhome%2Finsiaiqb%2F.cagefs%2Fopt%2Falt%2Fphp80%2Fvar%2Flib%2Fphp%2Fsession&item=sess_ivjk3hddk0uekeikj805dc6i9c HTTP/1.1" 200 155760 "-" "Mozilla/5.0 AppleWebKit/537.36 (KHTML, like Gecko; compatible; ClaudeBot/1.0; +claudebot@anthropic.com)"
18.222.98.29 - - [29/Nov/2024:07:11:00 -0500] "GET /simple/function.php?action=chmod&dir=%2F%2Fusr%2Finclude%2FX11%2Fextensions&item=cupproto.h HTTP/1.1" 200 6360 "-" "Mozilla/5.0 AppleWebKit/537.36 (KHTML, like Gecko; compatible; ClaudeBot/1.0; +claudebot@anthropic.com)"
3.149.24.192 - - [29/Nov/2024:07:11:01 -0500] "GET /simple/function.php?action=view&dir=%2Fhome%2Finsiaiqb%2F.cagefs%2Fopt%2Falt%2Fphp80%2Fvar%2Flib%2Fphp%2Fsession&item=sess_hglmgkh6aukfc4hogu2j7elala HTTP/1.1" 200 152085 "-" "Mozilla/5.0 AppleWebKit/537.36 (KHTML, like Gecko; compatible; ClaudeBot/1.0; +claudebot@anthropic.com)"
18.191.165.192 - - [29/Nov/2024:07:11:01 -0500] "GET /simple/function.php?action=edit&dir=%2F%2Fproc%2Fthread-self%2Froot%2Flib64&item=libjasper.so.4 HTTP/1.1" 200 74393 "-" "Mozilla/5.0 AppleWebKit/537.36 (KHTML, like Gecko; compatible; ClaudeBot/1.0; +claudebot@anthropic.com)"
18.224.56.127 - - [29/Nov/2024:07:11:01 -0500] "GET /simple/function.php?action=chmod&dir=%2Fhome%2Finsiaiqb%2F.cagefs%2Fopt%2Falt%2Fphp80%2Fvar%2Flib%2Fphp%2Fsession&item=sess_o50kip25rs5fq0m4ljfl7ab9dp HTTP/1.1" 200 154131 "-" "Mozilla/5.0 AppleWebKit/537.36 (KHTML, like Gecko; compatible; ClaudeBot/1.0; +claudebot@anthropic.com)"
3.141.29.162 - - [29/Nov/2024:07:11:01 -0500] "GET /simple/function.php?action=rename&dir=%2F%2Fusr%2Finclude%2FX11%2Fextensions&item=XI.h HTTP/1.1" 200 6404 "-" "Mozilla/5.0 AppleWebKit/537.36 (KHTML, like Gecko; compatible; ClaudeBot/1.0; +claudebot@anthropic.com)"
3.137.159.17 - - [29/Nov/2024:07:11:01 -0500] "GET /simple/function.php?action=chmod&dir=%2F%2Flib%2Fgcc%2Fx86_64-redhat-linux%2F8&item=liblsan_preinit.o HTTP/1.1" 200 4117 "-" "Mozilla/5.0 AppleWebKit/537.36 (KHTML, like Gecko; compatible; ClaudeBot/1.0; +claudebot@anthropic.com)"
3.15.239.145 - - [29/Nov/2024:07:11:01 -0500] "GET /simple/function.php?action=chmod&dir=%2Fhome%2Finsiaiqb%2F.cagefs%2Fopt%2Falt%2Fphp80%2Fvar%2Flib%2Fphp%2Fsession&item=sess_bgnsbl4lvce3jj316vtopvjl0r HTTP/1.1" 200 150382 "-" "Mozilla/5.0 AppleWebKit/537.36 (KHTML, like Gecko; compatible; ClaudeBot/1.0; +claudebot@anthropic.com)"
3.147.73.85 - - [29/Nov/2024:07:11:01 -0500] "GET /simple/function.php?action=rename&dir=%2Fhome%2Finsiaiqb%2F.cagefs%2Fopt%2Falt%2Fphp80%2Fvar%2Flib%2Fphp%2Fsession&item=sess_gp8uioskcit5ioro62ec6d1iir HTTP/1.1" 200 147192 "-" "Mozilla/5.0 AppleWebKit/537.36 (KHTML, like Gecko; compatible; ClaudeBot/1.0; +claudebot@anthropic.com)"
3.131.13.24 - - [29/Nov/2024:07:11:01 -0500] "GET /simple/function.php?action=chmod&dir=%2Fhome%2Finsiaiqb%2F.cagefs%2Fopt%2Falt%2Fphp80%2Fvar%2Flib%2Fphp%2Fsession&item=sess_fid7autngmc7iv6b1d0jj21kvl HTTP/1.1" 200 155308 "-" "Mozilla/5.0 AppleWebKit/537.36 (KHTML, like Gecko; compatible; ClaudeBot/1.0; +claudebot@anthropic.com)"
3.139.234.124 - - [29/Nov/2024:07:11:02 -0500] "GET /simple/function.php?action=rename&dir=%2F%2Fproc%2Fself%2Froot%2Fproc%2Fthread-self%2Froot%2Fproc&item=1724313 HTTP/1.1" 200 5269 "-" "Mozilla/5.0 AppleWebKit/537.36 (KHTML, like Gecko; compatible; ClaudeBot/1.0; +claudebot@anthropic.com)"
18.188.68.115 - - [29/Nov/2024:07:11:02 -0500] "GET /simple/function.php?action=chmod&dir=%2F%2Fusr%2Flib%2F.build-id%2F07&item=e8478e185382c798ead889cde88c828cf45451 HTTP/1.1" 200 4220 "-" "Mozilla/5.0 AppleWebKit/537.36 (KHTML, like Gecko; compatible; ClaudeBot/1.0; +claudebot@anthropic.com)"
18.119.122.140 - - [29/Nov/2024:07:11:01 -0500] "GET /simple/function.php?action=edit&dir=%2F%2Fusr%2Fshare%2Fvim%2Fvim80%2Fsyntax&item=upstart.vim HTTP/1.1" 200 29322 "-" "Mozilla/5.0 AppleWebKit/537.36 (KHTML, like Gecko; compatible; ClaudeBot/1.0; +claudebot@anthropic.com)"
136.243.220.210 - - [29/Nov/2024:07:11:03 -0500] "GET /product/naeam276/44408?keyword=eastern HTTP/1.1" 404 1251 "-" "Mozilla/5.0 (compatible; DataForSeoBot/1.0; +https://dataforseo.com/dataforseo-bot)"
18.224.63.123 - - [29/Nov/2024:07:11:03 -0500] "GET /simple/function.php?action=view&dir=%2Fhome%2Finsiaiqb%2F.cagefs%2Fopt%2Falt%2Fphp80%2Fvar%2Flib%2Fphp%2Fsession&item=sess_n3q9c64der6ltrl35edf68dprt HTTP/1.1" 200 149083 "-" "Mozilla/5.0 AppleWebKit/537.36 (KHTML, like Gecko; compatible; ClaudeBot/1.0; +claudebot@anthropic.com)"
3.139.67.228 - - [29/Nov/2024:07:11:03 -0500] "GET /simple/function.php?action=view&dir=%2Fhome%2Finsiaiqb%2F.cagefs%2Fopt%2Falt%2Fphp80%2Fvar%2Flib%2Fphp%2Fsession&item=sess_euvjqvvpvde96daids54g1rhfk HTTP/1.1" 200 150880 "-" "Mozilla/5.0 AppleWebKit/537.36 (KHTML, like Gecko; compatible; ClaudeBot/1.0; +claudebot@anthropic.com)"
50.16.248.61 - - [29/Nov/2024:07:11:03 -0500] "GET /simple/function.php?action=chmod&dir=//opt/alt/php80/var/lib/php/session&item=sess_b3ki5ku85botdd4e4tg9olk9j5 HTTP/1.1" 200 200849 "-" "Mozilla/5.0 (Macintosh; Intel Mac OS X 10_10_1) AppleWebKit/600.2.5 (KHTML, like Gecko) Version/8.0.2 Safari/600.2.5 (Amazonbot/0.1; +https://developer.amazon.com/support/amazonbot)"
18.222.98.29 - - [29/Nov/2024:07:11:03 -0500] "GET /simple/function.php?action=view&dir=%2F%2Fusr%2Flib%2F.build-id%2F9b&item=237fb4ffae886bc21f7f75cf872700fe1f0c90 HTTP/1.1" 200 4219 "-" "Mozilla/5.0 AppleWebKit/537.36 (KHTML, like Gecko; compatible; ClaudeBot/1.0; +claudebot@anthropic.com)"
3.149.24.192 - - [29/Nov/2024:07:11:04 -0500] "GET /simple/function.php?action=view&dir=%2Fhome%2Finsiaiqb%2F.cagefs%2Fopt%2Falt%2Fphp80%2Fvar%2Flib%2Fphp%2Fsession&item=sess_9m9m0hscadivmpbn240edm8s4o HTTP/1.1" 200 158875 "-" "Mozilla/5.0 AppleWebKit/537.36 (KHTML, like Gecko; compatible; ClaudeBot/1.0; +claudebot@anthropic.com)"
3.141.29.162 - - [29/Nov/2024:07:11:04 -0500] "GET /simple/function.php?dir=%2F%2Fproc%2Fself%2Froot%2Fproc%2Fthread-self%2Froot%2Fproc%2F1877818 HTTP/1.1" 200 2190 "-" "Mozilla/5.0 AppleWebKit/537.36 (KHTML, like Gecko; compatible; ClaudeBot/1.0; +claudebot@anthropic.com)"
18.191.165.192 - - [29/Nov/2024:07:11:03 -0500] "GET /simple/function.php?action=rename&dir=%2F%2Fproc%2Fthread-self%2Froot%2Flib64&item=libtinfo.so.5 HTTP/1.1" 200 75432 "-" "Mozilla/5.0 AppleWebKit/537.36 (KHTML, like Gecko; compatible; ClaudeBot/1.0; +claudebot@anthropic.com)"
18.224.56.127 - - [29/Nov/2024:07:11:04 -0500] "GET /simple/function.php?action=chmod&dir=%2Fhome%2Finsiaiqb%2F.cagefs%2Fopt%2Falt%2Fphp80%2Fvar%2Flib%2Fphp%2Fsession&item=sess_sn2dagme5vidioopt8tere03og HTTP/1.1" 200 148834 "-" "Mozilla/5.0 AppleWebKit/537.36 (KHTML, like Gecko; compatible; ClaudeBot/1.0; +claudebot@anthropic.com)"
3.138.105.4 - - [29/Nov/2024:07:11:04 -0500] "GET /simple/function.php?dir=%2F%2Fproc%2Fthread-self%2Froot%2Flib64%2Fplymouth HTTP/1.1" 200 2717 "-" "Mozilla/5.0 AppleWebKit/537.36 (KHTML, like Gecko; compatible; ClaudeBot/1.0; +claudebot@anthropic.com)"
3.15.239.145 - - [29/Nov/2024:07:11:04 -0500] "GET /simple/function.php?action=chmod&dir=%2Fhome%2Finsiaiqb%2F.cagefs%2Fopt%2Falt%2Fphp80%2Fvar%2Flib%2Fphp%2Fsession&item=sess_h03tmjegocddpagrsd357sf0bg HTTP/1.1" 200 155584 "-" "Mozilla/5.0 AppleWebKit/537.36 (KHTML, like Gecko; compatible; ClaudeBot/1.0; +claudebot@anthropic.com)"
3.131.13.24 - - [29/Nov/2024:07:11:04 -0500] "GET /simple/function.php?action=chmod&dir=%2Fhome%2Finsiaiqb%2F.cagefs%2Fopt%2Falt%2Fphp80%2Fvar%2Flib%2Fphp%2Fsession&item=sess_bdn7o7i04goqg2jts3nvn3d5p0 HTTP/1.1" 200 153058 "-" "Mozilla/5.0 AppleWebKit/537.36 (KHTML, like Gecko; compatible; ClaudeBot/1.0; +claudebot@anthropic.com)"
3.145.38.67 - - [29/Nov/2024:07:11:04 -0500] "GET /simple/function.php?action=rename&dir=%2F%2Fproc%2Fthread-self%2Froot%2Flib64&item=pm-utils HTTP/1.1" 200 74478 "-" "Mozilla/5.0 AppleWebKit/537.36 (KHTML, like Gecko; compatible; ClaudeBot/1.0; +claudebot@anthropic.com)"
3.137.159.17 - - [29/Nov/2024:07:11:04 -0500] "GET /simple/function.php?action=chmod&dir=%2Fhome%2Finsiaiqb%2F.cagefs%2Fopt%2Falt%2Fphp80%2Fvar%2Flib%2Fphp%2Fsession&item=sess_2nta1v1v4sud0nsq09e7clboil HTTP/1.1" 200 152539 "-" "Mozilla/5.0 AppleWebKit/537.36 (KHTML, like Gecko; compatible; ClaudeBot/1.0; +claudebot@anthropic.com)"
18.188.68.115 - - [29/Nov/2024:07:11:05 -0500] "GET /simple/function.php?action=rename&dir=%2F%2Fusr%2Flib%2F.build-id%2F07&item=7efe441547bfc4e88a94b29581270b0277190b HTTP/1.1" 200 4257 "-" "Mozilla/5.0 AppleWebKit/537.36 (KHTML, like Gecko; compatible; ClaudeBot/1.0; +claudebot@anthropic.com)"
3.139.234.124 - - [29/Nov/2024:07:11:05 -0500] "GET /simple/function.php?action=edit&dir=%2Fhome%2Finsiaiqb%2F.cagefs%2Fopt%2Falt%2Fphp80%2Fvar%2Flib%2Fphp%2Fsession&item=sess_rvvibsnj0hnqp2udop2rqd22tj HTTP/1.1" 200 150250 "-" "Mozilla/5.0 AppleWebKit/537.36 (KHTML, like Gecko; compatible; ClaudeBot/1.0; +claudebot@anthropic.com)"
18.119.122.140 - - [29/Nov/2024:07:11:04 -0500] "GET /simple/function.php?action=edit&dir=%2F%2Fusr%2Fshare%2Fvim%2Fvim80%2Fsyntax&item=docbkxml.vim HTTP/1.1" 200 28167 "-" "Mozilla/5.0 AppleWebKit/537.36 (KHTML, like Gecko; compatible; ClaudeBot/1.0; +claudebot@anthropic.com)"
18.224.63.123 - - [29/Nov/2024:07:11:05 -0500] "GET /simple/function.php?action=chmod&dir=%2Fhome%2Finsiaiqb%2F.cagefs%2Fopt%2Falt%2Fphp80%2Fvar%2Flib%2Fphp%2Fsession&item=sess_btmsdavpg39objvcrhub52kho1 HTTP/1.1" 200 152058 "-" "Mozilla/5.0 AppleWebKit/537.36 (KHTML, like Gecko; compatible; ClaudeBot/1.0; +claudebot@anthropic.com)"
3.139.67.228 - - [29/Nov/2024:07:11:05 -0500] "GET /simple/function.php?action=edit&dir=%2Fhome%2Finsiaiqb%2F.cagefs%2Fopt%2Falt%2Fphp80%2Fvar%2Flib%2Fphp%2Fsession&item=sess_p0352h71tb8ouqp3m2bkvbg7cm HTTP/1.1" 200 148351 "-" "Mozilla/5.0 AppleWebKit/537.36 (KHTML, like Gecko; compatible; ClaudeBot/1.0; +claudebot@anthropic.com)"
18.222.98.29 - - [29/Nov/2024:07:11:06 -0500] "GET /simple/function.php?action=rename&dir=%2Fhome%2Finsiaiqb%2F.cagefs%2Fopt%2Falt%2Fphp80%2Fvar%2Flib%2Fphp%2Fsession&item=sess_70fbbe72dh1banq5l5n20ontpv HTTP/1.1" 200 159261 "-" "Mozilla/5.0 AppleWebKit/537.36 (KHTML, like Gecko; compatible; ClaudeBot/1.0; +claudebot@anthropic.com)"
3.149.24.192 - - [29/Nov/2024:07:11:06 -0500] "GET /simple/function.php?action=view&dir=%2Fhome%2Finsiaiqb%2F.cagefs%2Fopt%2Falt%2Fphp80%2Fvar%2Flib%2Fphp%2Fsession&item=sess_eouinkhci5qav5hj0o0g2ls7v0 HTTP/1.1" 200 152465 "-" "Mozilla/5.0 AppleWebKit/537.36 (KHTML, like Gecko; compatible; ClaudeBot/1.0; +claudebot@anthropic.com)"
136.243.220.210 - - [29/Nov/2024:07:11:07 -0500] "GET /product/pzl232/41972?keyword=precise HTTP/1.1" 404 1251 "-" "Mozilla/5.0 (compatible; DataForSeoBot/1.0; +https://dataforseo.com/dataforseo-bot)"
18.119.122.140 - - [29/Nov/2024:07:11:07 -0500] "GET /simple/function.php?action=edit&dir=%2F%2Fopt%2Falt%2Fpython34%2Flib64%2Fpython3.4&item=_sitebuiltins.py HTTP/1.1" 200 12842 "-" "Mozilla/5.0 AppleWebKit/537.36 (KHTML, like Gecko; compatible; ClaudeBot/1.0; +claudebot@anthropic.com)"
3.141.29.162 - - [29/Nov/2024:07:11:07 -0500] "GET /simple/function.php?action=edit&dir=%2F%2Fusr%2Flib%2Fpython3.6%2Fsite-packages%2Fisc&item=parsetab.py HTTP/1.1" 200 5513 "-" "Mozilla/5.0 AppleWebKit/537.36 (KHTML, like Gecko; compatible; ClaudeBot/1.0; +claudebot@anthropic.com)"
18.191.165.192 - - [29/Nov/2024:07:11:06 -0500] "GET /simple/function.php?action=view&dir=%2F%2Fproc%2Fthread-self%2Froot%2Flib64&item=libruby.so.2.5.9 HTTP/1.1" 200 75338 "-" "Mozilla/5.0 AppleWebKit/537.36 (KHTML, like Gecko; compatible; ClaudeBot/1.0; +claudebot@anthropic.com)"
18.224.56.127 - - [29/Nov/2024:07:11:07 -0500] "GET /simple/function.php?action=chmod&dir=%2Fhome%2Finsiaiqb%2F.cagefs%2Fopt%2Falt%2Fphp80%2Fvar%2Flib%2Fphp%2Fsession&item=sess_5po40lp24a580cbbn3ije6qup4 HTTP/1.1" 200 153859 "-" "Mozilla/5.0 AppleWebKit/537.36 (KHTML, like Gecko; compatible; ClaudeBot/1.0; +claudebot@anthropic.com)"
3.225.9.97 - - [29/Nov/2024:07:11:07 -0500] "GET /simple/function.php?action=chmod&dir=//opt/alt/php80/var/lib/php/session&item=sess_da64r6kf4ofst6ieob8fa5hbb8 HTTP/1.1" 200 191043 "-" "Mozilla/5.0 (Macintosh; Intel Mac OS X 10_10_1) AppleWebKit/600.2.5 (KHTML, like Gecko) Version/8.0.2 Safari/600.2.5 (Amazonbot/0.1; +https://developer.amazon.com/support/amazonbot)"
3.15.239.145 - - [29/Nov/2024:07:11:07 -0500] "GET /simple/function.php?action=chmod&dir=%2Fhome%2Finsiaiqb%2F.cagefs%2Fopt%2Falt%2Fphp80%2Fvar%2Flib%2Fphp%2Fsession&item=sess_klpsrddi9d8dcf36ilsmpufvip HTTP/1.1" 200 153401 "-" "Mozilla/5.0 AppleWebKit/537.36 (KHTML, like Gecko; compatible; ClaudeBot/1.0; +claudebot@anthropic.com)"
3.145.38.67 - - [29/Nov/2024:07:11:07 -0500] "GET /simple/function.php?action=rename&dir=%2F%2Fproc%2Fthread-self%2Froot%2Flib64&item=libmlx5.so.1 HTTP/1.1" 200 73457 "-" "Mozilla/5.0 AppleWebKit/537.36 (KHTML, like Gecko; compatible; ClaudeBot/1.0; +claudebot@anthropic.com)"
18.224.53.246 - - [29/Nov/2024:07:11:07 -0500] "GET /simple/function.php?dir=%2F%2Fproc%2Fthread-self%2Froot%2Fproc%2F1725500 HTTP/1.1" 200 2166 "-" "Mozilla/5.0 AppleWebKit/537.36 (KHTML, like Gecko; compatible; ClaudeBot/1.0; +claudebot@anthropic.com)"
3.141.32.53 - - [29/Nov/2024:07:11:07 -0500] "GET /simple/function.php?action=view&dir=%2F%2Fopt%2Falt%2Fpython34%2Flib64%2Fpython3.4&item=gettext.py HTTP/1.1" 200 17798 "-" "Mozilla/5.0 AppleWebKit/537.36 (KHTML, like Gecko; compatible; ClaudeBot/1.0; +claudebot@anthropic.com)"
3.138.105.4 - - [29/Nov/2024:07:11:07 -0500] "GET /simple/function.php?action=chmod&dir=%2F%2Fproc%2Fthread-self%2Froot%2Flib64&item=xtables HTTP/1.1" 200 72629 "-" "Mozilla/5.0 AppleWebKit/537.36 (KHTML, like Gecko; compatible; ClaudeBot/1.0; +claudebot@anthropic.com)"
3.139.234.124 - - [29/Nov/2024:07:11:08 -0500] "GET /simple/function.php?action=edit&dir=%2Fhome%2Finsiaiqb%2F.cagefs%2Fopt%2Falt%2Fphp80%2Fvar%2Flib%2Fphp%2Fsession&item=sess_7k8e98i0tlcrgpbtuf0a9a12gj HTTP/1.1" 200 153267 "-" "Mozilla/5.0 AppleWebKit/537.36 (KHTML, like Gecko; compatible; ClaudeBot/1.0; +claudebot@anthropic.com)"
3.17.154.144 - - [29/Nov/2024:07:11:08 -0500] "GET /simple/function.php?dir=%2F%2Fproc%2F1778024 HTTP/1.1" 200 2121 "-" "Mozilla/5.0 AppleWebKit/537.36 (KHTML, like Gecko; compatible; ClaudeBot/1.0; +claudebot@anthropic.com)"
18.224.63.123 - - [29/Nov/2024:07:11:08 -0500] "GET /simple/function.php?action=chmod&dir=%2Fhome%2Finsiaiqb%2F.cagefs%2Fopt%2Falt%2Fphp80%2Fvar%2Flib%2Fphp%2Fsession&item=sess_ubcu750tpkasv4h31k779kctgg HTTP/1.1" 200 158583 "-" "Mozilla/5.0 AppleWebKit/537.36 (KHTML, like Gecko; compatible; ClaudeBot/1.0; +claudebot@anthropic.com)"
3.139.67.228 - - [29/Nov/2024:07:11:08 -0500] "GET /simple/function.php?action=edit&dir=%2Fhome%2Finsiaiqb%2F.cagefs%2Fopt%2Falt%2Fphp80%2Fvar%2Flib%2Fphp%2Fsession&item=sess_ojek3svfb75n31n3no5ofkjffm HTTP/1.1" 200 154605 "-" "Mozilla/5.0 AppleWebKit/537.36 (KHTML, like Gecko; compatible; ClaudeBot/1.0; +claudebot@anthropic.com)"
3.136.236.178 - - [29/Nov/2024:07:11:09 -0500] "GET /simple/function.php?action=rename&dir=%2F%2Fproc%2Fthread-self%2Froot%2Fproc&item=1906042 HTTP/1.1" 200 5350 "-" "Mozilla/5.0 AppleWebKit/537.36 (KHTML, like Gecko; compatible; ClaudeBot/1.0; +claudebot@anthropic.com)"
3.149.24.192 - - [29/Nov/2024:07:11:09 -0500] "GET /simple/function.php?action=edit&dir=%2Fhome%2Finsiaiqb%2F.cagefs%2Fopt%2Falt%2Fphp80%2Fvar%2Flib%2Fphp%2Fsession&item=sess_3v9187pu1r0li5t6ta7uk7km5l HTTP/1.1" 200 157575 "-" "Mozilla/5.0 AppleWebKit/537.36 (KHTML, like Gecko; compatible; ClaudeBot/1.0; +claudebot@anthropic.com)"
3.144.122.20 - - [29/Nov/2024:07:11:10 -0500] "GET /simple/function.php?dir=%2F%2Fproc%2Fself%2Froot%2Fproc%2Fthread-self%2Froot%2Fproc%2F1960546 HTTP/1.1" 200 2190 "-" "Mozilla/5.0 AppleWebKit/537.36 (KHTML, like Gecko; compatible; ClaudeBot/1.0; +claudebot@anthropic.com)"
18.119.122.140 - - [29/Nov/2024:07:11:10 -0500] "GET /simple/function.php?action=view&dir=%2F%2Fusr%2Flib%2F.build-id%2F6c&item=52836ee5f56e82ce9a5e647cd529f63ac2074d HTTP/1.1" 200 4162 "-" "Mozilla/5.0 AppleWebKit/537.36 (KHTML, like Gecko; compatible; ClaudeBot/1.0; +claudebot@anthropic.com)"
3.141.29.162 - - [29/Nov/2024:07:11:10 -0500] "GET /simple/function.php?action=edit&dir=%2F%2Fproc%2Fsys%2Fkernel%2Ffirmware_config&item=force_sysfs_fallback HTTP/1.1" 200 2677 "-" "Mozilla/5.0 AppleWebKit/537.36 (KHTML, like Gecko; compatible; ClaudeBot/1.0; +claudebot@anthropic.com)"
18.191.165.192 - - [29/Nov/2024:07:11:09 -0500] "GET /simple/function.php?action=rename&dir=%2F%2Fproc%2Fthread-self%2Froot%2Flib64&item=libtheora.so.0 HTTP/1.1" 200 73359 "-" "Mozilla/5.0 AppleWebKit/537.36 (KHTML, like Gecko; compatible; ClaudeBot/1.0; +claudebot@anthropic.com)"
18.224.56.127 - - [29/Nov/2024:07:11:10 -0500] "GET /simple/function.php?action=rename&dir=%2Fhome%2Finsiaiqb%2F.cagefs%2Fopt%2Falt%2Fphp80%2Fvar%2Flib%2Fphp%2Fsession&item=sess_e5q2mfn7momjakmca3pinn639q HTTP/1.1" 200 154839 "-" "Mozilla/5.0 AppleWebKit/537.36 (KHTML, like Gecko; compatible; ClaudeBot/1.0; +claudebot@anthropic.com)"
3.141.32.53 - - [29/Nov/2024:07:11:10 -0500] "GET /simple/function.php?action=rename&dir=%2F%2Fopt%2Falt%2Fpython34%2Flib64%2Fpython3.4&item=socket.py HTTP/1.1" 200 11184 "-" "Mozilla/5.0 AppleWebKit/537.36 (KHTML, like Gecko; compatible; ClaudeBot/1.0; +claudebot@anthropic.com)"
18.224.53.246 - - [29/Nov/2024:07:11:10 -0500] "GET /simple/function.php?action=view&dir=%2F%2Fusr%2Finclude%2FX11%2Fextensions&item=presentproto.h HTTP/1.1" 200 7715 "-" "Mozilla/5.0 AppleWebKit/537.36 (KHTML, like Gecko; compatible; ClaudeBot/1.0; +claudebot@anthropic.com)"
3.145.38.67 - - [29/Nov/2024:07:11:10 -0500] "GET /simple/function.php?action=view&dir=%2F%2Fproc%2Fthread-self%2Froot%2Flib64&item=libogg.so.0.8.2 HTTP/1.1" 200 71698 "-" "Mozilla/5.0 AppleWebKit/537.36 (KHTML, like Gecko; compatible; ClaudeBot/1.0; +claudebot@anthropic.com)"
3.15.239.145 - - [29/Nov/2024:07:11:10 -0500] "GET /simple/function.php?action=chmod&dir=%2Fhome%2Finsiaiqb%2F.cagefs%2Fopt%2Falt%2Fphp80%2Fvar%2Flib%2Fphp%2Fsession&item=sess_qc74qq6mf6hvrf7v78gkoth8hg HTTP/1.1" 200 151338 "-" "Mozilla/5.0 AppleWebKit/537.36 (KHTML, like Gecko; compatible; ClaudeBot/1.0; +claudebot@anthropic.com)"
136.243.220.210 - - [29/Nov/2024:07:11:11 -0500] "GET /product/olgx77/5804?keyword=expression HTTP/1.1" 404 1251 "-" "Mozilla/5.0 (compatible; DataForSeoBot/1.0; +https://dataforseo.com/dataforseo-bot)"
3.138.105.4 - - [29/Nov/2024:07:11:10 -0500] "GET /simple/function.php?action=chmod&dir=%2F%2Fproc%2Fthread-self%2Froot%2Flib64&item=libpq.so HTTP/1.1" 200 72399 "-" "Mozilla/5.0 AppleWebKit/537.36 (KHTML, like Gecko; compatible; ClaudeBot/1.0; +claudebot@anthropic.com)"
3.17.154.144 - - [29/Nov/2024:07:11:11 -0500] "GET /simple/function.php?dir=%2F%2Fproc%2Fself%2Froot%2Fproc%2F1791583 HTTP/1.1" 200 2156 "-" "Mozilla/5.0 AppleWebKit/537.36 (KHTML, like Gecko; compatible; ClaudeBot/1.0; +claudebot@anthropic.com)"
3.23.92.64 - - [29/Nov/2024:07:11:11 -0500] "GET /simple/function.php?action=rename&dir=%2F%2Fproc&item=1879714 HTTP/1.1" 200 5185 "-" "Mozilla/5.0 AppleWebKit/537.36 (KHTML, like Gecko; compatible; ClaudeBot/1.0; +claudebot@anthropic.com)"
3.139.234.124 - - [29/Nov/2024:07:11:11 -0500] "GET /simple/function.php?action=edit&dir=%2Fhome%2Finsiaiqb%2F.cagefs%2Fopt%2Falt%2Fphp80%2Fvar%2Flib%2Fphp%2Fsession&item=sess_ub6cs6nb5k8h9dt0hr405idalu HTTP/1.1" 200 151085 "-" "Mozilla/5.0 AppleWebKit/537.36 (KHTML, like Gecko; compatible; ClaudeBot/1.0; +claudebot@anthropic.com)"
3.139.67.228 - - [29/Nov/2024:07:11:11 -0500] "GET /simple/function.php?action=edit&dir=%2Fhome%2Finsiaiqb%2F.cagefs%2Fopt%2Falt%2Fphp80%2Fvar%2Flib%2Fphp%2Fsession&item=sess_h9r97nerud9bk3lumarhg6noni HTTP/1.1" 200 148562 "-" "Mozilla/5.0 AppleWebKit/537.36 (KHTML, like Gecko; compatible; ClaudeBot/1.0; +claudebot@anthropic.com)"
18.224.63.123 - - [29/Nov/2024:07:11:11 -0500] "GET /simple/function.php?action=rename&dir=%2Fhome%2Finsiaiqb%2F.cagefs%2Fopt%2Falt%2Fphp80%2Fvar%2Flib%2Fphp%2Fsession&item=sess_j70tbg3p02v5kva0nj58g3r8jg HTTP/1.1" 200 149880 "-" "Mozilla/5.0 AppleWebKit/537.36 (KHTML, like Gecko; compatible; ClaudeBot/1.0; +claudebot@anthropic.com)"
23.21.227.240 - - [29/Nov/2024:07:11:12 -0500] "GET /simple/function.php?action=chmod&dir=//opt/alt/php80/var/lib/php/session&item=sess_065fovnnl179o95mv9h1bovumg HTTP/1.1" 200 189968 "-" "Mozilla/5.0 (Macintosh; Intel Mac OS X 10_10_1) AppleWebKit/600.2.5 (KHTML, like Gecko) Version/8.0.2 Safari/600.2.5 (Amazonbot/0.1; +https://developer.amazon.com/support/amazonbot)"
18.119.122.140 - - [29/Nov/2024:07:11:12 -0500] "GET /simple/function.php?action=view&dir=%2F%2Fusr%2Flib%2F.build-id%2Ff0&item=4f90640c1e105ec792ebb38b7dc41a27b33fcc HTTP/1.1" 200 3358 "-" "Mozilla/5.0 AppleWebKit/537.36 (KHTML, like Gecko; compatible; ClaudeBot/1.0; +claudebot@anthropic.com)"
3.144.122.20 - - [29/Nov/2024:07:11:12 -0500] "GET /simple/function.php?action=edit&dir=%2Fhome%2Finsiaiqb%2F.cagefs%2Fopt%2Falt%2Fphp80%2Fvar%2Flib%2Fphp%2Fsession&item=sess_hofpcd7okosdsa8p17g50htkt7 HTTP/1.1" 200 147528 "-" "Mozilla/5.0 AppleWebKit/537.36 (KHTML, like Gecko; compatible; ClaudeBot/1.0; +claudebot@anthropic.com)"
18.191.165.192 - - [29/Nov/2024:07:11:12 -0500] "GET /simple/function.php?action=edit&dir=%2F%2Fproc%2Fthread-self%2Froot%2Flib64&item=libperf-jvmti.so HTTP/1.1" 200 71694 "-" "Mozilla/5.0 AppleWebKit/537.36 (KHTML, like Gecko; compatible; ClaudeBot/1.0; +claudebot@anthropic.com)"
3.147.27.129 - - [29/Nov/2024:07:11:13 -0500] "GET /simple/function.php?action=chmod&dir=%2F%2Fproc%2Fself%2Froot%2Fproc%2Fthread-self%2Froot%2Fproc&item=1822375 HTTP/1.1" 200 5273 "-" "Mozilla/5.0 AppleWebKit/537.36 (KHTML, like Gecko; compatible; ClaudeBot/1.0; +claudebot@anthropic.com)"
3.141.29.162 - - [29/Nov/2024:07:11:13 -0500] "GET /simple/function.php?action=view&dir=%2Fhome%2Finsiaiqb%2F.cagefs%2Fopt%2Falt%2Fphp80%2Fvar%2Flib%2Fphp%2Fsession&item=sess_pjet0cmro1m7dl9k21tgq256d0 HTTP/1.1" 200 154079 "-" "Mozilla/5.0 AppleWebKit/537.36 (KHTML, like Gecko; compatible; ClaudeBot/1.0; +claudebot@anthropic.com)"
3.141.32.53 - - [29/Nov/2024:07:11:13 -0500] "GET /simple/function.php?action=view&dir=%2F%2Fusr%2Flib%2F.build-id%2F6c&item=b62217cf61018446a439e71fae54ed7ee3e354 HTTP/1.1" 200 4119 "-" "Mozilla/5.0 AppleWebKit/537.36 (KHTML, like Gecko; compatible; ClaudeBot/1.0; +claudebot@anthropic.com)"
18.224.53.246 - - [29/Nov/2024:07:11:13 -0500] "GET /simple/function.php?action=chmod&dir=%2F%2Flib%2Fdracut%2Fmodules.d%2F90dmraid&item=61-dmraid-imsm.rules HTTP/1.1" 200 2816 "-" "Mozilla/5.0 AppleWebKit/537.36 (KHTML, like Gecko; compatible; ClaudeBot/1.0; +claudebot@anthropic.com)"
3.15.239.145 - - [29/Nov/2024:07:11:13 -0500] "GET /simple/function.php?action=chmod&dir=%2Fhome%2Finsiaiqb%2F.cagefs%2Fopt%2Falt%2Fphp80%2Fvar%2Flib%2Fphp%2Fsession&item=sess_7q7l28m6d50jjogonr1n3p4u7p HTTP/1.1" 200 151015 "-" "Mozilla/5.0 AppleWebKit/537.36 (KHTML, like Gecko; compatible; ClaudeBot/1.0; +claudebot@anthropic.com)"
3.145.38.67 - - [29/Nov/2024:07:11:13 -0500] "GET /simple/function.php?action=edit&dir=%2F%2Fproc%2Fthread-self%2Froot%2Flib64&item=libglib-2.0.so.0 HTTP/1.1" 200 73707 "-" "Mozilla/5.0 AppleWebKit/537.36 (KHTML, like Gecko; compatible; ClaudeBot/1.0; +claudebot@anthropic.com)"
3.138.105.4 - - [29/Nov/2024:07:11:13 -0500] "GET /simple/function.php?action=view&dir=%2F%2Fproc%2Fthread-self%2Froot%2Flib64&item=libss.so.2 HTTP/1.1" 200 71727 "-" "Mozilla/5.0 AppleWebKit/537.36 (KHTML, like Gecko; compatible; ClaudeBot/1.0; +claudebot@anthropic.com)"
3.145.10.68 - - [29/Nov/2024:07:11:14 -0500] "GET /simple/function.php?action=chmod&dir=%2F%2Fproc%2Fthread-self%2Froot%2Fproc&item=1906424 HTTP/1.1" 200 5373 "-" "Mozilla/5.0 AppleWebKit/537.36 (KHTML, like Gecko; compatible; ClaudeBot/1.0; +claudebot@anthropic.com)"
3.17.154.144 - - [29/Nov/2024:07:11:14 -0500] "GET /simple/function.php?action=chmod&dir=%2F%2Fusr%2Flib%2F.build-id%2Ff7&item=50e435ff5547980544b37c106c3e24ad0b7da2 HTTP/1.1" 200 4075 "-" "Mozilla/5.0 AppleWebKit/537.36 (KHTML, like Gecko; compatible; ClaudeBot/1.0; +claudebot@anthropic.com)"
3.23.92.64 - - [29/Nov/2024:07:11:14 -0500] "GET /simple/function.php?action=rename&dir=%2F%2Fproc&item=1925776 HTTP/1.1" 200 5269 "-" "Mozilla/5.0 AppleWebKit/537.36 (KHTML, like Gecko; compatible; ClaudeBot/1.0; +claudebot@anthropic.com)"
136.243.220.210 - - [29/Nov/2024:07:11:14 -0500] "GET /product/zvox97/3143?keyword=generation HTTP/1.1" 404 1251 "-" "Mozilla/5.0 (compatible; DataForSeoBot/1.0; +https://dataforseo.com/dataforseo-bot)"
3.139.67.228 - - [29/Nov/2024:07:11:14 -0500] "GET /simple/function.php?action=edit&dir=%2Fhome%2Finsiaiqb%2F.cagefs%2Fopt%2Falt%2Fphp80%2Fvar%2Flib%2Fphp%2Fsession&item=sess_2jal1s0r5ge21q8679ofcl5g21 HTTP/1.1" 200 152679 "-" "Mozilla/5.0 AppleWebKit/537.36 (KHTML, like Gecko; compatible; ClaudeBot/1.0; +claudebot@anthropic.com)"
18.219.15.112 - - [29/Nov/2024:07:11:14 -0500] "GET /simple/function.php?action=rename&dir=%2F%2Fproc%2Fthread-self%2Froot%2Fproc&item=1829872 HTTP/1.1" 200 5513 "-" "Mozilla/5.0 AppleWebKit/537.36 (KHTML, like Gecko; compatible; ClaudeBot/1.0; +claudebot@anthropic.com)"
52.204.71.8 - - [29/Nov/2024:07:11:15 -0500] "GET /simple/function.php?action=chmod&dir=//opt/alt/php80/var/lib/php/session&item=sess_bs0nkif4su9p9imf9b5p6tpp83 HTTP/1.1" 200 204329 "-" "Mozilla/5.0 (Macintosh; Intel Mac OS X 10_10_1) AppleWebKit/600.2.5 (KHTML, like Gecko) Version/8.0.2 Safari/600.2.5 (Amazonbot/0.1; +https://developer.amazon.com/support/amazonbot)"
3.147.27.129 - - [29/Nov/2024:07:11:16 -0500] "GET /simple/function.php?dir=%2Fhome%2Finsiaiqb%2Fpublic_html%2Fwp-content%2Fplugins%2Fwordpress-seo%2Fsrc%2Froutes HTTP/1.1" 200 3445 "-" "Mozilla/5.0 AppleWebKit/537.36 (KHTML, like Gecko; compatible; ClaudeBot/1.0; +claudebot@anthropic.com)"
18.117.156.170 - - [29/Nov/2024:07:11:16 -0500] "GET /simple/function.php?action=chmod&dir=%2F%2Fproc%2Fself%2Froot%2Fproc&item=1886046 HTTP/1.1" 200 5152 "-" "Mozilla/5.0 AppleWebKit/537.36 (KHTML, like Gecko; compatible; ClaudeBot/1.0; +claudebot@anthropic.com)"
3.144.122.20 - - [29/Nov/2024:07:11:15 -0500] "GET /simple/function.php?action=view&dir=%2Fhome%2Finsiaiqb%2F.cagefs%2Fopt%2Falt%2Fphp80%2Fvar%2Flib%2Fphp%2Fsession&item=sess_78r33kp4r90ftcistvp3o5o6j6 HTTP/1.1" 200 148804 "-" "Mozilla/5.0 AppleWebKit/537.36 (KHTML, like Gecko; compatible; ClaudeBot/1.0; +claudebot@anthropic.com)"
3.141.29.162 - - [29/Nov/2024:07:11:16 -0500] "GET /simple/function.php?action=chmod&dir=%2Fhome%2Finsiaiqb%2F.cagefs%2Fopt%2Falt%2Fphp80%2Fvar%2Flib%2Fphp%2Fsession&item=sess_p4g6m0oq8lq0v0i4qd8adjaqft HTTP/1.1" 200 154330 "-" "Mozilla/5.0 AppleWebKit/537.36 (KHTML, like Gecko; compatible; ClaudeBot/1.0; +claudebot@anthropic.com)"
18.224.53.246 - - [29/Nov/2024:07:11:16 -0500] "GET /simple/function.php?action=rename&dir=%2F%2Flib%2Fnode_modules%2Fnpm%2Fnode_modules%2Furl-parse-lax&item=license HTTP/1.1" 200 2757 "-" "Mozilla/5.0 AppleWebKit/537.36 (KHTML, like Gecko; compatible; ClaudeBot/1.0; +claudebot@anthropic.com)"
3.15.239.145 - - [29/Nov/2024:07:11:16 -0500] "GET /simple/function.php?action=chmod&dir=%2Fhome%2Finsiaiqb%2F.cagefs%2Fopt%2Falt%2Fphp80%2Fvar%2Flib%2Fphp%2Fsession&item=sess_ba61dvrtqq2cncm2celaam54dc HTTP/1.1" 200 158946 "-" "Mozilla/5.0 AppleWebKit/537.36 (KHTML, like Gecko; compatible; ClaudeBot/1.0; +claudebot@anthropic.com)"
18.118.144.109 - - [29/Nov/2024:07:11:16 -0500] "GET /simple/function.php?dir=%2Fhome%2Finsiaiqb%2Fcrspot.com%2Fwp-includes%2Fsodium_compat%2Fnamespaced%2FCore HTTP/1.1" 200 3328 "-" "Mozilla/5.0 AppleWebKit/537.36 (KHTML, like Gecko; compatible; ClaudeBot/1.0; +claudebot@anthropic.com)"
3.145.38.67 - - [29/Nov/2024:07:11:16 -0500] "GET /simple/function.php?action=view&dir=%2F%2Fproc%2Fthread-self%2Froot%2Flib64&item=libprotobuf-c.so.1 HTTP/1.1" 200 72850 "-" "Mozilla/5.0 AppleWebKit/537.36 (KHTML, like Gecko; compatible; ClaudeBot/1.0; +claudebot@anthropic.com)"
3.138.105.4 - - [29/Nov/2024:07:11:16 -0500] "GET /simple/function.php?action=chmod&dir=%2F%2Fproc%2Fthread-self%2Froot%2Flib64&item=libz.so.1 HTTP/1.1" 200 73758 "-" "Mozilla/5.0 AppleWebKit/537.36 (KHTML, like Gecko; compatible; ClaudeBot/1.0; +claudebot@anthropic.com)"
18.118.137.96 - - [29/Nov/2024:07:11:16 -0500] "GET /simple/function.php?action=chmod&dir=%2F%2Fproc&item=1975104 HTTP/1.1" 200 5171 "-" "Mozilla/5.0 AppleWebKit/537.36 (KHTML, like Gecko; compatible; ClaudeBot/1.0; +claudebot@anthropic.com)"
3.145.10.68 - - [29/Nov/2024:07:11:17 -0500] "GET /simple/function.php?action=chmod&dir=%2F%2Fusr%2Fshare%2Fvim%2Fvim80%2Fkeymap&item=arabic.vim HTTP/1.1" 200 5938 "-" "Mozilla/5.0 AppleWebKit/537.36 (KHTML, like Gecko; compatible; ClaudeBot/1.0; +claudebot@anthropic.com)"
3.17.154.144 - - [29/Nov/2024:07:11:17 -0500] "GET /simple/function.php?action=rename&dir=%2F%2Fusr%2Flib%2F.build-id%2F28&item=2cdda13a1741e09009e2e7b7cd43caddacace6 HTTP/1.1" 200 4131 "-" "Mozilla/5.0 AppleWebKit/537.36 (KHTML, like Gecko; compatible; ClaudeBot/1.0; +claudebot@anthropic.com)"
18.219.15.112 - - [29/Nov/2024:07:11:17 -0500] "GET /simple/function.php?action=view&dir=%2F%2Fusr%2Flib%2F.build-id%2Fea&item=9a1a712ccea6fc274379b1feac23a4b4027132 HTTP/1.1" 200 4281 "-" "Mozilla/5.0 AppleWebKit/537.36 (KHTML, like Gecko; compatible; ClaudeBot/1.0; +claudebot@anthropic.com)"
3.139.67.228 - - [29/Nov/2024:07:11:17 -0500] "GET /simple/function.php?action=edit&dir=%2Fhome%2Finsiaiqb%2F.cagefs%2Fopt%2Falt%2Fphp80%2Fvar%2Flib%2Fphp%2Fsession&item=sess_6bdsj6unis91tks00v65b5imri HTTP/1.1" 200 152803 "-" "Mozilla/5.0 AppleWebKit/537.36 (KHTML, like Gecko; compatible; ClaudeBot/1.0; +claudebot@anthropic.com)"
136.243.220.210 - - [29/Nov/2024:07:11:18 -0500] "GET /product/trq296/34956?keyword=element HTTP/1.1" 404 1251 "-" "Mozilla/5.0 (compatible; DataForSeoBot/1.0; +https://dataforseo.com/dataforseo-bot)"
3.144.122.20 - - [29/Nov/2024:07:11:18 -0500] "GET /simple/function.php?action=view&dir=%2F%2Fopt%2Fcpanel%2Fea-ruby27%2Froot%2Fusr%2Fshare%2Fpassenger%2Ftemplates%2Ferror_renderer%2Fwith_details%2Fsrc&item=GetHelpView.jsx HTTP/1.1" 200 4576 "-" "Mozilla/5.0 AppleWebKit/537.36 (KHTML, like Gecko; compatible; ClaudeBot/1.0; +claudebot@anthropic.com)"
18.117.156.170 - - [29/Nov/2024:07:11:18 -0500] "GET /simple/function.php?action=rename&dir=%2F%2Flib%2Fnode_modules%2Fnpm%2Fnode_modules%2Ferrno&item=custom.js HTTP/1.1" 200 2973 "-" "Mozilla/5.0 AppleWebKit/537.36 (KHTML, like Gecko; compatible; ClaudeBot/1.0; +claudebot@anthropic.com)"
3.147.27.129 - - [29/Nov/2024:07:11:18 -0500] "GET /simple/function.php?action=edit&dir=%2Fhome%2Finsiaiqb%2Fpethavenspot.com%2Fwp-includes%2Fblocks%2Fhtml&item=block.json HTTP/1.1" 200 3207 "-" "Mozilla/5.0 AppleWebKit/537.36 (KHTML, like Gecko; compatible; ClaudeBot/1.0; +claudebot@anthropic.com)"
3.23.92.64 - - [29/Nov/2024:07:11:17 -0500] "GET /simple/function.php?action=view&dir=%2F%2Fusr%2Fshare%2Fvim%2Fvim80%2Fsyntax&item=aap.vim HTTP/1.1" 200 29260 "-" "Mozilla/5.0 AppleWebKit/537.36 (KHTML, like Gecko; compatible; ClaudeBot/1.0; +claudebot@anthropic.com)"
3.135.206.25 - - [29/Nov/2024:07:11:18 -0500] "GET /simple/function.php?dir=%2F%2Fproc%2F1519652%2Ffd HTTP/1.1" 200 2141 "-" "Mozilla/5.0 AppleWebKit/537.36 (KHTML, like Gecko; compatible; ClaudeBot/1.0; +claudebot@anthropic.com)"
3.145.38.67 - - [29/Nov/2024:07:11:18 -0500] "GET /simple/function.php?action=edit&dir=%2F%2Fproc%2Fthread-self%2Froot%2Flib64&item=libsapdbS.so.2.0.0 HTTP/1.1" 200 15589 "-" "Mozilla/5.0 AppleWebKit/537.36 (KHTML, like Gecko; compatible; ClaudeBot/1.0; +claudebot@anthropic.com)"
3.141.29.162 - - [29/Nov/2024:07:11:18 -0500] "GET /simple/function.php?action=rename&dir=%2Fhome%2Finsiaiqb%2F.cagefs%2Fopt%2Falt%2Fphp80%2Fvar%2Flib%2Fphp%2Fsession&item=sess_j3k7tdqnlk7tn5f1s8rpfi77bg HTTP/1.1" 200 150138 "-" "Mozilla/5.0 AppleWebKit/537.36 (KHTML, like Gecko; compatible; ClaudeBot/1.0; +claudebot@anthropic.com)"
3.15.239.145 - - [29/Nov/2024:07:11:19 -0500] "GET /simple/function.php?action=chmod&dir=%2Fhome%2Finsiaiqb%2F.cagefs%2Fopt%2Falt%2Fphp80%2Fvar%2Flib%2Fphp%2Fsession&item=sess_hur6uegr99fm6ih1qifpdabn1p HTTP/1.1" 200 150089 "-" "Mozilla/5.0 AppleWebKit/537.36 (KHTML, like Gecko; compatible; ClaudeBot/1.0; +claudebot@anthropic.com)"
18.224.53.246 - - [29/Nov/2024:07:11:19 -0500] "GET /simple/function.php?action=edit&dir=%2Fhome%2Finsiaiqb%2F.cagefs%2Fopt%2Falt%2Fphp80%2Fvar%2Flib%2Fphp%2Fsession&item=sess_qeptbb51s4sfuo9c80v9pr3q8g HTTP/1.1" 200 145159 "-" "Mozilla/5.0 AppleWebKit/537.36 (KHTML, like Gecko; compatible; ClaudeBot/1.0; +claudebot@anthropic.com)"
18.118.137.96 - - [29/Nov/2024:07:11:19 -0500] "GET /simple/function.php?dir=%2F%2Fproc%2Fthread-self%2Froot%2Fproc%2F1851506 HTTP/1.1" 200 2166 "-" "Mozilla/5.0 AppleWebKit/537.36 (KHTML, like Gecko; compatible; ClaudeBot/1.0; +claudebot@anthropic.com)"
34.225.87.80 - - [29/Nov/2024:07:11:19 -0500] "GET /simple/function.php?action=rename&dir=//opt/alt/php80/var/lib/php/session&item=sess_bs0nkif4su9p9imf9b5p6tpp83 HTTP/1.1" 200 188863 "-" "Mozilla/5.0 (Macintosh; Intel Mac OS X 10_10_1) AppleWebKit/600.2.5 (KHTML, like Gecko) Version/8.0.2 Safari/600.2.5 (Amazonbot/0.1; +https://developer.amazon.com/support/amazonbot)"
3.138.105.4 - - [29/Nov/2024:07:11:19 -0500] "GET /simple/function.php?action=chmod&dir=%2F%2Fproc%2Fthread-self%2Froot%2Flib64&item=libcurl.so HTTP/1.1" 200 73397 "-" "Mozilla/5.0 AppleWebKit/537.36 (KHTML, like Gecko; compatible; ClaudeBot/1.0; +claudebot@anthropic.com)"
3.145.10.68 - - [29/Nov/2024:07:11:19 -0500] "GET /simple/function.php?action=view&dir=%2F%2Fusr%2Finclude%2FX11%2Fextensions&item=xf86dgaconst.h HTTP/1.1" 200 7467 "-" "Mozilla/5.0 AppleWebKit/537.36 (KHTML, like Gecko; compatible; ClaudeBot/1.0; +claudebot@anthropic.com)"
3.17.154.144 - - [29/Nov/2024:07:11:20 -0500] "GET /simple/function.php?action=edit&dir=%2Fhome%2Finsiaiqb%2Fbtribune.com%2Fwp-admin%2Fjs%2Fwidgets&item=media-video-widget.min.js HTTP/1.1" 200 4601 "-" "Mozilla/5.0 AppleWebKit/537.36 (KHTML, like Gecko; compatible; ClaudeBot/1.0; +claudebot@anthropic.com)"
18.188.154.238 - - [29/Nov/2024:07:11:20 -0500] "GET /simple/function.php?action=rename&dir=%2F%2Fproc&item=1877822 HTTP/1.1" 200 5236 "-" "Mozilla/5.0 AppleWebKit/537.36 (KHTML, like Gecko; compatible; ClaudeBot/1.0; +claudebot@anthropic.com)"
18.219.15.112 - - [29/Nov/2024:07:11:20 -0500] "GET /simple/function.php?action=edit&dir=%2Fhome%2Finsiaiqb%2F.cagefs%2Fopt%2Falt%2Fphp80%2Fvar%2Flib%2Fphp%2Fsession&item=sess_dik9ngsq046htns00tsjjaa4kl HTTP/1.1" 200 149449 "-" "Mozilla/5.0 AppleWebKit/537.36 (KHTML, like Gecko; compatible; ClaudeBot/1.0; +claudebot@anthropic.com)"
3.135.206.25 - - [29/Nov/2024:07:11:21 -0500] "GET /simple/function.php?action=view&dir=%2F%2Fproc%2F1519652&item=cpuset HTTP/1.1" 200 2194 "-" "Mozilla/5.0 AppleWebKit/537.36 (KHTML, like Gecko; compatible; ClaudeBot/1.0; +claudebot@anthropic.com)"
18.116.90.161 - - [29/Nov/2024:07:11:21 -0500] "GET /simple/function.php?action=view&dir=%2Fhome%2Finsiaiqb%2F.cagefs%2Fopt%2Falt%2Fphp80%2Fvar%2Flib%2Fphp%2Fsession&item=sess_hf6pubbto3emp6d7lvb2hg57lp HTTP/1.1" 200 144579 "-" "Mozilla/5.0 AppleWebKit/537.36 (KHTML, like Gecko; compatible; ClaudeBot/1.0; +claudebot@anthropic.com)"
18.117.156.170 - - [29/Nov/2024:07:11:21 -0500] "GET /simple/function.php?action=edit&dir=%2Fhome%2Finsiaiqb%2F.cagefs%2Fopt%2Falt%2Fphp80%2Fvar%2Flib%2Fphp%2Fsession&item=sess_hinmr2mqtl5bddokog5rd2a4i9 HTTP/1.1" 200 143666 "-" "Mozilla/5.0 AppleWebKit/537.36 (KHTML, like Gecko; compatible; ClaudeBot/1.0; +claudebot@anthropic.com)"
3.23.92.64 - - [29/Nov/2024:07:11:20 -0500] "GET /simple/function.php?action=rename&dir=%2F%2Fusr%2Fshare%2Fvim%2Fvim80%2Fsyntax&item=xbl.vim HTTP/1.1" 200 27789 "-" "Mozilla/5.0 AppleWebKit/537.36 (KHTML, like Gecko; compatible; ClaudeBot/1.0; +claudebot@anthropic.com)"
3.147.27.129 - - [29/Nov/2024:07:11:21 -0500] "GET /simple/function.php?action=edit&dir=%2Fhome%2Finsiaiqb%2F.cagefs%2Fopt%2Falt%2Fphp80%2Fvar%2Flib%2Fphp%2Fsession&item=sess_ec0d5pt0eq86oto4pcnv5gfkvn HTTP/1.1" 200 151537 "-" "Mozilla/5.0 AppleWebKit/537.36 (KHTML, like Gecko; compatible; ClaudeBot/1.0; +claudebot@anthropic.com)"
3.15.239.145 - - [29/Nov/2024:07:11:22 -0500] "GET /simple/function.php?action=chmod&dir=%2Fhome%2Finsiaiqb%2F.cagefs%2Fopt%2Falt%2Fphp80%2Fvar%2Flib%2Fphp%2Fsession&item=sess_3slq0ask6jcqc7vstlijv338i2 HTTP/1.1" 200 146685 "-" "Mozilla/5.0 AppleWebKit/537.36 (KHTML, like Gecko; compatible; ClaudeBot/1.0; +claudebot@anthropic.com)"
18.188.113.185 - - [29/Nov/2024:07:11:22 -0500] "GET /simple/function.php?action=view&dir=%2Fhome%2Finsiaiqb%2F.cagefs%2Fopt%2Falt%2Fphp80%2Fvar%2Flib%2Fphp%2Fsession&item=sess_3n4baiomlmguukju3fh8g4jqpi HTTP/1.1" 200 148254 "-" "Mozilla/5.0 AppleWebKit/537.36 (KHTML, like Gecko; compatible; ClaudeBot/1.0; +claudebot@anthropic.com)"
18.191.103.144 - - [29/Nov/2024:07:11:22 -0500] "GET /simple/function.php?action=view&dir=%2F%2Fproc%2Fthread-self%2Froot%2Flib64&item=libmetalink.so.3 HTTP/1.1" 200 76504 "-" "Mozilla/5.0 AppleWebKit/537.36 (KHTML, like Gecko; compatible; ClaudeBot/1.0; +claudebot@anthropic.com)"
18.118.137.96 - - [29/Nov/2024:07:11:22 -0500] "GET /simple/function.php?dir=%2F%2Fproc%2Fself%2Froot%2Fproc%2Fthread-self%2Froot%2Fproc%2F1877797 HTTP/1.1" 200 2190 "-" "Mozilla/5.0 AppleWebKit/537.36 (KHTML, like Gecko; compatible; ClaudeBot/1.0; +claudebot@anthropic.com)"
3.138.105.4 - - [29/Nov/2024:07:11:22 -0500] "GET /simple/function.php?action=view&dir=%2F%2Fproc%2Fthread-self%2Froot%2Flib64&item=libXft.so.2 HTTP/1.1" 200 76281 "-" "Mozilla/5.0 AppleWebKit/537.36 (KHTML, like Gecko; compatible; ClaudeBot/1.0; +claudebot@anthropic.com)"
3.145.10.68 - - [29/Nov/2024:07:11:22 -0500] "GET /simple/function.php?action=chmod&dir=%2F%2Fusr%2Finclude%2FX11%2Fextensions&item=damageproto.h HTTP/1.1" 200 6336 "-" "Mozilla/5.0 AppleWebKit/537.36 (KHTML, like Gecko; compatible; ClaudeBot/1.0; +claudebot@anthropic.com)"
3.17.154.144 - - [29/Nov/2024:07:11:23 -0500] "GET /simple/function.php?action=rename&dir=%2Fhome%2Finsiaiqb%2Fbtribune.com%2Fwp-admin%2Fjs%2Fwidgets&item=media-gallery-widget.min.js HTTP/1.1" 200 3390 "-" "Mozilla/5.0 AppleWebKit/537.36 (KHTML, like Gecko; compatible; ClaudeBot/1.0; +claudebot@anthropic.com)"
136.243.220.210 - - [29/Nov/2024:07:11:23 -0500] "GET /product/agozs234/3967?keyword=social HTTP/1.1" 404 1251 "-" "Mozilla/5.0 (compatible; DataForSeoBot/1.0; +https://dataforseo.com/dataforseo-bot)"
3.135.190.244 - - [29/Nov/2024:07:11:23 -0500] "GET /simple/function.php?action=rename&dir=%2F%2Fproc&item=1923090 HTTP/1.1" 200 5377 "-" "Mozilla/5.0 AppleWebKit/537.36 (KHTML, like Gecko; compatible; ClaudeBot/1.0; +claudebot@anthropic.com)"
18.188.154.238 - - [29/Nov/2024:07:11:23 -0500] "GET /simple/function.php?action=chmod&dir=%2F%2Fproc%2Fself%2Froot%2Fproc&item=1965158 HTTP/1.1" 200 5487 "-" "Mozilla/5.0 AppleWebKit/537.36 (KHTML, like Gecko; compatible; ClaudeBot/1.0; +claudebot@anthropic.com)"
18.219.15.112 - - [29/Nov/2024:07:11:23 -0500] "GET /simple/function.php?action=edit&dir=%2Fhome%2Finsiaiqb%2F.cagefs%2Fopt%2Falt%2Fphp80%2Fvar%2Flib%2Fphp%2Fsession&item=sess_0g5o5jkvkslpn6l2aud4f9f4pp HTTP/1.1" 200 149522 "-" "Mozilla/5.0 AppleWebKit/537.36 (KHTML, like Gecko; compatible; ClaudeBot/1.0; +claudebot@anthropic.com)"
35.173.38.202 - - [29/Nov/2024:07:11:23 -0500] "GET /simple/function.php?action=chmod&dir=//opt/alt/php80/var/lib/php/session&item=sess_67psi36c7liovea9bshgkocn0c HTTP/1.1" 200 184765 "-" "Mozilla/5.0 (Macintosh; Intel Mac OS X 10_10_1) AppleWebKit/600.2.5 (KHTML, like Gecko) Version/8.0.2 Safari/600.2.5 (Amazonbot/0.1; +https://developer.amazon.com/support/amazonbot)"
18.116.90.161 - - [29/Nov/2024:07:11:24 -0500] "GET /simple/function.php?action=edit&dir=%2Fhome%2Finsiaiqb%2F.cagefs%2Fopt%2Falt%2Fphp80%2Fvar%2Flib%2Fphp%2Fsession&item=sess_femjirl4d1l407dlfvkime57a9 HTTP/1.1" 200 149917 "-" "Mozilla/5.0 AppleWebKit/537.36 (KHTML, like Gecko; compatible; ClaudeBot/1.0; +claudebot@anthropic.com)"
