18.119.122.140 - - [29/Nov/2024:07:25:13 -0500] "GET /simple/function.php?action=chmod&dir=%2Fhome%2Finsiaiqb%2Fpublic_html%2Fwp-content%2Fuploads%2F2024%2F03&item=Screenshot_19-150x150.png HTTP/1.1" 200 10859 "-" "Mozilla/5.0 AppleWebKit/537.36 (KHTML, like Gecko; compatible; ClaudeBot/1.0; +claudebot@anthropic.com)"
18.119.122.140 - - [29/Nov/2024:07:25:13 -0500] "GET /simple/function.php?action=rename&dir=%2Fhome%2Finsiaiqb%2F.cagefs%2Fopt%2Falt%2Fphp80%2Fvar%2Flib%2Fphp%2Fsession&item=sess_2e7d33fhqn6a96h2ar74968l8r HTTP/1.1" 200 132108 "-" "Mozilla/5.0 AppleWebKit/537.36 (KHTML, like Gecko; compatible; ClaudeBot/1.0; +claudebot@anthropic.com)"
136.243.220.210 - - [29/Nov/2024:07:25:13 -0500] "GET /product/sbget179/47738?keyword=organized HTTP/1.1" 404 1251 "-" "Mozilla/5.0 (compatible; DataForSeoBot/1.0; +https://dataforseo.com/dataforseo-bot)"
18.217.10.200 - - [29/Nov/2024:07:25:13 -0500] "GET /simple/function.php?action=rename&dir=%2Fhome%2Finsiaiqb%2F.cagefs%2Fopt%2Falt%2Fphp80%2Fvar%2Flib%2Fphp%2Fsession&item=sess_i949lvbtasdj0ghh70oiv0rq7s HTTP/1.1" 200 137889 "-" "Mozilla/5.0 AppleWebKit/537.36 (KHTML, like Gecko; compatible; ClaudeBot/1.0; +claudebot@anthropic.com)"
18.217.10.200 - - [29/Nov/2024:07:25:13 -0500] "GET /simple/function.php?action=rename&dir=%2Fhome%2Finsiaiqb%2F.cagefs%2Fopt%2Falt%2Fphp80%2Fvar%2Flib%2Fphp%2Fsession&item=sess_sujmg181m40kvl0r129sf3pd60 HTTP/1.1" 200 132051 "-" "Mozilla/5.0 AppleWebKit/537.36 (KHTML, like Gecko; compatible; ClaudeBot/1.0; +claudebot@anthropic.com)"
3.15.225.177 - - [29/Nov/2024:07:25:13 -0500] "GET /simple/function.php?dir=%2F%2Fproc%2Fthread-self%2Froot%2Fproc%2F2013983 HTTP/1.1" 200 2167 "-" "Mozilla/5.0 AppleWebKit/537.36 (KHTML, like Gecko; compatible; ClaudeBot/1.0; +claudebot@anthropic.com)"
3.15.225.177 - - [29/Nov/2024:07:25:14 -0500] "GET /simple/function.php?action=chmod&dir=%2F%2Fproc%2Fthread-self%2Froot%2Fproc&item=2013984 HTTP/1.1" 200 5440 "-" "Mozilla/5.0 AppleWebKit/537.36 (KHTML, like Gecko; compatible; ClaudeBot/1.0; +claudebot@anthropic.com)"
3.15.225.177 - - [29/Nov/2024:07:25:14 -0500] "GET /simple/function.php?action=rename&dir=%2F%2Fproc%2Fself%2Froot%2Fproc%2Fthread-self%2Froot%2Fproc&item=1995986 HTTP/1.1" 200 5273 "-" "Mozilla/5.0 AppleWebKit/537.36 (KHTML, like Gecko; compatible; ClaudeBot/1.0; +claudebot@anthropic.com)"
3.15.225.177 - - [29/Nov/2024:07:25:14 -0500] "GET /simple/function.php?action=edit&dir=%2Fhome%2Finsiaiqb%2F.cagefs%2Fopt%2Falt%2Fphp80%2Fvar%2Flib%2Fphp%2Fsession&item=sess_dfb2gjiurk1ilk8b31gr1fn5hu HTTP/1.1" 200 134657 "-" "Mozilla/5.0 AppleWebKit/537.36 (KHTML, like Gecko; compatible; ClaudeBot/1.0; +claudebot@anthropic.com)"
3.15.225.177 - - [29/Nov/2024:07:25:14 -0500] "GET /simple/function.php?action=view&dir=%2Fhome%2Finsiaiqb%2F.cagefs%2Fopt%2Falt%2Fphp80%2Fvar%2Flib%2Fphp%2Fsession&item=sess_rf6npk4ktkao989dvtfkrp62l1 HTTP/1.1" 200 133637 "-" "Mozilla/5.0 AppleWebKit/537.36 (KHTML, like Gecko; compatible; ClaudeBot/1.0; +claudebot@anthropic.com)"
3.15.225.177 - - [29/Nov/2024:07:25:14 -0500] "GET /simple/function.php?action=chmod&dir=%2Fhome%2Finsiaiqb%2F.cagefs%2Fopt%2Falt%2Fphp80%2Fvar%2Flib%2Fphp%2Fsession&item=sess_5162aiavdllslkgmptt1i374bi HTTP/1.1" 200 133512 "-" "Mozilla/5.0 AppleWebKit/537.36 (KHTML, like Gecko; compatible; ClaudeBot/1.0; +claudebot@anthropic.com)"
3.15.225.177 - - [29/Nov/2024:07:25:15 -0500] "GET /simple/function.php?action=chmod&dir=%2Fhome%2Finsiaiqb%2F.cagefs%2Fopt%2Falt%2Fphp80%2Fvar%2Flib%2Fphp%2Fsession&item=sess_2m03lvjujf2tgi9re3i6r87pfv HTTP/1.1" 200 133483 "-" "Mozilla/5.0 AppleWebKit/537.36 (KHTML, like Gecko; compatible; ClaudeBot/1.0; +claudebot@anthropic.com)"
3.15.225.177 - - [29/Nov/2024:07:25:15 -0500] "GET /simple/function.php?action=chmod&dir=%2Fhome%2Finsiaiqb%2F.cagefs%2Fopt%2Falt%2Fphp80%2Fvar%2Flib%2Fphp%2Fsession&item=sess_q0i23r9vp8ccpgbnln9dhfstji HTTP/1.1" 200 132806 "-" "Mozilla/5.0 AppleWebKit/537.36 (KHTML, like Gecko; compatible; ClaudeBot/1.0; +claudebot@anthropic.com)"
3.15.186.56 - - [29/Nov/2024:07:25:15 -0500] "GET /simple/function.php?action=rename&dir=%2F%2Fproc%2Fself%2Froot%2Fproc%2Fthread-self%2Froot%2Fproc&item=2169397 HTTP/1.1" 200 5420 "-" "Mozilla/5.0 AppleWebKit/537.36 (KHTML, like Gecko; compatible; ClaudeBot/1.0; +claudebot@anthropic.com)"
34.195.248.30 - - [29/Nov/2024:07:25:15 -0500] "GET /simple/function.php?action=rename&dir=//opt/alt/php80/var/lib/php/session&item=sess_eee2dpvalv01bn91m4uppglvku HTTP/1.1" 200 175135 "-" "Mozilla/5.0 (Macintosh; Intel Mac OS X 10_10_1) AppleWebKit/600.2.5 (KHTML, like Gecko) Version/8.0.2 Safari/600.2.5 (Amazonbot/0.1; +https://developer.amazon.com/support/amazonbot)"
3.15.186.56 - - [29/Nov/2024:07:25:15 -0500] "GET /simple/function.php?action=rename&dir=%2F%2Fproc%2Fself%2Froot%2Fproc%2Fthread-self%2Froot%2Fproc&item=2154574 HTTP/1.1" 200 5420 "-" "Mozilla/5.0 AppleWebKit/537.36 (KHTML, like Gecko; compatible; ClaudeBot/1.0; +claudebot@anthropic.com)"
3.149.254.25 - - [29/Nov/2024:07:25:16 -0500] "GET /simple/function.php?dir=%2F%2Fproc%2Fself%2Froot%2Fproc%2F2164225 HTTP/1.1" 200 2157 "-" "Mozilla/5.0 AppleWebKit/537.36 (KHTML, like Gecko; compatible; ClaudeBot/1.0; +claudebot@anthropic.com)"
3.149.254.25 - - [29/Nov/2024:07:25:16 -0500] "GET /simple/function.php?action=chmod&dir=%2F%2Fproc%2Fself%2Froot%2Fproc&item=2167657 HTTP/1.1" 200 5376 "-" "Mozilla/5.0 AppleWebKit/537.36 (KHTML, like Gecko; compatible; ClaudeBot/1.0; +claudebot@anthropic.com)"
3.128.31.76 - - [29/Nov/2024:07:25:16 -0500] "GET /simple/function.php?action=edit&dir=%2F%2Fusr%2Fshare%2Flocale%2Fwa%2FLC_MESSAGES&item=atk10.mo HTTP/1.1" 200 3600 "-" "Mozilla/5.0 AppleWebKit/537.36 (KHTML, like Gecko; compatible; ClaudeBot/1.0; +claudebot@anthropic.com)"
3.128.31.76 - - [29/Nov/2024:07:25:16 -0500] "GET /simple/function.php?action=view&dir=%2Fhome%2Finsiaiqb%2F.cagefs%2Fopt%2Falt%2Fphp80%2Fvar%2Flib%2Fphp%2Fsession&item=sess_7rqcv59slq9mg04m39dt5bdniv HTTP/1.1" 200 138188 "-" "Mozilla/5.0 AppleWebKit/537.36 (KHTML, like Gecko; compatible; ClaudeBot/1.0; +claudebot@anthropic.com)"
13.58.200.78 - - [29/Nov/2024:07:25:16 -0500] "GET /simple/function.php?action=view&dir=%2Fhome%2Finsiaiqb%2F.cagefs%2Fopt%2Falt%2Fphp80%2Fvar%2Flib%2Fphp%2Fsession&item=sess_h79l13qhpvb2m30puq3m53cn8q HTTP/1.1" 200 127790 "-" "Mozilla/5.0 AppleWebKit/537.36 (KHTML, like Gecko; compatible; ClaudeBot/1.0; +claudebot@anthropic.com)"
13.58.200.78 - - [29/Nov/2024:07:25:16 -0500] "GET /simple/function.php?action=edit&dir=%2Fhome%2Finsiaiqb%2F.cagefs%2Fopt%2Falt%2Fphp80%2Fvar%2Flib%2Fphp%2Fsession&item=sess_tfekikh852ju61evac5h6ga3us HTTP/1.1" 200 127421 "-" "Mozilla/5.0 AppleWebKit/537.36 (KHTML, like Gecko; compatible; ClaudeBot/1.0; +claudebot@anthropic.com)"
13.58.200.78 - - [29/Nov/2024:07:25:16 -0500] "GET /simple/function.php?action=chmod&dir=%2Fhome%2Finsiaiqb%2F.cagefs%2Fopt%2Falt%2Fphp80%2Fvar%2Flib%2Fphp%2Fsession&item=sess_2uldi3s998cbtsbs10iislt490 HTTP/1.1" 200 138130 "-" "Mozilla/5.0 AppleWebKit/537.36 (KHTML, like Gecko; compatible; ClaudeBot/1.0; +claudebot@anthropic.com)"
13.58.200.78 - - [29/Nov/2024:07:25:16 -0500] "GET /simple/function.php?action=rename&dir=%2Fhome%2Finsiaiqb%2F.cagefs%2Fopt%2Falt%2Fphp80%2Fvar%2Flib%2Fphp%2Fsession&item=sess_cd2qauuoe48s1uu5rogi82a5de HTTP/1.1" 200 132269 "-" "Mozilla/5.0 AppleWebKit/537.36 (KHTML, like Gecko; compatible; ClaudeBot/1.0; +claudebot@anthropic.com)"
18.119.213.36 - - [29/Nov/2024:07:25:17 -0500] "GET /simple/function.php?action=edit&dir=%2F%2Flib%2Fnode_modules%2Fnpm%2Fnode_modules%2Ftweetnacl&item=nacl.min.js HTTP/1.1" 200 10294 "-" "Mozilla/5.0 AppleWebKit/537.36 (KHTML, like Gecko; compatible; ClaudeBot/1.0; +claudebot@anthropic.com)"
18.119.213.36 - - [29/Nov/2024:07:25:17 -0500] "GET /simple/function.php?action=rename&dir=%2F%2Flib%2Fnode_modules%2Fnpm%2Fnode_modules%2Ftweetnacl&item=AUTHORS.md HTTP/1.1" 200 3218 "-" "Mozilla/5.0 AppleWebKit/537.36 (KHTML, like Gecko; compatible; ClaudeBot/1.0; +claudebot@anthropic.com)"
13.58.200.78 - - [29/Nov/2024:07:25:17 -0500] "GET /simple/function.php?action=rename&dir=%2Fhome%2Finsiaiqb%2F.cagefs%2Fopt%2Falt%2Fphp80%2Fvar%2Flib%2Fphp%2Fsession&item=sess_5r3i6v1gp0dkt7qfejpu05phv5 HTTP/1.1" 200 132640 "-" "Mozilla/5.0 AppleWebKit/537.36 (KHTML, like Gecko; compatible; ClaudeBot/1.0; +claudebot@anthropic.com)"
18.119.213.36 - - [29/Nov/2024:07:25:17 -0500] "GET /simple/function.php?action=edit&dir=%2F%2Fusr%2Flib64%2Fpython3.6%2Fmultiprocessing%2F__pycache__&item=reduction.cpython-36.pyc HTTP/1.1" 200 5004 "-" "Mozilla/5.0 AppleWebKit/537.36 (KHTML, like Gecko; compatible; ClaudeBot/1.0; +claudebot@anthropic.com)"
18.119.213.36 - - [29/Nov/2024:07:25:17 -0500] "GET /simple/function.php?action=chmod&dir=%2Fhome%2Finsiaiqb%2F.cagefs%2Fopt%2Falt%2Fphp80%2Fvar%2Flib%2Fphp%2Fsession&item=sess_bf26ts9slo7g2r4pu304076bqc HTTP/1.1" 200 142484 "-" "Mozilla/5.0 AppleWebKit/537.36 (KHTML, like Gecko; compatible; ClaudeBot/1.0; +claudebot@anthropic.com)"
18.119.213.36 - - [29/Nov/2024:07:25:17 -0500] "GET /simple/function.php?action=view&dir=%2Fhome%2Finsiaiqb%2F.cagefs%2Fopt%2Falt%2Fphp80%2Fvar%2Flib%2Fphp%2Fsession&item=sess_28e3994915b84ef3eb95fbd370577639 HTTP/1.1" 200 134997 "-" "Mozilla/5.0 AppleWebKit/537.36 (KHTML, like Gecko; compatible; ClaudeBot/1.0; +claudebot@anthropic.com)"
3.143.218.180 - - [29/Nov/2024:07:25:18 -0500] "GET /simple/function.php?action=chmod&dir=%2F%2Fproc%2Fthread-self%2Froot%2Fproc&item=2002276 HTTP/1.1" 200 5356 "-" "Mozilla/5.0 AppleWebKit/537.36 (KHTML, like Gecko; compatible; ClaudeBot/1.0; +claudebot@anthropic.com)"
3.143.218.180 - - [29/Nov/2024:07:25:18 -0500] "GET /simple/function.php?action=chmod&dir=%2Fhome%2Finsiaiqb%2F.cagefs%2Fopt%2Falt%2Fphp80%2Fvar%2Flib%2Fphp%2Fsession&item=sess_92o89efgb3dqkqj8caribli72r HTTP/1.1" 200 142109 "-" "Mozilla/5.0 AppleWebKit/537.36 (KHTML, like Gecko; compatible; ClaudeBot/1.0; +claudebot@anthropic.com)"
136.243.220.210 - - [29/Nov/2024:07:25:18 -0500] "GET /product/uju223/20831?keyword=region HTTP/1.1" 404 1251 "-" "Mozilla/5.0 (compatible; DataForSeoBot/1.0; +https://dataforseo.com/dataforseo-bot)"
3.14.134.18 - - [29/Nov/2024:07:25:18 -0500] "GET /simple/function.php?action=chmod&dir=%2F%2Fproc%2Fthread-self%2Froot%2Fproc&item=2161338 HTTP/1.1" 200 5509 "-" "Mozilla/5.0 AppleWebKit/537.36 (KHTML, like Gecko; compatible; ClaudeBot/1.0; +claudebot@anthropic.com)"
3.14.134.18 - - [29/Nov/2024:07:25:18 -0500] "GET /simple/function.php?action=chmod&dir=%2F%2Fproc%2Fself%2Froot%2Fproc%2Fthread-self%2Froot%2Fproc&item=2174926 HTTP/1.1" 200 5372 "-" "Mozilla/5.0 AppleWebKit/537.36 (KHTML, like Gecko; compatible; ClaudeBot/1.0; +claudebot@anthropic.com)"
3.14.134.18 - - [29/Nov/2024:07:25:18 -0500] "GET /simple/function.php?action=view&dir=%2F%2Fopt%2Fcloudlinux%2Falt-php81%2Froot%2Fusr%2Finclude%2Fphp%2Fmain&item=spprintf.h HTTP/1.1" 200 4586 "-" "Mozilla/5.0 AppleWebKit/537.36 (KHTML, like Gecko; compatible; ClaudeBot/1.0; +claudebot@anthropic.com)"
3.14.134.18 - - [29/Nov/2024:07:25:18 -0500] "GET /simple/function.php?action=edit&dir=%2Fhome%2Finsiaiqb%2F.cagefs%2Fopt%2Falt%2Fphp80%2Fvar%2Flib%2Fphp%2Fsession&item=sess_rlo5so7pi8p6sq0jio7rq3pbi2 HTTP/1.1" 200 142401 "-" "Mozilla/5.0 AppleWebKit/537.36 (KHTML, like Gecko; compatible; ClaudeBot/1.0; +claudebot@anthropic.com)"
3.14.134.18 - - [29/Nov/2024:07:25:19 -0500] "GET /simple/function.php?action=edit&dir=%2Fhome%2Finsiaiqb%2F.cagefs%2Fopt%2Falt%2Fphp80%2Fvar%2Flib%2Fphp%2Fsession&item=sess_9mm0rnggvgd2qharjlqshho3gd HTTP/1.1" 200 140046 "-" "Mozilla/5.0 AppleWebKit/537.36 (KHTML, like Gecko; compatible; ClaudeBot/1.0; +claudebot@anthropic.com)"
3.14.134.18 - - [29/Nov/2024:07:25:19 -0500] "GET /simple/function.php?action=chmod&dir=%2Fhome%2Finsiaiqb%2F.cagefs%2Fopt%2Falt%2Fphp80%2Fvar%2Flib%2Fphp%2Fsession&item=sess_o05g9kmfjs4ois9lciuucaukck HTTP/1.1" 200 140094 "-" "Mozilla/5.0 AppleWebKit/537.36 (KHTML, like Gecko; compatible; ClaudeBot/1.0; +claudebot@anthropic.com)"
3.14.134.18 - - [29/Nov/2024:07:25:19 -0500] "GET /simple/function.php?action=rename&dir=%2Fhome%2Finsiaiqb%2F.cagefs%2Fopt%2Falt%2Fphp80%2Fvar%2Flib%2Fphp%2Fsession&item=sess_41itv16src5h0cpsragsigm0qk HTTP/1.1" 200 131876 "-" "Mozilla/5.0 AppleWebKit/537.36 (KHTML, like Gecko; compatible; ClaudeBot/1.0; +claudebot@anthropic.com)"
18.117.154.134 - - [29/Nov/2024:07:25:19 -0500] "GET /simple/function.php?action=view&dir=%2Fhome%2Finsiaiqb%2F.cagefs%2Fopt%2Falt%2Fphp80%2Fvar%2Flib%2Fphp%2Fsession&item=sess_lje8obp4dij9u57nh40svjih8j HTTP/1.1" 200 129175 "-" "Mozilla/5.0 AppleWebKit/537.36 (KHTML, like Gecko; compatible; ClaudeBot/1.0; +claudebot@anthropic.com)"
18.117.154.134 - - [29/Nov/2024:07:25:19 -0500] "GET /simple/function.php?action=edit&dir=%2Fhome%2Finsiaiqb%2F.cagefs%2Fopt%2Falt%2Fphp80%2Fvar%2Flib%2Fphp%2Fsession&item=sess_l6movtqneu6kg1r5rjl0fd3dn7 HTTP/1.1" 200 131197 "-" "Mozilla/5.0 AppleWebKit/537.36 (KHTML, like Gecko; compatible; ClaudeBot/1.0; +claudebot@anthropic.com)"
100.28.44.58 - - [29/Nov/2024:07:25:19 -0500] "GET /simple/function.php?action=edit&dir=//opt/alt/php80/var/lib/php/session&item=sess_eee2dpvalv01bn91m4uppglvku HTTP/1.1" 200 165517 "-" "Mozilla/5.0 (Macintosh; Intel Mac OS X 10_10_1) AppleWebKit/600.2.5 (KHTML, like Gecko) Version/8.0.2 Safari/600.2.5 (Amazonbot/0.1; +https://developer.amazon.com/support/amazonbot)"
18.117.154.134 - - [29/Nov/2024:07:25:19 -0500] "GET /simple/function.php?action=edit&dir=%2Fhome%2Finsiaiqb%2F.cagefs%2Fopt%2Falt%2Fphp80%2Fvar%2Flib%2Fphp%2Fsession&item=sess_cosspmp00u202a5r8jb57deapj HTTP/1.1" 200 129975 "-" "Mozilla/5.0 AppleWebKit/537.36 (KHTML, like Gecko; compatible; ClaudeBot/1.0; +claudebot@anthropic.com)"
18.117.154.134 - - [29/Nov/2024:07:25:20 -0500] "GET /simple/function.php?action=chmod&dir=%2Fhome%2Finsiaiqb%2F.cagefs%2Fopt%2Falt%2Fphp80%2Fvar%2Flib%2Fphp%2Fsession&item=sess_g6jk9285l89ihfb3gr7rldnun6 HTTP/1.1" 200 132270 "-" "Mozilla/5.0 AppleWebKit/537.36 (KHTML, like Gecko; compatible; ClaudeBot/1.0; +claudebot@anthropic.com)"
18.117.154.134 - - [29/Nov/2024:07:25:20 -0500] "GET /simple/function.php?action=chmod&dir=%2Fhome%2Finsiaiqb%2F.cagefs%2Fopt%2Falt%2Fphp80%2Fvar%2Flib%2Fphp%2Fsession&item=sess_r3sp8qpufbabul6msla1sjcvc0 HTTP/1.1" 200 138679 "-" "Mozilla/5.0 AppleWebKit/537.36 (KHTML, like Gecko; compatible; ClaudeBot/1.0; +claudebot@anthropic.com)"
18.117.154.134 - - [29/Nov/2024:07:25:20 -0500] "GET /simple/function.php?action=chmod&dir=%2Fhome%2Finsiaiqb%2F.cagefs%2Fopt%2Falt%2Fphp80%2Fvar%2Flib%2Fphp%2Fsession&item=sess_gdhjss5cdvartqiitu4gr7mjfs HTTP/1.1" 200 141034 "-" "Mozilla/5.0 AppleWebKit/537.36 (KHTML, like Gecko; compatible; ClaudeBot/1.0; +claudebot@anthropic.com)"
3.137.190.6 - - [29/Nov/2024:07:25:20 -0500] "GET /simple/function.php?action=rename&dir=%2F%2Fopt%2Fcloudlinux%2Falt-php81%2Froot%2Fusr%2Finclude%2Fphp%2Fmain&item=php_ticks.h HTTP/1.1" 200 4070 "-" "Mozilla/5.0 AppleWebKit/537.36 (KHTML, like Gecko; compatible; ClaudeBot/1.0; +claudebot@anthropic.com)"
3.137.190.6 - - [29/Nov/2024:07:25:20 -0500] "GET /simple/function.php?action=edit&dir=%2Fhome%2Finsiaiqb%2F.cagefs%2Fopt%2Falt%2Fphp80%2Fvar%2Flib%2Fphp%2Fsession&item=sess_mdqa99rbqj0d924a5j8mvar8jg HTTP/1.1" 200 134873 "-" "Mozilla/5.0 AppleWebKit/537.36 (KHTML, like Gecko; compatible; ClaudeBot/1.0; +claudebot@anthropic.com)"
3.137.190.6 - - [29/Nov/2024:07:25:20 -0500] "GET /simple/function.php?action=rename&dir=%2Fhome%2Finsiaiqb%2F.cagefs%2Fopt%2Falt%2Fphp80%2Fvar%2Flib%2Fphp%2Fsession&item=sess_tf6s5tj7na2thbpf5tgl8mp3c0 HTTP/1.1" 200 133234 "-" "Mozilla/5.0 AppleWebKit/537.36 (KHTML, like Gecko; compatible; ClaudeBot/1.0; +claudebot@anthropic.com)"
18.118.255.51 - - [29/Nov/2024:07:25:21 -0500] "GET /simple/function.php?action=edit&dir=%2F%2Fusr%2Fshare%2Fvim%2Fvim80%2Findent&item=vhdl.vim HTTP/1.1" 200 11764 "-" "Mozilla/5.0 AppleWebKit/537.36 (KHTML, like Gecko; compatible; ClaudeBot/1.0; +claudebot@anthropic.com)"
3.128.31.227 - - [29/Nov/2024:07:25:21 -0500] "GET /simple/function.php?action=chmod&dir=%2F%2Fproc&item=2133469 HTTP/1.1" 200 5159 "-" "Mozilla/5.0 AppleWebKit/537.36 (KHTML, like Gecko; compatible; ClaudeBot/1.0; +claudebot@anthropic.com)"
3.137.190.6 - - [29/Nov/2024:07:25:21 -0500] "GET /simple/function.php?action=rename&dir=%2Fhome%2Finsiaiqb%2F.cagefs%2Fopt%2Falt%2Fphp80%2Fvar%2Flib%2Fphp%2Fsession&item=sess_4kt9pu0mv2bjt9go2ec795bekh HTTP/1.1" 200 131234 "-" "Mozilla/5.0 AppleWebKit/537.36 (KHTML, like Gecko; compatible; ClaudeBot/1.0; +claudebot@anthropic.com)"
3.128.31.227 - - [29/Nov/2024:07:25:21 -0500] "GET /simple/function.php?action=view&dir=%2F%2Fopt%2Falt%2Fruby23%2Flib64%2Fruby%2F2.3.0%2Fpsych%2Fhandlers&item=document_stream.rb HTTP/1.1" 200 2961 "-" "Mozilla/5.0 AppleWebKit/537.36 (KHTML, like Gecko; compatible; ClaudeBot/1.0; +claudebot@anthropic.com)"
18.118.255.51 - - [29/Nov/2024:07:25:21 -0500] "GET /simple/function.php?action=view&dir=%2Fhome%2Finsiaiqb%2F.cagefs%2Fopt%2Falt%2Fphp80%2Fvar%2Flib%2Fphp%2Fsession&item=sess_v0clses8d6abvi13tvv0bibc1e HTTP/1.1" 200 130363 "-" "Mozilla/5.0 AppleWebKit/537.36 (KHTML, like Gecko; compatible; ClaudeBot/1.0; +claudebot@anthropic.com)"
3.128.31.227 - - [29/Nov/2024:07:25:21 -0500] "GET /simple/function.php?action=view&dir=%2Fhome%2Finsiaiqb%2F.cagefs%2Fopt%2Falt%2Fphp80%2Fvar%2Flib%2Fphp%2Fsession&item=sess_7cccigvpgnuseksqdkhh1m2gpt HTTP/1.1" 200 140467 "-" "Mozilla/5.0 AppleWebKit/537.36 (KHTML, like Gecko; compatible; ClaudeBot/1.0; +claudebot@anthropic.com)"
136.243.220.210 - - [29/Nov/2024:07:25:22 -0500] "GET /product/hez124/2645?keyword=distribution HTTP/1.1" 404 1251 "-" "Mozilla/5.0 (compatible; DataForSeoBot/1.0; +https://dataforseo.com/dataforseo-bot)"
3.128.31.227 - - [29/Nov/2024:07:25:22 -0500] "GET /simple/function.php?action=view&dir=%2Fhome%2Finsiaiqb%2F.cagefs%2Fopt%2Falt%2Fphp80%2Fvar%2Flib%2Fphp%2Fsession&item=sess_73brbgfo2hq4hi901r042cp39q HTTP/1.1" 200 133504 "-" "Mozilla/5.0 AppleWebKit/537.36 (KHTML, like Gecko; compatible; ClaudeBot/1.0; +claudebot@anthropic.com)"
3.128.31.227 - - [29/Nov/2024:07:25:22 -0500] "GET /simple/function.php?action=edit&dir=%2Fhome%2Finsiaiqb%2F.cagefs%2Fopt%2Falt%2Fphp80%2Fvar%2Flib%2Fphp%2Fsession&item=sess_if9bei2lv4gv15p3lbkunu25eh HTTP/1.1" 200 133363 "-" "Mozilla/5.0 AppleWebKit/537.36 (KHTML, like Gecko; compatible; ClaudeBot/1.0; +claudebot@anthropic.com)"
3.128.31.227 - - [29/Nov/2024:07:25:22 -0500] "GET /simple/function.php?action=view&dir=%2Fhome%2Finsiaiqb%2F.cagefs%2Fopt%2Falt%2Fphp80%2Fvar%2Flib%2Fphp%2Fsession&item=sess_ru6jt5ut4aqd71jmlg1dtekudj HTTP/1.1" 200 140312 "-" "Mozilla/5.0 AppleWebKit/537.36 (KHTML, like Gecko; compatible; ClaudeBot/1.0; +claudebot@anthropic.com)"
3.128.31.227 - - [29/Nov/2024:07:25:22 -0500] "GET /simple/function.php?action=chmod&dir=%2Fhome%2Finsiaiqb%2F.cagefs%2Fopt%2Falt%2Fphp80%2Fvar%2Flib%2Fphp%2Fsession&item=sess_c7g6ch9b12e6bm2uuk5ao13e49 HTTP/1.1" 200 138390 "-" "Mozilla/5.0 AppleWebKit/537.36 (KHTML, like Gecko; compatible; ClaudeBot/1.0; +claudebot@anthropic.com)"
3.128.31.227 - - [29/Nov/2024:07:25:22 -0500] "GET /simple/function.php?action=chmod&dir=%2Fhome%2Finsiaiqb%2F.cagefs%2Fopt%2Falt%2Fphp80%2Fvar%2Flib%2Fphp%2Fsession&item=sess_48rj5h2ssvbqicb7vp8g4l8ren HTTP/1.1" 200 137336 "-" "Mozilla/5.0 AppleWebKit/537.36 (KHTML, like Gecko; compatible; ClaudeBot/1.0; +claudebot@anthropic.com)"
3.128.31.227 - - [29/Nov/2024:07:25:23 -0500] "GET /simple/function.php?action=chmod&dir=%2Fhome%2Finsiaiqb%2F.cagefs%2Fopt%2Falt%2Fphp80%2Fvar%2Flib%2Fphp%2Fsession&item=sess_0b0t7m4gg933gmb63l67m89r78 HTTP/1.1" 200 137612 "-" "Mozilla/5.0 AppleWebKit/537.36 (KHTML, like Gecko; compatible; ClaudeBot/1.0; +claudebot@anthropic.com)"
18.209.137.234 - - [29/Nov/2024:07:25:23 -0500] "GET /simple/function.php?action=chmod&dir=//opt/alt/php80/var/lib/php/session&item=sess_dfad2rggutevr5q5rcn4scs2k9 HTTP/1.1" 200 167226 "-" "Mozilla/5.0 (Macintosh; Intel Mac OS X 10_10_1) AppleWebKit/600.2.5 (KHTML, like Gecko) Version/8.0.2 Safari/600.2.5 (Amazonbot/0.1; +https://developer.amazon.com/support/amazonbot)"
3.128.31.227 - - [29/Nov/2024:07:25:23 -0500] "GET /simple/function.php?action=rename&dir=%2Fhome%2Finsiaiqb%2F.cagefs%2Fopt%2Falt%2Fphp80%2Fvar%2Flib%2Fphp%2Fsession&item=sess_tr0rlc8rcprrsdtjh7tujuph3p HTTP/1.1" 200 131256 "-" "Mozilla/5.0 AppleWebKit/537.36 (KHTML, like Gecko; compatible; ClaudeBot/1.0; +claudebot@anthropic.com)"
3.141.198.147 - - [29/Nov/2024:07:25:24 -0500] "GET /simple/function.php?action=rename&dir=%2F%2Fproc&item=2129221 HTTP/1.1" 200 5123 "-" "Mozilla/5.0 AppleWebKit/537.36 (KHTML, like Gecko; compatible; ClaudeBot/1.0; +claudebot@anthropic.com)"
3.141.198.147 - - [29/Nov/2024:07:25:24 -0500] "GET /simple/function.php?action=rename&dir=%2F%2Fproc&item=2129459 HTTP/1.1" 200 5235 "-" "Mozilla/5.0 AppleWebKit/537.36 (KHTML, like Gecko; compatible; ClaudeBot/1.0; +claudebot@anthropic.com)"
3.141.198.147 - - [29/Nov/2024:07:25:24 -0500] "GET /simple/function.php?action=view&dir=%2F%2Fusr%2Flib64%2Fperl5%2Fvendor_perl%2FIO&item=Pty.pm HTTP/1.1" 200 6628 "-" "Mozilla/5.0 AppleWebKit/537.36 (KHTML, like Gecko; compatible; ClaudeBot/1.0; +claudebot@anthropic.com)"
3.15.34.50 - - [29/Nov/2024:07:25:24 -0500] "GET /simple/function.php?dir=%2F%2Fproc%2Fself%2Froot%2Fproc%2Fthread-self%2Froot%2Fproc%2F2016408 HTTP/1.1" 200 2189 "-" "Mozilla/5.0 AppleWebKit/537.36 (KHTML, like Gecko; compatible; ClaudeBot/1.0; +claudebot@anthropic.com)"
3.15.34.50 - - [29/Nov/2024:07:25:24 -0500] "GET /simple/function.php?action=chmod&dir=%2F%2Fproc%2Fself%2Froot%2Fproc%2Fthread-self%2Froot%2Fproc&item=1998295 HTTP/1.1" 200 5349 "-" "Mozilla/5.0 AppleWebKit/537.36 (KHTML, like Gecko; compatible; ClaudeBot/1.0; +claudebot@anthropic.com)"
3.141.198.147 - - [29/Nov/2024:07:25:24 -0500] "GET /simple/function.php?action=view&dir=%2F%2Fusr%2Fshare%2Fvim%2Fvim80%2Fftplugin&item=updatedb.vim HTTP/1.1" 200 12177 "-" "Mozilla/5.0 AppleWebKit/537.36 (KHTML, like Gecko; compatible; ClaudeBot/1.0; +claudebot@anthropic.com)"
3.15.34.50 - - [29/Nov/2024:07:25:25 -0500] "GET /simple/function.php?action=view&dir=%2F%2Flib%2Fpython2.7%2Fsite-packages%2Fsetuptools%2Fcommand&item=rotate.pyo HTTP/1.1" 200 5151 "-" "Mozilla/5.0 AppleWebKit/537.36 (KHTML, like Gecko; compatible; ClaudeBot/1.0; +claudebot@anthropic.com)"
3.15.34.50 - - [29/Nov/2024:07:25:25 -0500] "GET /simple/function.php?action=chmod&dir=%2F%2Fopt%2Falt%2Fruby23%2Flib64%2Fruby%2F2.3.0%2Fx86_64-linux%2Fmathn&item=rational.so HTTP/1.1" 200 2731 "-" "Mozilla/5.0 AppleWebKit/537.36 (KHTML, like Gecko; compatible; ClaudeBot/1.0; +claudebot@anthropic.com)"
3.137.173.98 - - [29/Nov/2024:07:25:25 -0500] "GET /simple/function.php?action=chmod&dir=%2F%2Fproc%2Fself%2Froot%2Fproc&item=2013328 HTTP/1.1" 200 5246 "-" "Mozilla/5.0 AppleWebKit/537.36 (KHTML, like Gecko; compatible; ClaudeBot/1.0; +claudebot@anthropic.com)"
3.137.173.98 - - [29/Nov/2024:07:25:25 -0500] "GET /simple/function.php?action=view&dir=%2F%2Fopt%2Fcloudlinux%2Falt-php81%2Froot%2Fusr%2Finclude%2Fphp%2Fmain&item=php_variables.h HTTP/1.1" 200 4727 "-" "Mozilla/5.0 AppleWebKit/537.36 (KHTML, like Gecko; compatible; ClaudeBot/1.0; +claudebot@anthropic.com)"
3.17.155.142 - - [29/Nov/2024:07:25:25 -0500] "GET /simple/function.php?dir=%2F%2Fproc%2F2163531 HTTP/1.1" 200 2121 "-" "Mozilla/5.0 AppleWebKit/537.36 (KHTML, like Gecko; compatible; ClaudeBot/1.0; +claudebot@anthropic.com)"
3.17.155.142 - - [29/Nov/2024:07:25:25 -0500] "GET /simple/function.php?dir=%2F%2Fproc%2Fthread-self%2Froot%2Fproc%2F2172929 HTTP/1.1" 200 2168 "-" "Mozilla/5.0 AppleWebKit/537.36 (KHTML, like Gecko; compatible; ClaudeBot/1.0; +claudebot@anthropic.com)"
136.243.220.210 - - [29/Nov/2024:07:25:25 -0500] "GET /product/ofwg97/15766?keyword=coin HTTP/1.1" 404 1251 "-" "Mozilla/5.0 (compatible; DataForSeoBot/1.0; +https://dataforseo.com/dataforseo-bot)"
3.17.155.142 - - [29/Nov/2024:07:25:25 -0500] "GET /simple/function.php?action=rename&dir=%2F%2Fproc%2Fself%2Froot%2Fproc%2Fthread-self%2Froot%2Fproc&item=2111251 HTTP/1.1" 200 5273 "-" "Mozilla/5.0 AppleWebKit/537.36 (KHTML, like Gecko; compatible; ClaudeBot/1.0; +claudebot@anthropic.com)"
3.17.155.142 - - [29/Nov/2024:07:25:26 -0500] "GET /simple/function.php?action=rename&dir=%2Fhome%2Finsiaiqb%2Fpetpulsespot.com%2Fwp-content%2Fthemes%2Famandalite%2Fcore&item=classes HTTP/1.1" 200 2745 "-" "Mozilla/5.0 AppleWebKit/537.36 (KHTML, like Gecko; compatible; ClaudeBot/1.0; +claudebot@anthropic.com)"
3.17.155.142 - - [29/Nov/2024:07:25:26 -0500] "GET /simple/function.php?action=chmod&dir=%2Fhome%2Finsiaiqb%2F.cagefs%2Fopt%2Falt%2Fphp80%2Fvar%2Flib%2Fphp%2Fsession&item=sess_065gdrc720l7sda073ap9obtl7 HTTP/1.1" 200 135453 "-" "Mozilla/5.0 AppleWebKit/537.36 (KHTML, like Gecko; compatible; ClaudeBot/1.0; +claudebot@anthropic.com)"
3.17.155.142 - - [29/Nov/2024:07:25:26 -0500] "GET /simple/function.php?action=rename&dir=%2Fhome%2Finsiaiqb%2F.cagefs%2Fopt%2Falt%2Fphp80%2Fvar%2Flib%2Fphp%2Fsession&item=sess_87bvlfp7pg3omhj8ofmov7p9ru HTTP/1.1" 200 141369 "-" "Mozilla/5.0 AppleWebKit/537.36 (KHTML, like Gecko; compatible; ClaudeBot/1.0; +claudebot@anthropic.com)"
3.17.155.142 - - [29/Nov/2024:07:25:26 -0500] "GET /simple/function.php?action=rename&dir=%2Fhome%2Finsiaiqb%2F.cagefs%2Fopt%2Falt%2Fphp80%2Fvar%2Flib%2Fphp%2Fsession&item=sess_ppk9d6etk4ji7npi7onobi8vkk HTTP/1.1" 200 139272 "-" "Mozilla/5.0 AppleWebKit/537.36 (KHTML, like Gecko; compatible; ClaudeBot/1.0; +claudebot@anthropic.com)"
52.14.252.16 - - [29/Nov/2024:07:25:27 -0500] "GET /simple/function.php?action=chmod&dir=%2F%2Fproc%2Fself%2Froot%2Fproc&item=2156273 HTTP/1.1" 200 5375 "-" "Mozilla/5.0 AppleWebKit/537.36 (KHTML, like Gecko; compatible; ClaudeBot/1.0; +claudebot@anthropic.com)"
52.14.252.16 - - [29/Nov/2024:07:25:27 -0500] "GET /simple/function.php?action=chmod&dir=%2F%2Fproc%2Fself%2Froot%2Fproc%2Fthread-self%2Froot%2Fproc&item=2013328 HTTP/1.1" 200 5409 "-" "Mozilla/5.0 AppleWebKit/537.36 (KHTML, like Gecko; compatible; ClaudeBot/1.0; +claudebot@anthropic.com)"
52.6.5.24 - - [29/Nov/2024:07:25:27 -0500] "GET /simple/function.php?action=chmod&dir=//opt/alt/php80/var/lib/php/session&item=sess_edmlgmaffic6ptbmcf0gh2qc43 HTTP/1.1" 200 174705 "-" "Mozilla/5.0 (Macintosh; Intel Mac OS X 10_10_1) AppleWebKit/600.2.5 (KHTML, like Gecko) Version/8.0.2 Safari/600.2.5 (Amazonbot/0.1; +https://developer.amazon.com/support/amazonbot)"
52.14.252.16 - - [29/Nov/2024:07:25:27 -0500] "GET /simple/function.php?action=edit&dir=%2Fhome%2Finsiaiqb%2Fpethavenspot.com%2Fwp-includes%2Fcss%2Fdist%2Fblock-directory&item=style.css HTTP/1.1" 200 3969 "-" "Mozilla/5.0 AppleWebKit/537.36 (KHTML, like Gecko; compatible; ClaudeBot/1.0; +claudebot@anthropic.com)"
52.14.252.16 - - [29/Nov/2024:07:25:27 -0500] "GET /simple/function.php?action=edit&dir=%2Fhome%2Finsiaiqb%2F.cagefs%2Fopt%2Falt%2Fphp80%2Fvar%2Flib%2Fphp%2Fsession&item=sess_qmjg75jqdr7iboslkdcigu5pq0 HTTP/1.1" 200 142599 "-" "Mozilla/5.0 AppleWebKit/537.36 (KHTML, like Gecko; compatible; ClaudeBot/1.0; +claudebot@anthropic.com)"
52.14.252.16 - - [29/Nov/2024:07:25:27 -0500] "GET /simple/function.php?action=chmod&dir=%2Fhome%2Finsiaiqb%2F.cagefs%2Fopt%2Falt%2Fphp80%2Fvar%2Flib%2Fphp%2Fsession&item=sess_v2m0gmln1g2ogsp23u52ii1shv HTTP/1.1" 200 140077 "-" "Mozilla/5.0 AppleWebKit/537.36 (KHTML, like Gecko; compatible; ClaudeBot/1.0; +claudebot@anthropic.com)"
3.148.108.192 - - [29/Nov/2024:07:25:28 -0500] "GET /simple/function.php?dir=%2F%2Fproc%2Fself%2Froot%2Fproc%2Fthread-self%2Froot%2Fproc%2F2180219 HTTP/1.1" 200 2189 "-" "Mozilla/5.0 AppleWebKit/537.36 (KHTML, like Gecko; compatible; ClaudeBot/1.0; +claudebot@anthropic.com)"
3.148.108.192 - - [29/Nov/2024:07:25:28 -0500] "GET /simple/function.php?action=chmod&dir=%2F%2Fproc%2Fself%2Froot%2Fproc%2Fthread-self%2Froot%2Fproc&item=2136012 HTTP/1.1" 200 5183 "-" "Mozilla/5.0 AppleWebKit/537.36 (KHTML, like Gecko; compatible; ClaudeBot/1.0; +claudebot@anthropic.com)"
3.148.108.192 - - [29/Nov/2024:07:25:28 -0500] "GET /simple/function.php?action=edit&dir=%2Fhome%2Finsiaiqb%2Fpethavenspot.com%2Fwp-includes%2Fcss%2Fdist%2Fedit-post&item=classic-rtl.css HTTP/1.1" 200 3688 "-" "Mozilla/5.0 AppleWebKit/537.36 (KHTML, like Gecko; compatible; ClaudeBot/1.0; +claudebot@anthropic.com)"
3.148.108.192 - - [29/Nov/2024:07:25:28 -0500] "GET /simple/function.php?action=rename&dir=%2F%2Fusr%2Flib64%2Fpython3.6%2Fmultiprocessing%2F__pycache__&item=connection.cpython-36.opt-2.pyc HTTP/1.1" 200 5096 "-" "Mozilla/5.0 AppleWebKit/537.36 (KHTML, like Gecko; compatible; ClaudeBot/1.0; +claudebot@anthropic.com)"
3.148.108.192 - - [29/Nov/2024:07:25:28 -0500] "GET /simple/function.php?action=edit&dir=%2Fhome%2Finsiaiqb%2F.cagefs%2Fopt%2Falt%2Fphp80%2Fvar%2Flib%2Fphp%2Fsession&item=sess_88q3kg9no48e8phi8f2o4b5qh6 HTTP/1.1" 200 135213 "-" "Mozilla/5.0 AppleWebKit/537.36 (KHTML, like Gecko; compatible; ClaudeBot/1.0; +claudebot@anthropic.com)"
3.148.108.192 - - [29/Nov/2024:07:25:28 -0500] "GET /simple/function.php?action=edit&dir=%2Fhome%2Finsiaiqb%2F.cagefs%2Fopt%2Falt%2Fphp80%2Fvar%2Flib%2Fphp%2Fsession&item=sess_25ddkrl78urmd0n8eh73oitqtm HTTP/1.1" 200 135814 "-" "Mozilla/5.0 AppleWebKit/537.36 (KHTML, like Gecko; compatible; ClaudeBot/1.0; +claudebot@anthropic.com)"
3.148.108.192 - - [29/Nov/2024:07:25:29 -0500] "GET /simple/function.php?action=edit&dir=%2Fhome%2Finsiaiqb%2F.cagefs%2Fopt%2Falt%2Fphp80%2Fvar%2Flib%2Fphp%2Fsession&item=sess_d8k3vv2g8n2305l36gpgtihiq4 HTTP/1.1" 200 135725 "-" "Mozilla/5.0 AppleWebKit/537.36 (KHTML, like Gecko; compatible; ClaudeBot/1.0; +claudebot@anthropic.com)"
3.148.108.192 - - [29/Nov/2024:07:25:29 -0500] "GET /simple/function.php?action=edit&dir=%2Fhome%2Finsiaiqb%2F.cagefs%2Fopt%2Falt%2Fphp80%2Fvar%2Flib%2Fphp%2Fsession&item=sess_7ihgftgc07ch70sarcjk1srhue HTTP/1.1" 200 140756 "-" "Mozilla/5.0 AppleWebKit/537.36 (KHTML, like Gecko; compatible; ClaudeBot/1.0; +claudebot@anthropic.com)"
136.243.220.210 - - [29/Nov/2024:07:25:29 -0500] "GET /product/akiiv189/6969?keyword=tea HTTP/1.1" 404 1251 "-" "Mozilla/5.0 (compatible; DataForSeoBot/1.0; +https://dataforseo.com/dataforseo-bot)"
3.148.108.192 - - [29/Nov/2024:07:25:29 -0500] "GET /simple/function.php?action=chmod&dir=%2Fhome%2Finsiaiqb%2F.cagefs%2Fopt%2Falt%2Fphp80%2Fvar%2Flib%2Fphp%2Fsession&item=sess_d8bl44p3am632jb38s46886sdq HTTP/1.1" 200 143647 "-" "Mozilla/5.0 AppleWebKit/537.36 (KHTML, like Gecko; compatible; ClaudeBot/1.0; +claudebot@anthropic.com)"
3.148.108.192 - - [29/Nov/2024:07:25:29 -0500] "GET /simple/function.php?action=chmod&dir=%2Fhome%2Finsiaiqb%2F.cagefs%2Fopt%2Falt%2Fphp80%2Fvar%2Flib%2Fphp%2Fsession&item=sess_h9rpuis2ketkdj1hn161ahjl4a HTTP/1.1" 200 142409 "-" "Mozilla/5.0 AppleWebKit/537.36 (KHTML, like Gecko; compatible; ClaudeBot/1.0; +claudebot@anthropic.com)"
3.147.65.111 - - [29/Nov/2024:07:25:30 -0500] "GET /simple/function.php?action=chmod&dir=%2F%2Fproc&item=2120743 HTTP/1.1" 200 5246 "-" "Mozilla/5.0 AppleWebKit/537.36 (KHTML, like Gecko; compatible; ClaudeBot/1.0; +claudebot@anthropic.com)"
3.147.65.111 - - [29/Nov/2024:07:25:30 -0500] "GET /simple/function.php?action=chmod&dir=%2F%2Fproc%2Fself%2Froot%2Fproc&item=2126413 HTTP/1.1" 200 5275 "-" "Mozilla/5.0 AppleWebKit/537.36 (KHTML, like Gecko; compatible; ClaudeBot/1.0; +claudebot@anthropic.com)"
3.147.65.111 - - [29/Nov/2024:07:25:30 -0500] "GET /simple/function.php?dir=%2F%2Fopt%2Fhc_python%2Flib64%2Fpython3.8%2Fsite-packages%2Fpydantic HTTP/1.1" 200 4663 "-" "Mozilla/5.0 AppleWebKit/537.36 (KHTML, like Gecko; compatible; ClaudeBot/1.0; +claudebot@anthropic.com)"
3.147.65.111 - - [29/Nov/2024:07:25:30 -0500] "GET /simple/function.php?action=view&dir=%2F%2Fopt%2Fcloudlinux%2Falt-php81%2Froot%2Fusr%2Finclude%2Fphp%2Fmain&item=rfc1867.h HTTP/1.1" 200 4978 "-" "Mozilla/5.0 AppleWebKit/537.36 (KHTML, like Gecko; compatible; ClaudeBot/1.0; +claudebot@anthropic.com)"
3.147.65.111 - - [29/Nov/2024:07:25:31 -0500] "GET /simple/function.php?action=edit&dir=%2F%2Fopt%2Fcloudlinux%2Falt-php81%2Froot%2Fusr%2Finclude%2Fphp%2Fmain&item=rfc1867.h HTTP/1.1" 200 4985 "-" "Mozilla/5.0 AppleWebKit/537.36 (KHTML, like Gecko; compatible; ClaudeBot/1.0; +claudebot@anthropic.com)"
3.147.65.111 - - [29/Nov/2024:07:25:31 -0500] "GET /simple/function.php?action=view&dir=%2F%2Fopt%2Fcloudlinux%2Falt-php81%2Froot%2Fusr%2Finclude%2Fphp%2Fmain&item=php_getopt.h HTTP/1.1" 200 4760 "-" "Mozilla/5.0 AppleWebKit/537.36 (KHTML, like Gecko; compatible; ClaudeBot/1.0; +claudebot@anthropic.com)"
3.147.65.111 - - [29/Nov/2024:07:25:31 -0500] "GET /simple/function.php?action=chmod&dir=%2F%2Fopt%2Fhc_python%2Flib64%2Fpython3.8%2Fsite-packages&item=charset_normalizer-3.3.2.dist-info HTTP/1.1" 200 6568 "-" "Mozilla/5.0 AppleWebKit/537.36 (KHTML, like Gecko; compatible; ClaudeBot/1.0; +claudebot@anthropic.com)"
52.44.148.203 - - [29/Nov/2024:07:25:31 -0500] "GET /simple/function.php?action=chmod&dir=//opt/alt/php80/var/lib/php/session&item=sess_fgjpld2js53rf99284b10jgad0 HTTP/1.1" 200 181976 "-" "Mozilla/5.0 (Macintosh; Intel Mac OS X 10_10_1) AppleWebKit/600.2.5 (KHTML, like Gecko) Version/8.0.2 Safari/600.2.5 (Amazonbot/0.1; +https://developer.amazon.com/support/amazonbot)"
18.224.69.176 - - [29/Nov/2024:07:25:31 -0500] "GET /simple/function.php?dir=%2F%2Fproc%2Fself%2Froot%2Fproc%2Fthread-self%2Froot%2Fproc%2F2176853 HTTP/1.1" 200 2190 "-" "Mozilla/5.0 AppleWebKit/537.36 (KHTML, like Gecko; compatible; ClaudeBot/1.0; +claudebot@anthropic.com)"
18.224.69.176 - - [29/Nov/2024:07:25:31 -0500] "GET /simple/function.php?action=edit&dir=%2F%2Fusr%2Flib64%2Fpython3.8%2Fhttp%2F__pycache__&item=server.cpython-38.pyc HTTP/1.1" 200 3244 "-" "Mozilla/5.0 AppleWebKit/537.36 (KHTML, like Gecko; compatible; ClaudeBot/1.0; +claudebot@anthropic.com)"
18.222.44.156 - - [29/Nov/2024:07:25:32 -0500] "GET /simple/function.php?dir=%2F%2Fproc%2Fthread-self%2Froot%2Fproc%2F2159317 HTTP/1.1" 200 2166 "-" "Mozilla/5.0 AppleWebKit/537.36 (KHTML, like Gecko; compatible; ClaudeBot/1.0; +claudebot@anthropic.com)"
18.119.113.79 - - [29/Nov/2024:07:25:32 -0500] "GET /simple/function.php?dir=%2F%2Fproc%2Fthread-self%2Froot%2Fproc%2F1997867 HTTP/1.1" 200 2166 "-" "Mozilla/5.0 AppleWebKit/537.36 (KHTML, like Gecko; compatible; ClaudeBot/1.0; +claudebot@anthropic.com)"
18.119.113.79 - - [29/Nov/2024:07:25:32 -0500] "GET /simple/function.php?action=view&dir=%2F%2Fusr%2Flib64%2Fpython3.8%2Fmultiprocessing%2F__pycache__&item=forkserver.cpython-38.opt-1.pyc HTTP/1.1" 200 5110 "-" "Mozilla/5.0 AppleWebKit/537.36 (KHTML, like Gecko; compatible; ClaudeBot/1.0; +claudebot@anthropic.com)"
18.119.113.79 - - [29/Nov/2024:07:25:32 -0500] "GET /simple/function.php?action=chmod&dir=%2Fhome%2Finsiaiqb%2F.cagefs%2Fopt%2Falt%2Fphp80%2Fvar%2Flib%2Fphp%2Fsession&item=sess_6suvqtvne89brdmegjonvnrgtj HTTP/1.1" 200 141957 "-" "Mozilla/5.0 AppleWebKit/537.36 (KHTML, like Gecko; compatible; ClaudeBot/1.0; +claudebot@anthropic.com)"
18.224.55.63 - - [29/Nov/2024:07:25:32 -0500] "GET /simple/function.php?dir=%2F%2Fproc%2Fself%2Froot%2Fproc%2Fthread-self%2Froot%2Fproc%2F2115183 HTTP/1.1" 200 2190 "-" "Mozilla/5.0 AppleWebKit/537.36 (KHTML, like Gecko; compatible; ClaudeBot/1.0; +claudebot@anthropic.com)"
18.224.55.63 - - [29/Nov/2024:07:25:32 -0500] "GET /simple/function.php?action=view&dir=%2Fhome%2Finsiaiqb%2F.cagefs%2Fopt%2Falt%2Fphp80%2Fvar%2Flib%2Fphp%2Fsession&item=sess_q8ghe4ngsfpmatdnvkuvqshtug HTTP/1.1" 200 145645 "-" "Mozilla/5.0 AppleWebKit/537.36 (KHTML, like Gecko; compatible; ClaudeBot/1.0; +claudebot@anthropic.com)"
18.224.55.63 - - [29/Nov/2024:07:25:32 -0500] "GET /simple/function.php?action=chmod&dir=%2Fhome%2Finsiaiqb%2F.cagefs%2Fopt%2Falt%2Fphp80%2Fvar%2Flib%2Fphp%2Fsession&item=sess_cb657bg2rk5dlaqh0l3fdmrhc2 HTTP/1.1" 200 141552 "-" "Mozilla/5.0 AppleWebKit/537.36 (KHTML, like Gecko; compatible; ClaudeBot/1.0; +claudebot@anthropic.com)"
18.224.55.63 - - [29/Nov/2024:07:25:32 -0500] "GET /simple/function.php?action=chmod&dir=%2Fhome%2Finsiaiqb%2F.cagefs%2Fopt%2Falt%2Fphp80%2Fvar%2Flib%2Fphp%2Fsession&item=sess_l9u8gmcbt9tusphqiekvvlemsl HTTP/1.1" 200 141920 "-" "Mozilla/5.0 AppleWebKit/537.36 (KHTML, like Gecko; compatible; ClaudeBot/1.0; +claudebot@anthropic.com)"
18.224.55.63 - - [29/Nov/2024:07:25:33 -0500] "GET /simple/function.php?action=rename&dir=%2Fhome%2Finsiaiqb%2F.cagefs%2Fopt%2Falt%2Fphp80%2Fvar%2Flib%2Fphp%2Fsession&item=sess_9468facb881abqfiefqr8ia0os HTTP/1.1" 200 137606 "-" "Mozilla/5.0 AppleWebKit/537.36 (KHTML, like Gecko; compatible; ClaudeBot/1.0; +claudebot@anthropic.com)"
18.224.55.63 - - [29/Nov/2024:07:25:33 -0500] "GET /simple/function.php?action=rename&dir=%2Fhome%2Finsiaiqb%2F.cagefs%2Fopt%2Falt%2Fphp80%2Fvar%2Flib%2Fphp%2Fsession&item=sess_kaifup7vak1blpt2802ujstkuj HTTP/1.1" 200 138127 "-" "Mozilla/5.0 AppleWebKit/537.36 (KHTML, like Gecko; compatible; ClaudeBot/1.0; +claudebot@anthropic.com)"
3.144.47.115 - - [29/Nov/2024:07:25:33 -0500] "GET /simple/function.php?action=edit&dir=%2Fhome%2Finsiaiqb%2F.cagefs%2Fopt%2Falt%2Fphp80%2Fvar%2Flib%2Fphp%2Fsession&item=sess_40slss9ct860iqk5p0jt849aak HTTP/1.1" 200 142901 "-" "Mozilla/5.0 AppleWebKit/537.36 (KHTML, like Gecko; compatible; ClaudeBot/1.0; +claudebot@anthropic.com)"
136.243.220.210 - - [29/Nov/2024:07:25:33 -0500] "GET /product/kwrvy220/44607?keyword=adviser HTTP/1.1" 404 1251 "-" "Mozilla/5.0 (compatible; DataForSeoBot/1.0; +https://dataforseo.com/dataforseo-bot)"
3.144.47.115 - - [29/Nov/2024:07:25:33 -0500] "GET /simple/function.php?action=chmod&dir=%2Fhome%2Finsiaiqb%2F.cagefs%2Fopt%2Falt%2Fphp80%2Fvar%2Flib%2Fphp%2Fsession&item=sess_v30s9ruou6h6754btp5grn7d17 HTTP/1.1" 200 141677 "-" "Mozilla/5.0 AppleWebKit/537.36 (KHTML, like Gecko; compatible; ClaudeBot/1.0; +claudebot@anthropic.com)"
3.144.47.115 - - [29/Nov/2024:07:25:33 -0500] "GET /simple/function.php?action=rename&dir=%2Fhome%2Finsiaiqb%2F.cagefs%2Fopt%2Falt%2Fphp80%2Fvar%2Flib%2Fphp%2Fsession&item=sess_l95e0k5249tsivai6qg3q68p9c HTTP/1.1" 200 133002 "-" "Mozilla/5.0 AppleWebKit/537.36 (KHTML, like Gecko; compatible; ClaudeBot/1.0; +claudebot@anthropic.com)"
18.220.112.210 - - [29/Nov/2024:07:25:34 -0500] "GET /simple/function.php?action=edit&dir=%2Fhome%2Finsiaiqb%2F.cagefs%2Fopt%2Falt%2Fphp80%2Fvar%2Flib%2Fphp%2Fsession&item=sess_oc82l67asir9ukeo2aqqb5mv82 HTTP/1.1" 200 134423 "-" "Mozilla/5.0 AppleWebKit/537.36 (KHTML, like Gecko; compatible; ClaudeBot/1.0; +claudebot@anthropic.com)"
18.220.112.210 - - [29/Nov/2024:07:25:34 -0500] "GET /simple/function.php?action=edit&dir=%2Fhome%2Finsiaiqb%2F.cagefs%2Fopt%2Falt%2Fphp80%2Fvar%2Flib%2Fphp%2Fsession&item=sess_323f6jubp1v41bjqepcs75mg6n HTTP/1.1" 200 137013 "-" "Mozilla/5.0 AppleWebKit/537.36 (KHTML, like Gecko; compatible; ClaudeBot/1.0; +claudebot@anthropic.com)"
18.220.112.210 - - [29/Nov/2024:07:25:34 -0500] "GET /simple/function.php?action=edit&dir=%2Fhome%2Finsiaiqb%2F.cagefs%2Fopt%2Falt%2Fphp80%2Fvar%2Flib%2Fphp%2Fsession&item=sess_ho4qistms8vmcdut9h58u7khhb HTTP/1.1" 200 144376 "-" "Mozilla/5.0 AppleWebKit/537.36 (KHTML, like Gecko; compatible; ClaudeBot/1.0; +claudebot@anthropic.com)"
18.220.112.210 - - [29/Nov/2024:07:25:34 -0500] "GET /simple/function.php?action=edit&dir=%2Fhome%2Finsiaiqb%2F.cagefs%2Fopt%2Falt%2Fphp80%2Fvar%2Flib%2Fphp%2Fsession&item=sess_vvplmt8vh816ho5e5tjdsgich1 HTTP/1.1" 200 138628 "-" "Mozilla/5.0 AppleWebKit/537.36 (KHTML, like Gecko; compatible; ClaudeBot/1.0; +claudebot@anthropic.com)"
18.220.112.210 - - [29/Nov/2024:07:25:34 -0500] "GET /simple/function.php?action=rename&dir=%2Fhome%2Finsiaiqb%2F.cagefs%2Fopt%2Falt%2Fphp80%2Fvar%2Flib%2Fphp%2Fsession&item=sess_sjjtcsod26s7giu32flrk4umr8 HTTP/1.1" 200 138168 "-" "Mozilla/5.0 AppleWebKit/537.36 (KHTML, like Gecko; compatible; ClaudeBot/1.0; +claudebot@anthropic.com)"
18.118.0.48 - - [29/Nov/2024:07:25:34 -0500] "GET /simple/function.php?dir=%2F%2Fproc%2Fthread-self%2Froot%2Fproc%2F2127558 HTTP/1.1" 200 2166 "-" "Mozilla/5.0 AppleWebKit/537.36 (KHTML, like Gecko; compatible; ClaudeBot/1.0; +claudebot@anthropic.com)"
3.133.157.231 - - [29/Nov/2024:07:25:34 -0500] "GET /simple/function.php?action=chmod&dir=%2F%2Fproc%2Fself%2Froot%2Fproc%2Fthread-self%2Froot%2Fproc&item=2157836 HTTP/1.1" 200 5419 "-" "Mozilla/5.0 AppleWebKit/537.36 (KHTML, like Gecko; compatible; ClaudeBot/1.0; +claudebot@anthropic.com)"
3.136.22.184 - - [29/Nov/2024:07:25:34 -0500] "GET /simple/function.php?action=chmod&dir=%2F%2Fproc&item=2114554 HTTP/1.1" 200 5371 "-" "Mozilla/5.0 AppleWebKit/537.36 (KHTML, like Gecko; compatible; ClaudeBot/1.0; +claudebot@anthropic.com)"
3.136.22.184 - - [29/Nov/2024:07:25:34 -0500] "GET /simple/function.php?action=chmod&dir=%2F%2Fproc%2Fself%2Froot%2Fproc&item=2110958 HTTP/1.1" 200 5352 "-" "Mozilla/5.0 AppleWebKit/537.36 (KHTML, like Gecko; compatible; ClaudeBot/1.0; +claudebot@anthropic.com)"
3.136.22.184 - - [29/Nov/2024:07:25:35 -0500] "GET /simple/function.php?action=chmod&dir=%2F%2Fproc%2Fself%2Froot%2Fproc%2Fthread-self%2Froot%2Fproc&item=2014814 HTTP/1.1" 200 5400 "-" "Mozilla/5.0 AppleWebKit/537.36 (KHTML, like Gecko; compatible; ClaudeBot/1.0; +claudebot@anthropic.com)"
3.93.211.16 - - [29/Nov/2024:07:25:35 -0500] "GET /simple/function.php?action=chmod&dir=//opt/alt/php80/var/lib/php/session&item=sess_eq7ssc77i1fsc97d67m14m05kg HTTP/1.1" 200 178662 "-" "Mozilla/5.0 (Macintosh; Intel Mac OS X 10_10_1) AppleWebKit/600.2.5 (KHTML, like Gecko) Version/8.0.2 Safari/600.2.5 (Amazonbot/0.1; +https://developer.amazon.com/support/amazonbot)"
3.136.22.184 - - [29/Nov/2024:07:25:35 -0500] "GET /simple/function.php?action=rename&dir=%2F%2Fproc%2Fself%2Froot%2Fproc%2Fthread-self%2Froot%2Fproc&item=2014480 HTTP/1.1" 200 5289 "-" "Mozilla/5.0 AppleWebKit/537.36 (KHTML, like Gecko; compatible; ClaudeBot/1.0; +claudebot@anthropic.com)"
3.136.22.184 - - [29/Nov/2024:07:25:35 -0500] "GET /simple/function.php?action=view&dir=%2Fhome%2Finsiaiqb%2F.cagefs%2Fopt%2Falt%2Fphp80%2Fvar%2Flib%2Fphp%2Fsession&item=sess_h229nspdalt9c5db4pb382tbl4 HTTP/1.1" 200 141816 "-" "Mozilla/5.0 AppleWebKit/537.36 (KHTML, like Gecko; compatible; ClaudeBot/1.0; +claudebot@anthropic.com)"
3.136.22.184 - - [29/Nov/2024:07:25:35 -0500] "GET /simple/function.php?action=edit&dir=%2Fhome%2Finsiaiqb%2F.cagefs%2Fopt%2Falt%2Fphp80%2Fvar%2Flib%2Fphp%2Fsession&item=sess_541stff7k5ejc6u3du71uokkiq HTTP/1.1" 200 140546 "-" "Mozilla/5.0 AppleWebKit/537.36 (KHTML, like Gecko; compatible; ClaudeBot/1.0; +claudebot@anthropic.com)"
3.136.22.184 - - [29/Nov/2024:07:25:35 -0500] "GET /simple/function.php?action=edit&dir=%2Fhome%2Finsiaiqb%2F.cagefs%2Fopt%2Falt%2Fphp80%2Fvar%2Flib%2Fphp%2Fsession&item=sess_r75jihroega5un7uc1db79fjj7 HTTP/1.1" 200 144087 "-" "Mozilla/5.0 AppleWebKit/537.36 (KHTML, like Gecko; compatible; ClaudeBot/1.0; +claudebot@anthropic.com)"
3.136.22.184 - - [29/Nov/2024:07:25:36 -0500] "GET /simple/function.php?action=edit&dir=%2Fhome%2Finsiaiqb%2F.cagefs%2Fopt%2Falt%2Fphp80%2Fvar%2Flib%2Fphp%2Fsession&item=sess_e407uk5e8mrv8op4dpr6b8l3ck HTTP/1.1" 200 143978 "-" "Mozilla/5.0 AppleWebKit/537.36 (KHTML, like Gecko; compatible; ClaudeBot/1.0; +claudebot@anthropic.com)"
3.136.22.184 - - [29/Nov/2024:07:25:36 -0500] "GET /simple/function.php?action=edit&dir=%2Fhome%2Finsiaiqb%2F.cagefs%2Fopt%2Falt%2Fphp80%2Fvar%2Flib%2Fphp%2Fsession&item=sess_rankssteo5qk81bh7sg28eug5o HTTP/1.1" 200 144027 "-" "Mozilla/5.0 AppleWebKit/537.36 (KHTML, like Gecko; compatible; ClaudeBot/1.0; +claudebot@anthropic.com)"
3.136.22.184 - - [29/Nov/2024:07:25:36 -0500] "GET /simple/function.php?action=chmod&dir=%2Fhome%2Finsiaiqb%2F.cagefs%2Fopt%2Falt%2Fphp80%2Fvar%2Flib%2Fphp%2Fsession&item=sess_kl0lgtn69kllkjhl6e0pcensvt HTTP/1.1" 200 145709 "-" "Mozilla/5.0 AppleWebKit/537.36 (KHTML, like Gecko; compatible; ClaudeBot/1.0; +claudebot@anthropic.com)"
3.136.22.184 - - [29/Nov/2024:07:25:36 -0500] "GET /simple/function.php?action=chmod&dir=%2Fhome%2Finsiaiqb%2F.cagefs%2Fopt%2Falt%2Fphp80%2Fvar%2Flib%2Fphp%2Fsession&item=sess_d32jhf8vhmivj1ke51cvuc4ee2 HTTP/1.1" 200 138746 "-" "Mozilla/5.0 AppleWebKit/537.36 (KHTML, like Gecko; compatible; ClaudeBot/1.0; +claudebot@anthropic.com)"
3.136.22.184 - - [29/Nov/2024:07:25:37 -0500] "GET /simple/function.php?action=rename&dir=%2Fhome%2Finsiaiqb%2F.cagefs%2Fopt%2Falt%2Fphp80%2Fvar%2Flib%2Fphp%2Fsession&item=sess_0k0it4h8ts0k51bdpdap7f2gro HTTP/1.1" 200 141328 "-" "Mozilla/5.0 AppleWebKit/537.36 (KHTML, like Gecko; compatible; ClaudeBot/1.0; +claudebot@anthropic.com)"
3.136.22.184 - - [29/Nov/2024:07:25:37 -0500] "GET /simple/function.php?action=rename&dir=%2Fhome%2Finsiaiqb%2F.cagefs%2Fopt%2Falt%2Fphp80%2Fvar%2Flib%2Fphp%2Fsession&item=sess_e3qgro0t61e68f6aujki57mi78 HTTP/1.1" 200 137109 "-" "Mozilla/5.0 AppleWebKit/537.36 (KHTML, like Gecko; compatible; ClaudeBot/1.0; +claudebot@anthropic.com)"
136.243.220.210 - - [29/Nov/2024:07:25:38 -0500] "GET /product/vxaa197/4559?keyword=feed HTTP/1.1" 404 1251 "-" "Mozilla/5.0 (compatible; DataForSeoBot/1.0; +https://dataforseo.com/dataforseo-bot)"
3.136.22.184 - - [29/Nov/2024:07:25:37 -0500] "GET /simple/function.php?action=rename&dir=%2Fhome%2Finsiaiqb%2F.cagefs%2Fopt%2Falt%2Fphp80%2Fvar%2Flib%2Fphp%2Fsession&item=sess_9o2pcob1506bh8jc9r90s137v3 HTTP/1.1" 200 142837 "-" "Mozilla/5.0 AppleWebKit/537.36 (KHTML, like Gecko; compatible; ClaudeBot/1.0; +claudebot@anthropic.com)"
13.59.234.182 - - [29/Nov/2024:07:25:38 -0500] "GET /simple/function.php?dir=%2F%2Fproc%2F2065334 HTTP/1.1" 200 2122 "-" "Mozilla/5.0 AppleWebKit/537.36 (KHTML, like Gecko; compatible; ClaudeBot/1.0; +claudebot@anthropic.com)"
13.59.234.182 - - [29/Nov/2024:07:25:38 -0500] "GET /simple/function.php?action=chmod&dir=%2F%2Fproc%2Fself%2Froot%2Fproc%2Fthread-self%2Froot%2Fproc&item=2168509 HTTP/1.1" 200 5370 "-" "Mozilla/5.0 AppleWebKit/537.36 (KHTML, like Gecko; compatible; ClaudeBot/1.0; +claudebot@anthropic.com)"
13.59.234.182 - - [29/Nov/2024:07:25:38 -0500] "GET /simple/function.php?action=edit&dir=%2Fhome%2Finsiaiqb%2F.cagefs%2Fopt%2Falt%2Fphp80%2Fvar%2Flib%2Fphp%2Fsession&item=sess_6n5tf8a239tbm9rsb02dk51q54 HTTP/1.1" 200 138784 "-" "Mozilla/5.0 AppleWebKit/537.36 (KHTML, like Gecko; compatible; ClaudeBot/1.0; +claudebot@anthropic.com)"
13.59.234.182 - - [29/Nov/2024:07:25:39 -0500] "GET /simple/function.php?action=view&dir=%2Fhome%2Finsiaiqb%2F.cagefs%2Fopt%2Falt%2Fphp80%2Fvar%2Flib%2Fphp%2Fsession&item=sess_8sfgij5bfsq42de6q13factihq HTTP/1.1" 200 137130 "-" "Mozilla/5.0 AppleWebKit/537.36 (KHTML, like Gecko; compatible; ClaudeBot/1.0; +claudebot@anthropic.com)"
13.59.234.182 - - [29/Nov/2024:07:25:39 -0500] "GET /simple/function.php?action=edit&dir=%2Fhome%2Finsiaiqb%2F.cagefs%2Fopt%2Falt%2Fphp80%2Fvar%2Flib%2Fphp%2Fsession&item=sess_nmm5t6jqp870evi41jmlqd0gsd HTTP/1.1" 200 139875 "-" "Mozilla/5.0 AppleWebKit/537.36 (KHTML, like Gecko; compatible; ClaudeBot/1.0; +claudebot@anthropic.com)"
13.59.234.182 - - [29/Nov/2024:07:25:39 -0500] "GET /simple/function.php?action=edit&dir=%2Fhome%2Finsiaiqb%2F.cagefs%2Fopt%2Falt%2Fphp80%2Fvar%2Flib%2Fphp%2Fsession&item=sess_fo951mf90vgl7h4jqdal47ksa0 HTTP/1.1" 200 131840 "-" "Mozilla/5.0 AppleWebKit/537.36 (KHTML, like Gecko; compatible; ClaudeBot/1.0; +claudebot@anthropic.com)"
100.28.44.58 - - [29/Nov/2024:07:25:39 -0500] "GET /simple/function.php?action=chmod&dir=//opt/alt/php80/var/lib/php/session&item=sess_f157lvl20ovm39fredbv300kdi HTTP/1.1" 200 164118 "-" "Mozilla/5.0 (Macintosh; Intel Mac OS X 10_10_1) AppleWebKit/600.2.5 (KHTML, like Gecko) Version/8.0.2 Safari/600.2.5 (Amazonbot/0.1; +https://developer.amazon.com/support/amazonbot)"
13.59.234.182 - - [29/Nov/2024:07:25:39 -0500] "GET /simple/function.php?action=edit&dir=%2Fhome%2Finsiaiqb%2F.cagefs%2Fopt%2Falt%2Fphp80%2Fvar%2Flib%2Fphp%2Fsession&item=sess_qadvaqetl54lb8tbsedqeedrhj HTTP/1.1" 200 137242 "-" "Mozilla/5.0 AppleWebKit/537.36 (KHTML, like Gecko; compatible; ClaudeBot/1.0; +claudebot@anthropic.com)"
13.59.234.182 - - [29/Nov/2024:07:25:39 -0500] "GET /simple/function.php?action=edit&dir=%2Fhome%2Finsiaiqb%2F.cagefs%2Fopt%2Falt%2Fphp80%2Fvar%2Flib%2Fphp%2Fsession&item=sess_q0mbvemf29n7lo2t2f6pcq9dt9 HTTP/1.1" 200 136924 "-" "Mozilla/5.0 AppleWebKit/537.36 (KHTML, like Gecko; compatible; ClaudeBot/1.0; +claudebot@anthropic.com)"
13.59.234.182 - - [29/Nov/2024:07:25:40 -0500] "GET /simple/function.php?action=chmod&dir=%2Fhome%2Finsiaiqb%2F.cagefs%2Fopt%2Falt%2Fphp80%2Fvar%2Flib%2Fphp%2Fsession&item=sess_8jihmir0lf8tbi9vjcvr469v9s HTTP/1.1" 200 143568 "-" "Mozilla/5.0 AppleWebKit/537.36 (KHTML, like Gecko; compatible; ClaudeBot/1.0; +claudebot@anthropic.com)"
13.59.234.182 - - [29/Nov/2024:07:25:40 -0500] "GET /simple/function.php?action=rename&dir=%2Fhome%2Finsiaiqb%2F.cagefs%2Fopt%2Falt%2Fphp80%2Fvar%2Flib%2Fphp%2Fsession&item=sess_5596im35m68ujkn5ca6bpcjep9 HTTP/1.1" 200 136460 "-" "Mozilla/5.0 AppleWebKit/537.36 (KHTML, like Gecko; compatible; ClaudeBot/1.0; +claudebot@anthropic.com)"
13.59.234.182 - - [29/Nov/2024:07:25:40 -0500] "GET /simple/function.php?action=rename&dir=%2Fhome%2Finsiaiqb%2F.cagefs%2Fopt%2Falt%2Fphp80%2Fvar%2Flib%2Fphp%2Fsession&item=sess_7usb1o3dqibds3gkrv8ichdjtb HTTP/1.1" 200 136726 "-" "Mozilla/5.0 AppleWebKit/537.36 (KHTML, like Gecko; compatible; ClaudeBot/1.0; +claudebot@anthropic.com)"
3.149.235.171 - - [29/Nov/2024:07:25:40 -0500] "GET /simple/function.php?dir=%2F%2Fproc%2F2099681 HTTP/1.1" 200 2121 "-" "Mozilla/5.0 AppleWebKit/537.36 (KHTML, like Gecko; compatible; ClaudeBot/1.0; +claudebot@anthropic.com)"
3.149.235.171 - - [29/Nov/2024:07:25:40 -0500] "GET /simple/function.php?action=chmod&dir=%2F%2Fproc&item=2161305 HTTP/1.1" 200 5301 "-" "Mozilla/5.0 AppleWebKit/537.36 (KHTML, like Gecko; compatible; ClaudeBot/1.0; +claudebot@anthropic.com)"
3.149.235.171 - - [29/Nov/2024:07:25:41 -0500] "GET /simple/function.php?action=rename&dir=%2F%2Fproc%2Fself%2Froot%2Fproc&item=2154574 HTTP/1.1" 200 5388 "-" "Mozilla/5.0 AppleWebKit/537.36 (KHTML, like Gecko; compatible; ClaudeBot/1.0; +claudebot@anthropic.com)"
